000
CXUS52 KJAX 012020
CF6AMG
PRELIMINARY LOCAL CLIMATOLOGICAL DATA (WS FORM: F-6)
STATION: ALMA
MONTH: NOVEMBER
YEAR: 2023
LATITUDE: 31 32 N
LONGITUDE: 82 30 W
TEMPERATURE IN F: :PCPN: SNOW: WIND :SUNSHINE: SKY :PK WND
================================================================================
1 2 3 4 5 6A 6B 7 8 9 10 11 12 13 14 15 16 17 18
12Z AVG MX 2MIN
DY MAX MIN AVG DEP HDD CDD WTR SNW DPTH SPD SPD DIR MIN PSBL S-S WX SPD DR
================================================================================
1 62 39 51 -12 14 0 0.00 0.0 0 8.5 16 350 M M 3 25 340
2 66 36 51 -12 14 0 0.00 0.0 0 3.4 10 10 M M 0 20 50
3 74 45 60 -2 5 0 0.00 0.0 0 2.3 10 10 M M 5 18 60
4 76 47 62 0 3 0 0.00 0.0 0 3.3 14 340 M M 1 21 350
5 80 42 61 -1 4 0 0.00 0.0 0 2.7 13 300 M M 0 1 17 300
6 80 44 62 1 3 0 0.00 0.0 0 0.3 7 160 M M 0 1 10 100
7 83 48 66 5 0 1 0.00 0.0 0 1.4 10 240 M M 0 1 15 270
8 83 49 66 5 0 1 0.00 0.0 0 1.6 8 180 M M 0 1 11 180
9 79 50 65 5 0 0 0.00 0.0 0 2.1 10 210 M M 1 12 16 260
10 85 55 70 10 0 5 0.00 0.0 0 1.5 12 300 M M 6 1 17 310
11 70 54 62 2 3 0 0.03 0.0 0 4.3 10 360 M M 10 1 16 10
12 60 53 57 -3 8 0 0.00 0.0 0 4.3 12 350 M M 10 1 16 20
13 67 52 60 1 5 0 0.00 0.0 0 3.2 10 360 M M 6 15 40
14 66 52 59 0 6 0 0.00 0.0 0 3.9 10 60 M M 3 1 17 70
15 65 57 61 2 4 0 0.03 0.0 0 5.2 9 50 M M 10 20 40
16 68 58 63 4 2 0 0.20 0.0 0 4.7 10 350 M M 8 1 19 30
17 74 64 69 11 0 4 0.00 0.0 0 4.4 9 340 M M 10 1 14 80
18 81 58 70 12 0 5 0.00 0.0 0 4.8 13 310 M M 4 19 340
19 80 52 66 8 0 1 0.00 0.0 0 3.6 9 110 M M 2 14 120
20 79 53 66 8 0 1 0.00 0.0 0 5.4 16 110 M M 5 12 22 90
21 78 65 72 14 0 7 T 0.0 0 6.6 20 160 M M 8 30 180
22 70 50 60 3 5 0 0.29 0.0 0 8.1 20 300 M M 6 1 27 280
23 63 42 53 -4 12 0 0.00 0.0 0 1.8 9 350 M M 1 13 340
24 66 47 57 0 8 0 0.03 0.0 0 1.6 8 210 M M 4 1 11 240
25 70 42 56 -1 9 0 0.00 0.0 0 2.6 9 50 M M 2 1 15 40
26 53 49 51 -5 14 0 0.46 0.0 0 4.1 10 320 M M 7 1 14 70
27 61 45 53 -3 12 0 0.01 0.0 0 7.3 16 300 M M 4 1 22 300
28 59 36 48 -8 17 0 0.00 0.0 0 7.1 17 330 M M 0 25 320
29 59 28 44 -12 21 0 0.00 0.0 0 2.2 8 320 M M 0 11 340
30 66 30 48 -8 17 0 0.00 0.0 0 2.9 12 120 M M 0 1 17 130
================================================================================
SM 2123 1442 186 25 1.05 0.0 115.2 M 116
================================================================================
AV 70.8 48.1 3.8 FASTST M M 4 MAX(MPH)
MISC ----> # 20 160 30 180
================================================================================
NOTES:
# LAST OF SEVERAL OCCURRENCES
COLUMN 17 PEAK WIND IN M.P.H.
PRELIMINARY LOCAL CLIMATOLOGICAL DATA (WS FORM: F-6) , PAGE 2
STATION: ALMA
MONTH: NOVEMBER
YEAR: 2023
LATITUDE: 31 32 N
LONGITUDE: 82 30 W
[TEMPERATURE DATA] [PRECIPITATION DATA] SYMBOLS USED IN COLUMN 16
AVERAGE MONTHLY: 59.4 TOTAL FOR MONTH: 1.05 1 = FOG OR MIST
DPTR FM NORMAL: 0.4 DPTR FM NORMAL: -1.16 2 = FOG REDUCING VISIBILITY
HIGHEST: 85 ON 10 GRTST 24HR 0.46 ON 26-26 TO 1/4 MILE OR LESS
LOWEST: 28 ON 29 3 = THUNDER
SNOW, ICE PELLETS, HAIL 4 = ICE PELLETS
TOTAL MONTH: 0.0 INCH 5 = HAIL
GRTST 24HR 0.0 6 = FREEZING RAIN OR DRIZZLE
GRTST DEPTH: 0 7 = DUSTSTORM OR SANDSTORM:
VSBY 1/2 MILE OR LESS
8 = SMOKE OR HAZE
[NO. OF DAYS WITH] [WEATHER - DAYS WITH] 9 = BLOWING SNOW
X = TORNADO
MAX 32 OR BELOW: 0 0.01 INCH OR MORE: 7
MAX 90 OR ABOVE: 0 0.10 INCH OR MORE: 3
MIN 32 OR BELOW: 2 0.50 INCH OR MORE: 0
MIN 0 OR BELOW: 0 1.00 INCH OR MORE: 0
[HDD (BASE 65) ]
TOTAL THIS MO. 186 CLEAR (SCALE 0-3) 14
DPTR FM NORMAL -28 PTCLDY (SCALE 4-7) 11
TOTAL FM JUL 1 212 CLOUDY (SCALE 8-10) 5
DPTR FM NORMAL -49
[CDD (BASE 65) ]
TOTAL THIS MO. 25
DPTR FM NORMAL -9 [PRESSURE DATA]
TOTAL FM JAN 1 2798 HIGHEST SLP 30.45 ON 2
DPTR FM NORMAL 267 LOWEST SLP 29.75 ON 18
[REMARKS]
#FINAL-11-23#