000
CXUS52 KJAX 011020
CF6AMG
PRELIMINARY LOCAL CLIMATOLOGICAL DATA (WS FORM: F-6)
STATION: ALMA
MONTH: AUGUST
YEAR: 2023
LATITUDE: 31 32 N
LONGITUDE: 82 30 W
TEMPERATURE IN F: :PCPN: SNOW: WIND :SUNSHINE: SKY :PK WND
================================================================================
1 2 3 4 5 6A 6B 7 8 9 10 11 12 13 14 15 16 17 18
12Z AVG MX 2MIN
DY MAX MIN AVG DEP HDD CDD WTR SNW DPTH SPD SPD DIR MIN PSBL S-S WX SPD DR
================================================================================
1 95 73 84 1 0 19 0.95 0.0 0 3.9 35 330 M M 3 13 50 320
2 93 74 84 1 0 19 0.00 0.0 0 3.7 13 130 M M 1 1 21 100
3 93 73 83 0 0 18 0.32 0.0 0 3.1 13 360 M M 1 13 23 340
4 87 76 82 -1 0 17 2.61 0.0 0 3.8 14 260 M M 6 13 23 270
5 89 75 82 0 0 17 T 0.0 0 2.0 10 310 M M 5 13 14 320
6 96 74 85 3 0 20 0.49 0.0 0 3.2 28 330 M M 2 123 45 330
7 97 74 86 4 0 21 0.00 0.0 0 4.7 13 210 M M 2 13 20 210
8 97 75 86 4 0 21 0.04 0.0 0 5.4 38 320 M M 2 13 59 310
9 94 74 84 2 0 19 0.00 0.0 0 4.6 13 300 M M 2 19 330
10 95 79 87 5 0 22 0.00 0.0 0 7.2 17 300 M M 2 28 290
11 96 77 87 5 0 22 0.00 0.0 0 4.0 13 230 M M 2 13 22 240
12 98 74 86 4 0 21 0.00 0.0 0 3.2 10 340 M M 1 18 340
13 100 76 88 6 0 23 0.00 0.0 0 2.1 9 150 M M 0 14 130
14 101 75 88 6 0 23 2.11 0.0 0 4.1 24 160 M M 2 13 32 160
15 97 73 85 3 0 20 0.08 0.0 0 5.9 25 200 M M 2 13 41 330
16 92 74 83 1 0 18 0.49 0.0 0 2.2 18 200 M M 3 13 27 190
17 93 74 84 2 0 19 0.00 0.0 0 2.3 10 280 M M 5 14 280
18 96 72 84 2 0 19 0.00 0.0 0 2.0 10 330 M M 1 1 15 260
19 96 73 85 3 0 20 0.00 0.0 0 1.6 7 120 M M 1 1 13 90
20 93 76 85 3 0 20 0.03 0.0 0 3.2 15 130 M M 2 1 20 140
21 97 74 86 4 0 21 0.00 0.0 0 1.1 7 120 M M 1 1 12 80
22 98 76 87 6 0 22 0.00 0.0 0 1.4 10 350 M M 1 1 16 10
23 95 76 86 5 0 21 0.00 0.0 0 3.1 15 100 M M 4 13 24 100
24 94 69 82 1 0 17 0.00 0.0 0 1.7 8 100 M M 1 1 14 30
25 97 72 85 4 0 20 0.01 0.0 0 3.4 20 310 M M 1 13 38 10
26 97 73 85 4 0 20 0.00 0.0 0 2.4 10 150 M M 0 13 150
27 95 75 85 4 0 20 0.00 0.0 0 3.5 12 130 M M 1 20 130
28 97 73 85 4 0 20 0.00 0.0 0 3.2 14 120 M M 1 21 110
29 93 76 85 4 0 20 2.12 0.0 0 2.2 17 120 M M 4 13 24 110
30 79 76 78 -2 0 13 5.81 0.0 0 10.5 33 320 M M 8 13 56 310
31 93 72 83 3 0 18 0.00 0.0 0 2.8 9 130 M M 2 3 16 140
================================================================================
SM 2933 2303 0 610 15.06 0.0 107.5 M 69
================================================================================
AV 94.6 74.3 3.5 FASTST M M 2 MAX(MPH)
MISC ----> 38 320 59 310
================================================================================
NOTES:
# LAST OF SEVERAL OCCURRENCES
COLUMN 17 PEAK WIND IN M.P.H.
PRELIMINARY LOCAL CLIMATOLOGICAL DATA (WS FORM: F-6) , PAGE 2
STATION: ALMA
MONTH: AUGUST
YEAR: 2023
LATITUDE: 31 32 N
LONGITUDE: 82 30 W
[TEMPERATURE DATA] [PRECIPITATION DATA] SYMBOLS USED IN COLUMN 16
AVERAGE MONTHLY: 84.5 TOTAL FOR MONTH: 15.06 1 = FOG OR MIST
DPTR FM NORMAL: 2.8 DPTR FM NORMAL: 9.69 2 = FOG REDUCING VISIBILITY
HIGHEST: 101 ON 14 GRTST 24HR 6.10 ON 29-30 TO 1/4 MILE OR LESS
LOWEST: 69 ON 24 3 = THUNDER
SNOW, ICE PELLETS, HAIL 4 = ICE PELLETS
TOTAL MONTH: 0.0 INCH 5 = HAIL
GRTST 24HR 0.0 6 = FREEZING RAIN OR DRIZZLE
GRTST DEPTH: 0 7 = DUSTSTORM OR SANDSTORM:
VSBY 1/2 MILE OR LESS
8 = SMOKE OR HAZE
[NO. OF DAYS WITH] [WEATHER - DAYS WITH] 9 = BLOWING SNOW
X = TORNADO
MAX 32 OR BELOW: 0 0.01 INCH OR MORE: 12
MAX 90 OR ABOVE: 28 0.10 INCH OR MORE: 8
MIN 32 OR BELOW: 0 0.50 INCH OR MORE: 5
MIN 0 OR BELOW: 0 1.00 INCH OR MORE: 4
[HDD (BASE 65) ]
TOTAL THIS MO. 0 CLEAR (SCALE 0-3) 23
DPTR FM NORMAL 0 PTCLDY (SCALE 4-7) 8
TOTAL FM JUL 1 0 CLOUDY (SCALE 8-10) 0
DPTR FM NORMAL 0
[CDD (BASE 65) ]
TOTAL THIS MO. 610
DPTR FM NORMAL 91 [PRESSURE DATA]
TOTAL FM JAN 1 2234 HIGHEST SLP 30.15 ON 21
DPTR FM NORMAL 272 LOWEST SLP 29.07 ON 30
[REMARKS]
#FINAL-08-23#