000
CXUS53 KDMX 170126
CF6AMW
PRELIMINARY LOCAL CLIMATOLOGICAL DATA (WS FORM: F-6)
STATION: AMES IA
MONTH: MARCH
YEAR: 2021
LATITUDE: 41 59 N
LONGITUDE: 93 37 W
TEMPERATURE IN F: :PCPN: SNOW: WIND :SUNSHINE: SKY :PK WND
================================================================================
1 2 3 4 5 6A 6B 7 8 9 10 11 12 13 14 15 16 17 18
12Z AVG MX 2MIN
DY MAX MIN AVG DEP HDD CDD WTR SNW DPTH SPD SPD DIR MIN PSBL S-S WX SPD DR
================================================================================
1 33 19 26 -4 39 0 0.00 0.0 M 5.3 20 20 M M 2 24 20
2 52 21 37 7 28 0 0.00 0.0 M 12.0 24 210 M M 0 31 210
3 59 26 43 12 22 0 0.00 0.0 M 2.9 12 260 M M 0 1 14 250
4 49 26 38 7 27 0 0.00 0.0 M 7.5 20 90 M M 0 18 28 100
5 48 25 37 5 28 0 0.00 0.0 M 4.5 12 110 M M 5 15 140
6 55 26 41 9 24 0 0.00 0.0 M 4.9 12 120 M M 2 18 16 130
7 66 32 49 16 16 0 0.00 0.0 M 11.8 30 210 M M 0 38 210
8 66 33 50 17 15 0 0.00 0.0 M 6.5 14 230 M M 0 19 190
9 71 41 56 22 9 0 0.00 0.0 M 12.8 26 190 M M 3 36 190
10 73 34 54 20 11 0 0.09 0.0 M 18.0 37 270 M M 8 13 51 260
11 55 28 42 7 23 0 0.00 0.0 M 10.0 22 300 M M 4 32 300
12 51 27 39 4 26 0 0.00 0.0 M 3.9 14 40 M M 0 18 40
13 60 27 44 8 21 0 0.00 0.0 M 5.8 15 130 M M 1 18 24 160
14 48 35 42 6 23 0 0.45 0.0 M 12.6 25 90 M M 10 39 110
15 35 32 34 -2 31 0 0.52 M M 12.7 22 100 M M 10 1 32 100
16 44 32 38 1 27 0 0.00 0.0 M 7.3 14 80 M M 10 18 20 80
17 40 33 37 0 28 0 0.00 0.0 M 13.3 24 10 M M 8 18 33 20
18 50 31 41 3 24 0 0.00 0.0 M 16.1 24 20 M M 0 35 30
19 54 24 39 1 26 0 0.00 0.0 M 6.8 15 130 M M 0 21 140
20 62 23 43 4 22 0 0.00 0.0 M 12.0 24 160 M M 0 32 160
21 67 38 53 14 12 0 0.00 0.0 M 17.5 32 180 M M 2 44 180
22 57 43 50 10 15 0 0.05 0.0 M 8.1 10 50 M M 9 M M
23 56 47 52 12 13 0 1.31 0.0 M 10.5 20 100 M M 10 1 30 110
24 49 41 45 4 20 0 0.16 0.0 M 13.0 24 310 M M 10 1 32 320
25 45 40 43 2 22 0 0.01 0.0 M 4.0 13 40 M M 10 17 40
26 52 36 44 2 21 0 0.00 0.0 M 5.1 12 120 M M 10 1 16 130
27 53 39 46 4 19 0 0.04 0.0 M 12.4 23 330 M M 10 1 34 310
28 51 34 43 1 22 0 0.00 0.0 M 12.7 28 320 M M 1 39 330
29 76 36 56 13 9 0 0.00 0.0 M 19.4 30 200 M M 0 53 200
30 58 29 44 1 21 0 0.00 0.0 M 17.9 29 310 M M 4 39 310
31 42 23 33 -11 32 0 0.00 0.0 M 15.3 31 330 M M 1 46 300
================================================================================
SM 1677 981 676 0 2.63 0.0 322.6 M 130
================================================================================
AV 54.1 31.6 10.4 FASTST M M 4 MAX(MPH)
MISC ----> 37 270 53 200
================================================================================
NOTES:
# LAST OF SEVERAL OCCURRENCES
COLUMN 17 PEAK WIND IN M.P.H.
PRELIMINARY LOCAL CLIMATOLOGICAL DATA (WS FORM: F-6) , PAGE 2
STATION: AMES IA
MONTH: MARCH
YEAR: 2021
LATITUDE: 41 59 N
LONGITUDE: 93 37 W
[TEMPERATURE DATA] [PRECIPITATION DATA] SYMBOLS USED IN COLUMN 16
AVERAGE MONTHLY: 42.9 TOTAL FOR MONTH: 2.63 1 = FOG OR MIST
DPTR FM NORMAL: 6.0 DPTR FM NORMAL: 0.53 2 = FOG REDUCING VISIBILITY
HIGHEST: 76 ON 29 GRTST 24HR 1.31 ON 23-23 TO 1/4 MILE OR LESS
LOWEST: 19 ON 1 3 = THUNDER
SNOW, ICE PELLETS, HAIL 4 = ICE PELLETS
TOTAL MONTH: 0.0 INCH 5 = HAIL
GRTST 24HR 0.0 6 = FREEZING RAIN OR DRIZZLE
GRTST DEPTH: M ON M 7 = DUSTSTORM OR SANDSTORM:
VSBY 1/2 MILE OR LESS
8 = SMOKE OR HAZE
[NO. OF DAYS WITH] [WEATHER - DAYS WITH] 9 = BLOWING SNOW
X = TORNADO
MAX 32 OR BELOW: 0 0.01 INCH OR MORE: 8
MAX 90 OR ABOVE: 0 0.10 INCH OR MORE: 4
MIN 32 OR BELOW: 17 0.50 INCH OR MORE: 2
MIN 0 OR BELOW: 0 1.00 INCH OR MORE: 1
[HDD (BASE 65) ]
TOTAL THIS MO. 676 CLEAR (SCALE 0-3) 17
DPTR FM NORMAL -195 PTCLDY (SCALE 4-7) 5
TOTAL FM JUL 1 6017 CLOUDY (SCALE 8-10) 9
DPTR FM NORMAL -139
[CDD (BASE 65) ]
TOTAL THIS MO. 0
DPTR FM NORMAL 0 [PRESSURE DATA]
TOTAL FM JAN 1 0 HIGHEST SLP 30.55 ON 19
DPTR FM NORMAL 0 LOWEST SLP 29.42 ON 24
[REMARKS]
#FINAL-03-21#