000
CXUS54 KBMX 011110
CF6ANB
PRELIMINARY LOCAL CLIMATOLOGICAL DATA (WS FORM: F-6)
STATION: ANNISTON
MONTH: NOVEMBER
YEAR: 2023
LATITUDE: 33 35 N
LONGITUDE: 85 51 W
TEMPERATURE IN F: :PCPN: SNOW: WIND :SUNSHINE: SKY :PK WND
================================================================================
1 2 3 4 5 6A 6B 7 8 9 10 11 12 13 14 15 16 17 18
12Z AVG MX 2MIN
DY MAX MIN AVG DEP HDD CDD WTR SNW DPTH SPD SPD DIR MIN PSBL S-S WX SPD DR
================================================================================
1 55 30 43 -15 22 0 0.00 0.0 0 7.5 17 10 M M 0 28 10
2 61 26 44 -13 21 0 0.00 0.0 M 3.7 12 70 M M 0 17 70
3 70 36 53 -4 12 0 0.00 0.0 0 4.1 10 80 M M 0 16 120
4 74 37 56 -1 9 0 0.00 0.0 0 2.2 10 250 M M 0 17 270
5 76 37 57 1 8 0 0.00 0.0 0 1.5 13 350 M M 0 20 360
6 77 42 60 4 5 0 0.00 0.0 M 1.4 12 260 M M 0 16 260
7 82 43 63 7 2 0 0.00 0.0 M 2.6 13 240 M M 0 8 20 260
8 81 47 64 9 1 0 0.00 0.0 0 2.5 16 240 M M 1 1 22 250
9 79 54 67 12 0 2 0.00 0.0 0 3.0 12 240 M M 2 1 16 240
10 65 53 59 4 6 0 0.12 0.0 0 3.8 13 30 M M 7 1 18 20
11 55 51 53 -1 12 0 0.26 0.0 0 7.6 14 60 M M 10 1 20 50
12 61 48 55 1 10 0 0.00 0.0 0 6.4 14 90 M M 9 20 100
13 69 49 59 5 6 0 0.00 0.0 0 3.0 10 60 M M 3 14 50
14 71 50 61 8 4 0 0.02 M M 6.0 14 100 M M 1 28 100
15 63 49 56 3 9 0 0.11 0.0 0 7.1 13 60 M M 7 18 80
16 75 53 64 11 1 0 0.00 0.0 0 7.3 16 140 M M 5 25 130
17 76 55 66 13 0 1 0.00 0.0 0 2.9 8 270 M M 4 12 260
18 71 46 59 7 6 0 0.00 0.0 0 5.3 15 360 M M 4 23 350
19 73 35 54 2 11 0 0.00 0.0 0 3.2 10 50 M M 0 12 14 60
20 73 49 61 9 4 0 T 0.0 M 6.2 16 100 M M 5 27 120
21 67 54 61 9 4 0 0.44 0.0 M 7.7 20 160 M M 9 1 36 210
22 57 42 50 -1 15 0 T 0.0 0 7.8 16 340 M M 10 26 330
23 57 37 47 -4 18 0 0.00 0.0 0 3.3 9 40 M M 1 14 350
24 63 36 50 -1 15 0 0.00 0.0 0 2.5 10 280 M M 2 15 290
25 65 34 50 -1 15 0 0.00 0.0 M 4.7 13 100 M M 0 18 110
26 54 43 49 -1 16 0 0.08 0.0 0 5.1 13 90 M M 6 1 20 90
27 51 32 42 -8 23 0 0.00 0.0 0 6.2 14 310 M M 2 23 310
28 53 26 40 -10 25 0 0.00 0.0 0 5.7 16 300 M M 0 26 330
29 57 21 39 -11 26 0 0.00 0.0 0 1.2 10 240 M M 0 14 240
30 60 30 45 -5 20 0 0.00 0.0 0 4.4 13 110 M M 0 20 110
================================================================================
SM 1991 1245 326 3 1.03 0.0 135.9 M 88
================================================================================
AV 66.4 41.5 4.5 FASTST M M 3 MAX(MPH)
MISC ----> 20 160 36 210
================================================================================
NOTES:
# LAST OF SEVERAL OCCURRENCES
COLUMN 17 PEAK WIND IN M.P.H.
PRELIMINARY LOCAL CLIMATOLOGICAL DATA (WS FORM: F-6) , PAGE 2
STATION: ANNISTON
MONTH: NOVEMBER
YEAR: 2023
LATITUDE: 33 35 N
LONGITUDE: 85 51 W
[TEMPERATURE DATA] [PRECIPITATION DATA] SYMBOLS USED IN COLUMN 16
AVERAGE MONTHLY: 53.9 TOTAL FOR MONTH: 1.03 1 = FOG OR MIST
DPTR FM NORMAL: 0.7 DPTR FM NORMAL: -3.50 2 = FOG REDUCING VISIBILITY
HIGHEST: 82 ON 7 GRTST 24HR 0.44 ON 21-21 TO 1/4 MILE OR LESS
LOWEST: 21 ON 29 3 = THUNDER
SNOW, ICE PELLETS, HAIL 4 = ICE PELLETS
TOTAL MONTH: 0.0 INCH 5 = HAIL
GRTST 24HR 0.0 6 = FREEZING RAIN OR DRIZZLE
GRTST DEPTH: 0 7 = DUSTSTORM OR SANDSTORM:
VSBY 1/2 MILE OR LESS
8 = SMOKE OR HAZE
[NO. OF DAYS WITH] [WEATHER - DAYS WITH] 9 = BLOWING SNOW
X = TORNADO
MAX 32 OR BELOW: 0 0.01 INCH OR MORE: 6
MAX 90 OR ABOVE: 0 0.10 INCH OR MORE: 4
MIN 32 OR BELOW: 6 0.50 INCH OR MORE: 0
MIN 0 OR BELOW: 0 1.00 INCH OR MORE: 0
[HDD (BASE 65) ]
TOTAL THIS MO. 326 CLEAR (SCALE 0-3) 18
DPTR FM NORMAL -39 PTCLDY (SCALE 4-7) 8
TOTAL FM JUL 1 414 CLOUDY (SCALE 8-10) 4
DPTR FM NORMAL -75
[CDD (BASE 65) ]
TOTAL THIS MO. 3
DPTR FM NORMAL -8 [PRESSURE DATA]
TOTAL FM JAN 1 1969 HIGHEST SLP 30.53 ON 2
DPTR FM NORMAL 0 LOWEST SLP 29.82 ON 21
[REMARKS]
#FINAL-11-23#