000
CXUS52 KGSP 010817
CF6AND
PRELIMINARY LOCAL CLIMATOLOGICAL DATA (WS FORM: F-6)
STATION: ANDERSON SC
MONTH: SEPTEMBER
YEAR: 2021
LATITUDE: 34 30 N
LONGITUDE: 82 43 W
TEMPERATURE IN F: :PCPN: SNOW: WIND :SUNSHINE: SKY :PK WND
================================================================================
1 2 3 4 5 6A 6B 7 8 9 10 11 12 13 14 15 16 17 18
12Z AVG MX 2MIN
DY MAX MIN AVG DEP HDD CDD WTR SNW DPTH SPD SPD DIR MIN PSBL S-S WX SPD DR
================================================================================
1 88 70 79 2 0 14 0.03 M M 10.6 18 270 M M 6 1 25 230
2 85 67 76 -1 0 11 0.00 M M 5.1 16 80 M M 4 20 70
3 83 61 72 -5 0 7 0.00 M M 4.6 12 70 M M 0 14 150
4 84 59 72 -4 0 7 0.00 M M 1.7 8 210 M M 2 10 130
5 86 58 72 -4 0 7 0.00 M M 4.2 14 210 M M 0 17 260
6 87 68 78 2 0 13 T M M 4.1 14 100 M M 4 3 17 120
7 85 70 78 2 0 13 T M M 3.6 12 80 M M 7 3 13 80
8 86 68 77 1 0 12 0.47 M M 7.3 18 260 M M 3 13 22 250
9 85 65 75 0 0 10 0.00 M M 6.1 13 40 M M 5 19 40
10 81 57 69 -6 0 4 0.00 M M 2.4 10 260 M M 0 13 60
11 84 56 70 -5 0 5 0.00 M M 1.8 10 230 M M 0 14 220
12 85 59 72 -3 0 7 0.00 M M 2.8 14 210 M M 0 18 210
13 88 62 75 1 0 10 0.00 M M 1.8 10 240 M M 0 1 14 260
14 89 64 77 3 0 12 0.00 M M 1.9 10 150 M M 1 14 210
15 84 64 74 0 0 9 0.26 M M 3.1 12 290 M M 5 1 13 280
16 73 67 70 -3 0 5 0.52 M M 4.8 13 40 M M 9 1 16 50
17 83 69 76 3 0 11 0.00 M M 2.6 7 70 M M 9 10 60
18 85 67 76 3 0 11 0.49 M M 2.2 20 10 M M 4 13 27 10
19 83 70 77 5 0 12 T M M 5.1 12 110 M M 2 1 17 130
20 76 71 74 2 0 9 0.52 M M 8.8 17 60 M M 8 1 21 50
21 72 69 71 -1 0 6 0.13 M M 7.9 15 70 M M 10 1 18 70
22 83 60 72 0 0 7 0.29 M M 7.1 24 290 M M 7 12 32 270
23 75 50 63 -8 2 0 0.00 M M 3.9 18 310 M M 0 24 300
24 75 48 62 -9 3 0 0.00 M M 2.8 13 130 M M 0 19 140
25 78 51 65 -5 0 0 0.00 M M 3.3 14 260 M M 0 12 18 280
26 79 52 66 -4 0 1 0.00 M M 2.4 12 250 M M 0 15 260
27 81 55 68 -2 0 3 0.00 M M 1.7 12 280 M M 2 12 18 240
28 84 57 71 2 0 6 0.00 M M 2.9 12 260 M M 0 18 17 230
29 87 58 73 4 0 8 0.00 M M 2.5 10 110 M M 1 12 16 70
30 86 61 74 5 0 9 0.00 M M 1.6 10 70 M M 0 1 12 270
================================================================================
SM 2480 1853 5 229 2.71 M 120.7 M 89
================================================================================
AV 82.7 61.8 4.0 FASTST M M 3 MAX(MPH)
MISC ----> 24 290 32 270
================================================================================
NOTES:
# LAST OF SEVERAL OCCURRENCES
COLUMN 17 PEAK WIND IN M.P.H.
PRELIMINARY LOCAL CLIMATOLOGICAL DATA (WS FORM: F-6) , PAGE 2
STATION: ANDERSON SC
MONTH: SEPTEMBER
YEAR: 2021
LATITUDE: 34 30 N
LONGITUDE: 82 43 W
[TEMPERATURE DATA] [PRECIPITATION DATA] SYMBOLS USED IN COLUMN 16
AVERAGE MONTHLY: 72.2 TOTAL FOR MONTH: 2.71 1 = FOG OR MIST
DPTR FM NORMAL: -1.1 DPTR FM NORMAL: -1.03 2 = FOG REDUCING VISIBILITY
HIGHEST: 89 ON 14 GRTST 24HR 0.78 ON 15-16 TO 1/4 MILE OR LESS
LOWEST: 48 ON 24 3 = THUNDER
SNOW, ICE PELLETS, HAIL 4 = ICE PELLETS
TOTAL MONTH: M 5 = HAIL
GRTST 24HR M ON M 6 = FREEZING RAIN OR DRIZZLE
GRTST DEPTH: M ON M 7 = DUSTSTORM OR SANDSTORM:
VSBY 1/2 MILE OR LESS
8 = SMOKE OR HAZE
[NO. OF DAYS WITH] [WEATHER - DAYS WITH] 9 = BLOWING SNOW
X = TORNADO
MAX 32 OR BELOW: 0 0.01 INCH OR MORE: 8
MAX 90 OR ABOVE: 0 0.10 INCH OR MORE: 7
MIN 32 OR BELOW: 0 0.50 INCH OR MORE: 2
MIN 0 OR BELOW: 0 1.00 INCH OR MORE: 0
[HDD (BASE 65) ]
TOTAL THIS MO. 5 CLEAR (SCALE 0-3) 17
DPTR FM NORMAL -4 PTCLDY (SCALE 4-7) 9
TOTAL FM JUL 1 5 CLOUDY (SCALE 8-10) 4
DPTR FM NORMAL -2
[CDD (BASE 65) ]
TOTAL THIS MO. 229
DPTR FM NORMAL -29 [PRESSURE DATA]
TOTAL FM JAN 1 1676 HIGHEST SLP 30.30 ON 12
DPTR FM NORMAL -70 LOWEST SLP 29.62 ON 1
[REMARKS]
#FINAL-09-21#