000
CXUS53 KAPX 010830
CF6ANJ
PRELIMINARY LOCAL CLIMATOLOGICAL DATA (WS FORM: F-6)
STATION: SAULT STE MARIE MI
MONTH: FEBRUARY
YEAR: 2023
LATITUDE: 46 28 N
LONGITUDE: 84 21 W
TEMPERATURE IN F: :PCPN: SNOW: WIND :SUNSHINE: SKY :PK WND
================================================================================
1 2 3 4 5 6A 6B 7 8 9 10 11 12 13 14 15 16 17 18
12Z AVG MX 2MIN
DY MAX MIN AVG DEP HDD CDD WTR SNW DPTH SPD SPD DIR MIN PSBL S-S WX SPD DR
================================================================================
1 20 1 11 -4 54 0 0.00 0.0 26 9.5 21 240 M M 3 28 260
2 21 -5 8 -8 57 0 0.43 6.3 25 13.1 26 310 M M 10 128 45 320
3 4 -15 -5 -21 70 0 0.04 T 28 6.2 18 10 M M 9 18 27 360
4 24 -1 12 -4 53 0 0.14 2.7 28 4.6 15 180 M M 10 1 22 160
5 29 13 21 5 44 0 T T 28 7.0 21 310 M M 9 128 31 340
6 27 11 19 3 46 0 0.00 0.0 27 8.2 21 130 M M 10 18 31 140
7 38 27 33 17 32 0 0.44 4.5 30 12.5 22 290 M M 10 12 34 270
8 45 22 34 18 31 0 0.00 0.0 28 5.1 17 300 M M 2 24 280
9 38 26 32 16 33 0 0.09 0.5 26 5.8 13 350 M M 5 18 24 350
10 35 23 29 12 36 0 0.03 0.6 26 13.5 21 320 M M 9 18 34 310
11 39 17 28 11 37 0 0.00 0.0 26 10.4 26 220 M M 3 37 230
12 42 22 32 15 33 0 0.00 0.0 26 2.8 8 110 M M 4 11 100
13 39 22 31 14 34 0 T T 26 4.5 17 310 M M 6 12 24 290
14 45 21 33 15 32 0 0.06 0.0 25 6.9 13 120 M M 1 1 21 100
15 42 19 31 13 34 0 0.41 0.3 23 13.9 33 290 M M 10 128 51 290
16 24 14 19 1 46 0 T T 22 8.3 24 310 M M 10 32 310
17 21 3 12 -6 53 0 0.00 0.0 22 5.9 14 350 M M 2 22 10
18 32 21 27 9 38 0 T T 22 7.4 16 260 M M 8 27 270
19 41 22 32 13 33 0 T T 22 10.0 21 310 M M 6 1 31 200
20 28 13 21 2 44 0 0.02 0.2 21 7.7 20 280 M M 7 1 30 270
21 29 19 24 5 41 0 0.17 2.0 22 11.2 24 310 M M 10 128 39 300
22 24 15 20 0 45 0 T T 22 5.4 12 50 M M 6 22 50
23 17 2 10 -10 55 0 0.41 6.7 22 9.3 17 60 M M 10 128 29 60
24 13 -6 4 -16 61 0 0.00 0.0 29 3.9 10 270 M M 4 14 280
25 28 8 18 -2 47 0 0.12 1.0 28 5.6 18 230 M M 10 1 25 240
26 28 13 21 0 44 0 0.03 0.5 28 9.3 21 280 M M 9 128 31 270
27 24 6 15 -6 50 0 0.18 3.0 28 8.9 18 100 M M 6 1 32 100
28 36 18 27 6 38 0 0.10 1.1 30 6.0 22 270 M M 7 1 32 250
================================================================================
SM 833 351 1221 0 2.67 29.4 222.9 M 196
================================================================================
AV 29.8 12.5 8.0 FASTST M M 7 MAX(MPH)
MISC ----> 33 290 51 290
================================================================================
NOTES:
# LAST OF SEVERAL OCCURRENCES
COLUMN 17 PEAK WIND IN M.P.H.
PRELIMINARY LOCAL CLIMATOLOGICAL DATA (WS FORM: F-6) , PAGE 2
STATION: SAULT STE MARIE MI
MONTH: FEBRUARY
YEAR: 2023
LATITUDE: 46 28 N
LONGITUDE: 84 21 W
[TEMPERATURE DATA] [PRECIPITATION DATA] SYMBOLS USED IN COLUMN 16
AVERAGE MONTHLY: 21.1 TOTAL FOR MONTH: 2.67 1 = FOG OR MIST
DPTR FM NORMAL: 3.3 DPTR FM NORMAL: 1.16 2 = FOG REDUCING VISIBILITY
HIGHEST: 45 ON 14, 8 GRTST 24HR 0.47 ON 14-15 TO 1/4 MILE OR LESS
LOWEST: -15 ON 3 3 = THUNDER
SNOW, ICE PELLETS, HAIL 4 = ICE PELLETS
TOTAL MONTH: 29.6 INCHES 5 = HAIL
GRTST 24HR 6.7 ON 23-23 6 = FREEZING RAIN OR DRIZZLE
GRTST DEPTH: 30 ON 28, 7 7 = DUSTSTORM OR SANDSTORM:
VSBY 1/2 MILE OR LESS
8 = SMOKE OR HAZE
[NO. OF DAYS WITH] [WEATHER - DAYS WITH] 9 = BLOWING SNOW
X = TORNADO
MAX 32 OR BELOW: 17 0.01 INCH OR MORE: 15
MAX 90 OR ABOVE: 0 0.10 INCH OR MORE: 9
MIN 32 OR BELOW: 28 0.50 INCH OR MORE: 0
MIN 0 OR BELOW: 4 1.00 INCH OR MORE: 0
[HDD (BASE 65) ]
TOTAL THIS MO. 1221 CLEAR (SCALE 0-3) 5
DPTR FM NORMAL -99 PTCLDY (SCALE 4-7) 10
TOTAL FM JUL 1 5308 CLOUDY (SCALE 8-10) 13
DPTR FM NORMAL -637
[CDD (BASE 65) ]
TOTAL THIS MO. 0
DPTR FM NORMAL 0 [PRESSURE DATA]
TOTAL FM JAN 1 0 HIGHEST SLP 30.67 ON 24
DPTR FM NORMAL 0 LOWEST SLP 29.26 ON 21
[REMARKS]
#FINAL-02-23#