000
CXUS53 KIWX 010800
CF6AOH
PRELIMINARY LOCAL CLIMATOLOGICAL DATA (WS FORM: F-6)
STATION: LIMA
MONTH: FEBRUARY
YEAR: 2020
LATITUDE: 40 42 N
LONGITUDE: 84 1 W
TEMPERATURE IN F: :PCPN: SNOW: WIND :SUNSHINE: SKY :PK WND
================================================================================
1 2 3 4 5 6A 6B 7 8 9 10 11 12 13 14 15 16 17 18
12Z AVG MX 2MIN
DY MAX MIN AVG DEP HDD CDD WTR SNW DPTH SPD SPD DIR MIN PSBL S-S WX SPD DR
================================================================================
1 38 32 35 8 30 0 0.02 M 0 8.4 29 270 M M 10 18 40 260
2 59 34 47 20 18 0 0.00 0.0 0 18.1 33 270 M M 3 44 260
3 59 32 46 18 19 0 0.00 0.0 0 9.3 21 200 M M 1 1 28 210
4 57 32 45 17 20 0 0.30 M 0 12.0 21 20 M M 10 18 31 40
5 34 27 31 3 34 0 0.24 M M 13.9 24 60 M M 10 16 37 60
6 30 26 28 0 37 0 0.02 M M 10.7 17 30 M M 10 126 24 40
7 31 23 27 -1 38 0 0.01 M M 11.7 22 310 M M 7 18 27 290
8 33 23 28 0 37 0 0.01 M M 6.8 12 180 M M 9 18 17 210
9 38 20 29 1 36 0 0.55 M M 12.8 30 150 M M 9 128 41 140
10 39 33 36 7 29 0 0.26 M M 5.4 17 200 M M 10 12 24 210
11 38 30 34 5 31 0 0.00 0.0 0 8.6 23 270 M M 8 18 28 280
12 35 26 31 2 34 0 0.30 M 0 6.4 13 160 M M 4 1 17 170
13 34 19 27 -2 38 0 0.05 M 0 11.5 24 290 M M 10 168 32 280
14 19 4 12 -17 53 0 T M 0 6.7 18 280 M M 6 18 23 270
15 39 2 21 -9 44 0 0.00 0.0 0 11.2 22 250 M M 5 31 240
16 38 25 32 2 33 0 0.00 0.0 0 6.0 13 300 M M 4 1 17 230
17 41 23 32 2 33 0 0.20 M 0 9.0 18 130 M M 5 18 25 120
18 47 30 39 9 26 0 0.12 M M 13.8 23 300 M M 8 1 32 300
19 33 26 30 -1 35 0 0.00 0.0 0 7.8 14 320 M M 0 18 320
20 28 19 24 -7 41 0 0.00 0.0 0 9.1 17 330 M M 4 23 320
21 33 14 24 -7 41 0 0.00 0.0 0 9.4 17 240 M M 0 22 240
22 46 24 35 3 30 0 0.00 0.0 M 12.5 22 230 M M 0 30 230
23 51 31 41 9 24 0 0.00 0.0 0 11.5 17 200 M M 2 25 190
24 45 33 39 7 26 0 0.34 0.0 0 8.2 14 190 M M 5 1 18 190
25 39 33 36 4 29 0 0.15 M M 11.9 18 30 M M 9 1 27 40
26 33 25 29 -4 36 0 0.13 M M 11.6 22 300 M M 10 1 29 320
27 27 21 24 -9 41 0 T M M 18.3 31 270 M M 9 18 39 260
28 26 15 21 -12 44 0 0.00 M M 13.5 28 270 M M 3 1 33 260
29 29 18 24 -10 41 0 0.00 0.0 M 12.1 21 260 M M 3 26 260
================================================================================
SM 1099 700 978 0 2.70 0.0 308.2 M 174
================================================================================
AV 37.9 24.1 10.6 FASTST M M 6 MAX(MPH)
MISC ----> # 33 270 # 44 260
================================================================================
NOTES:
# LAST OF SEVERAL OCCURRENCES
COLUMN 17 PEAK WIND IN M.P.H.
PRELIMINARY LOCAL CLIMATOLOGICAL DATA (WS FORM: F-6) , PAGE 2
STATION: LIMA
MONTH: FEBRUARY
YEAR: 2020
LATITUDE: 40 42 N
LONGITUDE: 84 1 W
[TEMPERATURE DATA] [PRECIPITATION DATA] SYMBOLS USED IN COLUMN 16
AVERAGE MONTHLY: 31.0 TOTAL FOR MONTH: 2.70 1 = FOG OR MIST
DPTR FM NORMAL: 1.2 DPTR FM NORMAL: 0.74 2 = FOG REDUCING VISIBILITY
HIGHEST: 59 ON 3, 2 GRTST 24HR 0.55 ON 9- 9 TO 1/4 MILE OR LESS
LOWEST: 2 ON 15 3 = THUNDER
SNOW, ICE PELLETS, HAIL 4 = ICE PELLETS
TOTAL MONTH: 0.0 INCH 5 = HAIL
GRTST 24HR 0.0 6 = FREEZING RAIN OR DRIZZLE
GRTST DEPTH: 0 7 = DUSTSTORM OR SANDSTORM:
VSBY 1/2 MILE OR LESS
8 = SMOKE OR HAZE
[NO. OF DAYS WITH] [WEATHER - DAYS WITH] 9 = BLOWING SNOW
X = TORNADO
MAX 32 OR BELOW: 7 0.01 INCH OR MORE: 15
MAX 90 OR ABOVE: 0 0.10 INCH OR MORE: 10
MIN 32 OR BELOW: 25 0.50 INCH OR MORE: 1
MIN 0 OR BELOW: 0 1.00 INCH OR MORE: 0
[HDD (BASE 65) ]
TOTAL THIS MO. 978 CLEAR (SCALE 0-3) 8
DPTR FM NORMAL -7 PTCLDY (SCALE 4-7) 10
TOTAL FM JUL 1 3804 CLOUDY (SCALE 8-10) 11
DPTR FM NORMAL -634
[CDD (BASE 65) ]
TOTAL THIS MO. 0
DPTR FM NORMAL 0 [PRESSURE DATA]
TOTAL FM JAN 1 0 HIGHEST SLP 30.65 ON 21
DPTR FM NORMAL 0 LOWEST SLP 29.40 ON 7
[REMARKS]
#FINAL-02-20#