000
CXUS55 KBOU 010927
CF6APA
PRELIMINARY LOCAL CLIMATOLOGICAL DATA (WS FORM: F-6)
STATION: CENTENNIAL CO
MONTH: OCTOBER
YEAR: 2020
LATITUDE: 39 33 N
LONGITUDE: 104 51 W
TEMPERATURE IN F: :PCPN: SNOW: WIND :SUNSHINE: SKY :PK WND
================================================================================
1 2 3 4 5 6A 6B 7 8 9 10 11 12 13 14 15 16 17 18
12Z AVG MX 2MIN
DY MAX MIN AVG DEP HDD CDD WTR SNW DPTH SPD SPD DIR MIN PSBL S-S WX SPD DR
================================================================================
1 67 36 52 -4 13 0 0.00 M M 4.1 10 180 M M 5 8 15 40
2 71 46 59 4 6 0 0.00 M M 4.1 21 40 M M 6 8 30 20
3 66 39 53 -2 12 0 0.00 M M 4.6 15 190 M M 2 23 200
4 81 45 63 9 2 0 0.00 M M 6.2 15 170 M M 1 19 160
5 81 50 66 12 0 1 0.00 M M 7.2 24 330 M M 2 32 330
6 85 46 66 12 0 1 0.00 M M 6.1 12 170 M M 0 8 14 120
7 82 46 64 11 1 0 0.00 M M 4.8 14 110 M M 0 8 18 90
8 84 46 65 12 0 0 0.00 M M 4.9 13 30 M M 1 18 40
9 84 47 66 14 0 1 0.00 M M 5.0 14 350 M M 4 19 340
10 83 47 65 13 0 0 0.00 M M 9.0 23 160 M M 3 30 180
11 78 38 58 6 7 0 0.00 M M 13.3 39 320 M M 3 8 51 320
12 75 36 56 5 9 0 0.00 M M 7.8 20 290 M M 1 28 310
13 80 44 62 11 3 0 0.00 M M 8.4 20 170 M M 3 27 280
14 80 40 60 10 5 0 0.00 M M 9.8 21 80 M M 6 30 100
15 54 32 43 -7 22 0 0.00 M M 5.8 21 40 M M 4 28 40
16 70 28 49 -1 16 0 0.00 M M 4.7 12 260 M M 4 14 260
17 72 40 56 7 9 0 0.00 M M 7.0 23 350 M M 6 26 360
18 50 34 42 -7 23 0 T M M 5.5 12 150 M M 8 1 17 30
19 72 31 52 3 13 0 0.00 M M 6.4 16 360 M M 7 21 10
20 68 40 54 6 11 0 0.00 M M 7.9 20 160 M M 6 27 160
21 81 44 63 15 2 0 0.00 M M 7.8 22 170 M M 4 30 180
22 59 23 41 -7 24 0 T M M 9.6 21 10 M M 8 1268 26 20
23 33 20 27 -20 38 0 T M M 5.8 16 160 M M 8 16 22 170
24 63 21 42 -5 23 0 0.00 M M 8.1 20 360 M M 5 23 10
25 27 8 18 -29 47 0 0.11 M M 10.7 17 350 M M 10 12 20 360
26 17 4 11 -35 54 0 0.04 M M 3.5 9 240 M M 7 18 11 250
27 45 2 24 -22 41 0 T M M 3.9 16 180 M M 1 8 21 180
28 51 21 36 -10 29 0 0.00 M M 8.6 25 330 M M 2 32 340
29 67 30 49 4 16 0 0.00 M M 4.6 13 180 M M 1 16 170
30 69 33 51 6 14 0 0.00 M M 6.5 16 240 M M 0 23 220
31 65 34 50 6 15 0 0.00 M M 7.9 29 330 M M 2 36 340
================================================================================
SM 2060 1051 455 3 0.15 M 209.6 M 120
================================================================================
AV 66.5 33.9 6.8 FASTST M M 4 MAX(MPH)
MISC ----> 39 320 51 320
================================================================================
NOTES:
# LAST OF SEVERAL OCCURRENCES
COLUMN 17 PEAK WIND IN M.P.H.
PRELIMINARY LOCAL CLIMATOLOGICAL DATA (WS FORM: F-6) , PAGE 2
STATION: CENTENNIAL CO
MONTH: OCTOBER
YEAR: 2020
LATITUDE: 39 33 N
LONGITUDE: 104 51 W
[TEMPERATURE DATA] [PRECIPITATION DATA] SYMBOLS USED IN COLUMN 16
AVERAGE MONTHLY: 50.2 TOTAL FOR MONTH: 0.15 1 = FOG OR MIST
DPTR FM NORMAL: 0.4 DPTR FM NORMAL: -1.09 2 = FOG REDUCING VISIBILITY
HIGHEST: 85 ON 6 GRTST 24HR 0.15 ON 25-26 TO 1/4 MILE OR LESS
LOWEST: 2 ON 27 3 = THUNDER
SNOW, ICE PELLETS, HAIL 4 = ICE PELLETS
TOTAL MONTH: M 5 = HAIL
GRTST 24HR M ON M 6 = FREEZING RAIN OR DRIZZLE
GRTST DEPTH: M ON M 7 = DUSTSTORM OR SANDSTORM:
VSBY 1/2 MILE OR LESS
8 = SMOKE OR HAZE
[NO. OF DAYS WITH] [WEATHER - DAYS WITH] 9 = BLOWING SNOW
X = TORNADO
MAX 32 OR BELOW: 2 0.01 INCH OR MORE: 2
MAX 90 OR ABOVE: 0 0.10 INCH OR MORE: 1
MIN 32 OR BELOW: 11 0.50 INCH OR MORE: 0
MIN 0 OR BELOW: 0 1.00 INCH OR MORE: 0
[HDD (BASE 65) ]
TOTAL THIS MO. 455 CLEAR (SCALE 0-3) 14
DPTR FM NORMAL -16 PTCLDY (SCALE 4-7) 15
TOTAL FM JUL 1 597 CLOUDY (SCALE 8-10) 2
DPTR FM NORMAL -43
[CDD (BASE 65) ]
TOTAL THIS MO. 3
DPTR FM NORMAL 1 [PRESSURE DATA]
TOTAL FM JAN 1 1013 HIGHEST SLP 30.54 ON 25
DPTR FM NORMAL 453 LOWEST SLP 29.48 ON 11
[REMARKS]
#FINAL-10-20#