000
CXUS52 KMFL 011130
CF6APF
PRELIMINARY LOCAL CLIMATOLOGICAL DATA (WS FORM: F-6)
STATION: NAPLES
MONTH: DECEMBER
YEAR: 2023
LATITUDE: 26 8 N
LONGITUDE: 81 46 W
TEMPERATURE IN F: :PCPN: SNOW: WIND :SUNSHINE: SKY :PK WND
================================================================================
1 2 3 4 5 6A 6B 7 8 9 10 11 12 13 14 15 16 17 18
12Z AVG MX 2MIN
DY MAX MIN AVG DEP HDD CDD WTR SNW DPTH SPD SPD DIR MIN PSBL S-S WX SPD DR
================================================================================
1 84 61 73 3 0 8 0.00 0.0 0 6.0 14 130 M M 1 18 140
2 83 67 75 5 0 10 0.00 0.0 0 8.7 20 160 M M 3 18 24 160
3 79 68 74 4 0 9 0.00 0.0 0 4.1 12 250 M M 5 128 15 250
4 79 68 74 4 0 9 0.00 0.0 0 4.1 12 230 M M 6 128 14 20
5 80 61 71 1 0 6 0.00 0.0 0 6.0 13 290 M M 0 16 340
6 71 54 63 -6 2 0 0.00 0.0 0 7.6 17 320 M M 0 23 310
7 74 51 63 -6 2 0 0.00 0.0 0 7.3 14 100 M M 1 20 20
8 80 61 71 2 0 6 0.00 0.0 0 8.0 14 90 M M 3 17 90
9 84 65 75 6 0 10 0.00 0.0 0 7.3 18 140 M M 2 24 110
10 83 68 76 7 0 11 0.53 0.0 0 9.7 25 150 M M 2 1 30 150
11 71 55 63 -6 2 0 0.00 0.0 0 8.1 20 320 M M 2 26 330
12 74 55 65 -4 0 0 0.00 0.0 0 9.7 18 60 M M 1 24 50
13 77 65 71 2 0 6 0.00 0.0 0 14.6 26 60 M M 5 33 70
14 73 68 71 3 0 6 T 0.0 0 18.1 30 60 M M 5 1 39 50
15 73 67 70 2 0 5 0.01 0.0 0 15.8 24 70 M M 7 34 70
16 73 68 71 3 0 6 0.50 0.0 0 15.7 25 150 M M 9 18 36 160
17 73 65 69 1 0 4 0.51 0.0 0 15.2 29 160 M M 6 8 38 170
18 70 59 65 -3 0 0 0.00 0.0 0 6.9 21 310 M M 3 26 300
19 71 53 62 -6 3 0 0.00 0.0 0 8.6 17 20 M M 0 23 30
20 74 52 63 -5 2 0 0.00 0.0 0 9.1 21 70 M M 3 25 70
21 75 59 67 -1 0 2 0.00 0.0 0 9.9 20 60 M M 6 25 60
22 74 58 66 -1 0 1 0.00 0.0 0 7.8 14 60 M M 1 19 50
23 78 60 69 2 0 4 0.00 0.0 0 9.6 22 60 M M 2 28 60
24 79 60 70 3 0 5 0.00 0.0 0 9.8 21 90 M M 2 30 90
25 72 67 70 3 0 5 0.60 0.0 0 10.0 17 160 M M 6 18 24 150
26 76 64 70 3 0 5 0.00 0.0 0 7.2 16 300 M M 5 1 23 310
27 71 61 66 -1 0 1 0.00 0.0 0 5.0 13 300 M M 4 18 310
28 70 57 64 -3 1 0 0.65 0.0 0 5.3 15 90 M M 6 1 21 90
29 70 55 63 -3 2 0 0.09 M 0 5.5 16 300 M M 1 18 23 290
30 67 53 60 -6 5 0 0.00 0.0 0 4.8 12 280 M M 3 15 280
31 69 50 60 -6 5 0 0.00 0.0 0 2.7 9 300 M M 0 18 14 280
================================================================================
SM 2327 1875 24 119 2.89 0.0 268.2 M 100
================================================================================
AV 75.1 60.5 8.7 FASTST M M 3 MAX(MPH)
MISC ----> 30 60 39 50
================================================================================
NOTES:
# LAST OF SEVERAL OCCURRENCES
COLUMN 17 PEAK WIND IN M.P.H.
PRELIMINARY LOCAL CLIMATOLOGICAL DATA (WS FORM: F-6) , PAGE 2
STATION: NAPLES
MONTH: DECEMBER
YEAR: 2023
LATITUDE: 26 8 N
LONGITUDE: 81 46 W
[TEMPERATURE DATA] [PRECIPITATION DATA] SYMBOLS USED IN COLUMN 16
AVERAGE MONTHLY: 67.8 TOTAL FOR MONTH: 2.89 1 = FOG OR MIST
DPTR FM NORMAL: -0.4 DPTR FM NORMAL: 1.57 2 = FOG REDUCING VISIBILITY
HIGHEST: 84 ON 9, 1 GRTST 24HR 1.01 ON 16-17 TO 1/4 MILE OR LESS
LOWEST: 50 ON 31 3 = THUNDER
SNOW, ICE PELLETS, HAIL 4 = ICE PELLETS
TOTAL MONTH: 0.0 INCH 5 = HAIL
GRTST 24HR 0.0 6 = FREEZING RAIN OR DRIZZLE
GRTST DEPTH: 0 7 = DUSTSTORM OR SANDSTORM:
VSBY 1/2 MILE OR LESS
8 = SMOKE OR HAZE
[NO. OF DAYS WITH] [WEATHER - DAYS WITH] 9 = BLOWING SNOW
X = TORNADO
MAX 32 OR BELOW: 0 0.01 INCH OR MORE: 7
MAX 90 OR ABOVE: 0 0.10 INCH OR MORE: 5
MIN 32 OR BELOW: 0 0.50 INCH OR MORE: 5
MIN 0 OR BELOW: 0 1.00 INCH OR MORE: 0
[HDD (BASE 65) ]
TOTAL THIS MO. 24 CLEAR (SCALE 0-3) 19
DPTR FM NORMAL -29 PTCLDY (SCALE 4-7) 11
TOTAL FM JUL 1 32 CLOUDY (SCALE 8-10) 1
DPTR FM NORMAL -36
[CDD (BASE 65) ]
TOTAL THIS MO. 119
DPTR FM NORMAL -31 [PRESSURE DATA]
TOTAL FM JAN 1 4996 HIGHEST SLP 30.29 ON 21
DPTR FM NORMAL 908 LOWEST SLP 29.59 ON 17
[REMARKS]
#FINAL-12-23#