000
CXUS53 KAPX 010830
CF6APN
PRELIMINARY LOCAL CLIMATOLOGICAL DATA (WS FORM: F-6)
STATION: ALPENA MI
MONTH: JANUARY
YEAR: 2023
LATITUDE: 45 4 N
LONGITUDE: 83 34 W
TEMPERATURE IN F: :PCPN: SNOW: WIND :SUNSHINE: SKY :PK WND
================================================================================
1 2 3 4 5 6A 6B 7 8 9 10 11 12 13 14 15 16 17 18
12Z AVG MX 2MIN
DY MAX MIN AVG DEP HDD CDD WTR SNW DPTH SPD SPD DIR MIN PSBL S-S WX SPD DR
================================================================================
1 37 31 34 12 31 0 0.07 0.3 T 5.1 13 260 M M 10 1 19 240
2 39 33 36 14 29 0 0.00 0.0 T 1.6 8 260 M M 10 14 260
3 39 32 36 14 29 0 0.23 0.0 0 5.9 14 90 M M 10 1 22 70
4 38 32 35 13 30 0 0.35 T 0 12.2 22 70 M M 10 18 32 70
5 36 30 33 11 32 0 0.02 T T 1.5 15 10 M M 10 16 18 20
6 33 30 32 11 33 0 0.01 T 0 4.0 10 320 M M 10 1 15 290
7 30 23 27 6 38 0 T 0.1 T 5.6 15 20 M M 9 1 18 20
8 28 21 25 4 40 0 0.00 0.0 T 6.7 13 220 M M 8 19 250
9 32 24 28 7 37 0 0.00 0.0 0 6.1 10 260 M M 8 1 18 260
10 31 27 29 9 36 0 0.00 0.0 0 6.7 14 120 M M 10 23 100
11 36 30 33 13 32 0 0.16 0.2 0 7.9 18 130 M M 10 1 25 140
12 36 28 32 12 33 0 0.07 0.0 T 10.8 23 10 M M 10 1 30 360
13 28 12 20 0 45 0 T T T 12.6 23 360 M M 8 18 32 350
14 30 6 18 -2 47 0 0.00 0.0 T 2.8 9 150 M M 0 11 160
15 39 21 30 10 35 0 0.00 0.0 T 8.9 17 160 M M 3 23 160
16 42 27 35 15 30 0 0.09 0.0 0 10.0 17 160 M M 3 1 22 160
17 42 34 38 18 27 0 0.28 0.0 0 4.6 12 310 M M 10 12 20 320
18 36 33 35 15 30 0 T T 0 6.9 13 10 M M 10 1 19 330
19 34 29 32 13 33 0 0.45 4.0 0 14.2 22 90 M M 10 12 37 60
20 28 22 25 6 40 0 0.05 0.5 3 7.8 14 340 M M 10 1 19 330
21 30 21 26 7 39 0 T T 3 2.6 9 200 M M 10 16 260
22 32 27 30 11 35 0 T 0.0 3 2.4 8 320 M M 10 1 10 320
23 33 26 30 11 35 0 0.05 0.6 3 7.3 15 220 M M 8 1 23 230
24 34 20 27 8 38 0 0.01 T 4 5.1 12 280 M M 9 1 21 280
25 34 26 30 11 35 0 0.18 2.2 3 7.5 20 30 M M 10 1 28 20
26 30 23 27 8 38 0 0.02 0.4 5 6.6 15 350 M M 10 18 21 360
27 30 7 19 0 46 0 0.04 0.4 5 11.0 25 170 M M 8 18 36 180
28 28 18 23 4 42 0 T T 5 6.8 17 270 M M 9 27 300
29 24 16 20 1 45 0 0.12 1.7 6 6.9 15 20 M M 10 1 22 10
30 19 4 12 -7 53 0 0.02 0.4 6 7.3 16 280 M M 8 1 26 280
31 19 -9 5 -14 60 0 0.00 0.0 6 4.6 12 220 M M 1 18 18 220
================================================================================
SM 1007 704 1153 0 2.22 10.8 210.0 M 262
================================================================================
AV 32.5 22.7 6.8 FASTST M M 8 MAX(MPH)
MISC ----> 25 170 37 60
================================================================================
NOTES:
# LAST OF SEVERAL OCCURRENCES
COLUMN 17 PEAK WIND IN M.P.H.
PRELIMINARY LOCAL CLIMATOLOGICAL DATA (WS FORM: F-6) , PAGE 2
STATION: ALPENA MI
MONTH: JANUARY
YEAR: 2023
LATITUDE: 45 4 N
LONGITUDE: 83 34 W
[TEMPERATURE DATA] [PRECIPITATION DATA] SYMBOLS USED IN COLUMN 16
AVERAGE MONTHLY: 27.6 TOTAL FOR MONTH: 2.22 1 = FOG OR MIST
DPTR FM NORMAL: 7.6 DPTR FM NORMAL: 0.41 2 = FOG REDUCING VISIBILITY
HIGHEST: 42 ON 17,16 GRTST 24HR 0.50 ON 19-20 TO 1/4 MILE OR LESS
LOWEST: -9 ON 31 3 = THUNDER
SNOW, ICE PELLETS, HAIL 4 = ICE PELLETS
TOTAL MONTH: 10.8 INCHES 5 = HAIL
GRTST 24HR 4.0 ON 19-19 6 = FREEZING RAIN OR DRIZZLE
GRTST DEPTH: 6 ON 31,30 7 = DUSTSTORM OR SANDSTORM:
VSBY 1/2 MILE OR LESS
8 = SMOKE OR HAZE
[NO. OF DAYS WITH] [WEATHER - DAYS WITH] 9 = BLOWING SNOW
X = TORNADO
MAX 32 OR BELOW: 15 0.01 INCH OR MORE: 18
MAX 90 OR ABOVE: 0 0.10 INCH OR MORE: 7
MIN 32 OR BELOW: 28 0.50 INCH OR MORE: 0
MIN 0 OR BELOW: 1 1.00 INCH OR MORE: 0
[HDD (BASE 65) ]
TOTAL THIS MO. 1153 CLEAR (SCALE 0-3) 3
DPTR FM NORMAL -242 PTCLDY (SCALE 4-7) 6
TOTAL FM JUL 1 3748 CLOUDY (SCALE 8-10) 22
DPTR FM NORMAL -536
[CDD (BASE 65) ]
TOTAL THIS MO. 0
DPTR FM NORMAL 0 [PRESSURE DATA]
TOTAL FM JAN 1 0 HIGHEST SLP 30.44 ON 7
DPTR FM NORMAL 0 LOWEST SLP 29.39 ON 17
[REMARKS]
#FINAL-01-23#