000
CXUS53 KAPX 280730
CF6APN
PRELIMINARY LOCAL CLIMATOLOGICAL DATA (WS FORM: F-6)
STATION: ALPENA MI
MONTH: MARCH
YEAR: 2024
LATITUDE: 45 4 N
LONGITUDE: 83 34 W
TEMPERATURE IN F: :PCPN: SNOW: WIND :SUNSHINE: SKY :PK WND
================================================================================
1 2 3 4 5 6A 6B 7 8 9 10 11 12 13 14 15 16 17 18
12Z AVG MX 2MIN
DY MAX MIN AVG DEP HDD CDD WTR SNW DPTH SPD SPD DIR MIN PSBL S-S WX SPD DR
================================================================================
1 51 22 37 13 28 0 0.00 0.0 0 9.7 20 200 M M 0 28 190
2 52 28 40 16 25 0 0.00 0.0 0 5.8 14 100 M M 5 1 19 160
3 46 28 37 12 28 0 0.00 0.0 M 10.1 22 130 M M 5 12 33 130
4 64 35 50 25 15 0 0.00 0.0 0 7.0 17 140 M M 3 1 25 310
5 46 31 39 14 26 0 0.99 0.0 0 10.9 18 350 M M 8 13 27 360
6 48 25 37 11 28 0 0.00 0.0 0 8.5 18 360 M M 1 22 10
7 44 18 31 5 34 0 0.00 0.0 0 5.9 14 120 M M 1 12 20 100
8 43 27 35 9 30 0 0.48 0.0 0 5.5 16 140 M M 7 1 19 130
9 39 29 34 7 31 0 0.38 0.0 0 9.0 17 350 M M 10 1 26 350
10 36 24 30 3 35 0 M 2.5 2 15.0 25 320 M M 7 12 37 320
11 51 25 38 11 27 0 0.00 0.0 1 4.8 13 330 M M 0 17 330
12 56 25 41 13 24 0 0.00 0.0 0 4.5 15 110 M M 0 21 110
13 66 27 47 19 18 0 0.00 0.0 M 4.4 10 310 M M 0 17 320
14 50 28 39 11 26 0 T 0.0 0 3.9 13 350 M M 3 17 340
15 43 26 35 6 30 0 T T 0 6.5 15 330 M M 5 21 340
16 53 28 41 12 24 0 T 0.0 0 9.4 22 230 M M 8 34 260
17 35 25 30 0 35 0 T T 0 10.7 18 260 M M 10 33 310
18 35 26 31 1 34 0 T T T 10.6 21 330 M M 10 1 28 310
19 38 27 33 3 32 0 T T T 9.0 21 300 M M 10 1 32 300
20 28 18 23 -8 42 0 0.02 0.2 T 14.1 26 330 M M 7 128 43 270
21 32 14 23 -8 42 0 T T T 6.5 15 320 M M 6 1 23 310
22 31 16 24 -7 41 0 0.08 1.0 T 4.4 13 160 M M 9 18 16 160
23 33 18 26 -6 39 0 0.04 0.5 2 8.1 18 320 M M 4 18 26 320
24 36 11 24 -8 41 0 0.09 0.4 T 9.9 25 120 M M 5 16 33 140
25 49 31 40 7 25 0 T T 1 12.4 20 130 M M 2 6 29 120
26 55 41 48 15 17 0 0.09 0.0 0 14.0 26 170 M M 8 1 35 180
27 42 32 37 4 28 0 0.01 T 0 10.2 17 230 M M 10 1 30 220
================================================================================
SM 1202 685 805 0 2.18 4.6 230.8 M 144
================================================================================
AV 44.5 25.4 8.5 FASTST M M 5 MAX(MPH)
MISC ----> # 26 330 43 270
================================================================================
NOTES:
# LAST OF SEVERAL OCCURRENCES
COLUMN 17 PEAK WIND IN M.P.H.
PRELIMINARY LOCAL CLIMATOLOGICAL DATA (WS FORM: F-6) , PAGE 2
STATION: ALPENA MI
MONTH: MARCH
YEAR: 2024
LATITUDE: 45 4 N
LONGITUDE: 83 34 W
[TEMPERATURE DATA] [PRECIPITATION DATA] SYMBOLS USED IN COLUMN 16
AVERAGE MONTHLY: 34.9 TOTAL FOR MONTH: 2.18 1 = FOG OR MIST
DPTR FM NORMAL: 6.4 DPTR FM NORMAL: 0.64 2 = FOG REDUCING VISIBILITY
HIGHEST: 66 ON 13 GRTST 24HR 0.99 ON 5- 5 TO 1/4 MILE OR LESS
LOWEST: 11 ON 24 3 = THUNDER
SNOW, ICE PELLETS, HAIL 4 = ICE PELLETS
TOTAL MONTH: 4.6 INCHES 5 = HAIL
GRTST 24HR 2.5 ON 10-10 6 = FREEZING RAIN OR DRIZZLE
GRTST DEPTH: 2 ON 23,10 7 = DUSTSTORM OR SANDSTORM:
VSBY 1/2 MILE OR LESS
8 = SMOKE OR HAZE
[NO. OF DAYS WITH] [WEATHER - DAYS WITH] 9 = BLOWING SNOW
X = TORNADO
MAX 32 OR BELOW: 3 0.01 INCH OR MORE: 9
MAX 90 OR ABOVE: 0 0.10 INCH OR MORE: 3
MIN 32 OR BELOW: 25 0.50 INCH OR MORE: 1
MIN 0 OR BELOW: 0 1.00 INCH OR MORE: 0
[HDD (BASE 65) ]
TOTAL THIS MO. 805 CLEAR (SCALE 0-3) 8
DPTR FM NORMAL -181 PTCLDY (SCALE 4-7) 12
TOTAL FM JUL 1 5462 CLOUDY (SCALE 8-10) 7
DPTR FM NORMAL -1048
[CDD (BASE 65) ]
TOTAL THIS MO. 0
DPTR FM NORMAL 0 [PRESSURE DATA]
TOTAL FM JAN 1 0 HIGHEST SLP M ON M
DPTR FM NORMAL 0 LOWEST SLP 29.43 ON 16
[REMARKS]