000
CXUS54 KLCH 010930
CF6ARA
PRELIMINARY LOCAL CLIMATOLOGICAL DATA (WS FORM: F-6)
STATION: NEW IBERIA
MONTH: JANUARY
YEAR: 2024
LATITUDE: 30 1 N
LONGITUDE: 91 53 W
TEMPERATURE IN F: :PCPN: SNOW: WIND :SUNSHINE: SKY :PK WND
================================================================================
1 2 3 4 5 6A 6B 7 8 9 10 11 12 13 14 15 16 17 18
12Z AVG MX 2MIN
DY MAX MIN AVG DEP HDD CDD WTR SNW DPTH SPD SPD DIR MIN PSBL S-S WX SPD DR
================================================================================
1 61 43 52 -1 13 0 0.05 M M 8.1 17 20 M M 5 1 21 20
2 58 36 47 -6 18 0 0.00 M M 7.3 12 80 M M 0 16 30
3 61 42 52 -1 13 0 0.60 M M 10.7 22 90 M M 5 1 29 90
4 62 36 49 -4 16 0 0.00 M M 5.3 12 40 M M 0 19 40
5 63 40 52 -1 13 0 0.75 M M 12.7 32 150 M M 8 13 40 150
6 53 41 47 -6 18 0 0.00 M M 5.1 18 320 M M 6 1 25 310
7 58 34 46 -7 19 0 0.00 0.0 M 3.6 8 100 M M 2 12 12 70
8 70 46 58 5 7 0 0.37 M M 16.4 31 130 M M 9 13 42 140
9 55 36 46 -6 19 0 0.03 M M 13.7 31 280 M M 3 44 280
10 59 31 45 -7 20 0 0.00 M M 6.9 15 180 M M 1 22 150
11 75 49 62 10 3 0 0.00 M M 11.8 24 150 M M 6 1 31 150
12 70 36 53 1 12 0 0.05 M M 17.0 30 300 M M 4 18 40 330
13 56 29 43 -9 22 0 0.00 M M 3.9 10 180 M M 0 8 16 230
14 68 35 52 0 13 0 0.00 M M 6.9 16 360 M M 0 22 200
15 44 24 34 -18 31 0 0.14 T 0 15.3 30 10 M M 9 146 39 360
16 31 18 25 -28 40 0 0.00 M M 16.9 28 10 M M 3 39 10
17 44 19 32 -21 33 0 0.00 M M 5.7 14 40 M M 0 17 30
18 66 35 51 -2 14 0 0.01 M M 6.9 14 180 M M 9 1 18 180
19 59 37 48 -5 17 0 0.00 0.0 0 14.6 25 20 M M 1 1 33 30
20 46 29 38 -15 27 0 0.00 M M 12.3 20 20 M M 0 26 20
21 45 29 37 -16 28 0 0.00 M M 10.8 16 100 M M 8 21 90
22 68 43 56 3 9 0 0.16 M M 14.0 24 120 M M 10 1 32 120
23 68 60 64 11 1 0 0.03 M M 10.5 17 120 M M 10 13 24 120
24 71 62 67 14 0 2 1.87 M M 11.0 26 350 M M 10 13 38 330
25 67 59 63 10 2 0 0.81 M M 6.6 21 290 M M 9 13 32 310
26 68 59 64 11 1 0 0.70 M M 6.9 20 120 M M 9 123 24 140
27 65 53 59 5 6 0 1.34 M M 10.4 23 310 M M 9 13 30 310
28 54 39 47 -7 18 0 0.00 0.0 M 8.9 17 320 M M 6 1 22 330
29 65 35 50 -4 15 0 0.00 M M 3.8 12 10 M M 0 1 20 340
30 71 40 56 2 9 0 0.00 M M 6.1 16 230 M M 0 12 22 230
31 73 47 60 6 5 0 0.00 0.0 M 7.3 14 30 M M 0 20 10
================================================================================
SM 1874 1222 462 2 6.91 T 297.4 M 142
================================================================================
AV 60.5 39.4 9.6 FASTST M M 5 MAX(MPH)
MISC ----> 32 150 44 280
================================================================================
NOTES:
# LAST OF SEVERAL OCCURRENCES
COLUMN 17 PEAK WIND IN M.P.H.
PRELIMINARY LOCAL CLIMATOLOGICAL DATA (WS FORM: F-6) , PAGE 2
STATION: NEW IBERIA
MONTH: JANUARY
YEAR: 2024
LATITUDE: 30 1 N
LONGITUDE: 91 53 W
[TEMPERATURE DATA] [PRECIPITATION DATA] SYMBOLS USED IN COLUMN 16
AVERAGE MONTHLY: 49.9 TOTAL FOR MONTH: 6.91 1 = FOG OR MIST
DPTR FM NORMAL: -3.0 DPTR FM NORMAL: 1.55 2 = FOG REDUCING VISIBILITY
HIGHEST: 75 ON 11 GRTST 24HR 2.52 ON 24-25 TO 1/4 MILE OR LESS
LOWEST: 18 ON 16 3 = THUNDER
SNOW, ICE PELLETS, HAIL 4 = ICE PELLETS
TOTAL MONTH: T 5 = HAIL
GRTST 24HR T ON 15-15 6 = FREEZING RAIN OR DRIZZLE
GRTST DEPTH: 0 7 = DUSTSTORM OR SANDSTORM:
VSBY 1/2 MILE OR LESS
8 = SMOKE OR HAZE
[NO. OF DAYS WITH] [WEATHER - DAYS WITH] 9 = BLOWING SNOW
X = TORNADO
MAX 32 OR BELOW: 1 0.01 INCH OR MORE: 14
MAX 90 OR ABOVE: 0 0.10 INCH OR MORE: 9
MIN 32 OR BELOW: 7 0.50 INCH OR MORE: 6
MIN 0 OR BELOW: 0 1.00 INCH OR MORE: 2
[HDD (BASE 65) ]
TOTAL THIS MO. 462 CLEAR (SCALE 0-3) 14
DPTR FM NORMAL 72 PTCLDY (SCALE 4-7) 6
TOTAL FM JUL 1 950 CLOUDY (SCALE 8-10) 11
DPTR FM NORMAL 17
[CDD (BASE 65) ]
TOTAL THIS MO. 2
DPTR FM NORMAL -13 [PRESSURE DATA]
TOTAL FM JAN 1 2 HIGHEST SLP 30.55 ON 21
DPTR FM NORMAL -13 LOWEST SLP 29.54 ON 8
[REMARKS]
#FINAL-01-24#