000
CXUS51 KBUF 010905
CF6ART
PRELIMINARY LOCAL CLIMATOLOGICAL DATA (WS FORM: F-6)
STATION: WATERTOWN NY
MONTH: DECEMBER
YEAR: 2023
LATITUDE: 43 59 N
LONGITUDE: 76 2 W
TEMPERATURE IN F: :PCPN: SNOW: WIND :SUNSHINE: SKY :PK WND
================================================================================
1 2 3 4 5 6A 6B 7 8 9 10 11 12 13 14 15 16 17 18
12Z AVG MX 2MIN
DY MAX MIN AVG DEP HDD CDD WTR SNW DPTH SPD SPD DIR MIN PSBL S-S WX SPD DR
================================================================================
1 49 40 45 13 20 0 0.41 M M 5.5 16 200 M M 10 1 25 180
2 41 36 39 7 26 0 0.07 M M 8.5 14 50 M M 10 1 18 50
3 45 35 40 8 25 0 0.77 M M 9.1 17 230 M M 10 1 28 230
4 42 31 37 6 28 0 0.02 M M 8.8 16 260 M M 10 1 27 260
5 33 30 32 1 33 0 T M M 4.4 9 20 M M 10 1 14 360
6 30 17 24 -6 41 0 T M M 6.4 13 340 M M 10 1 26 340
7 34 16 25 -5 40 0 0.07 M M 4.0 10 190 M M 9 16 15 190
8 47 27 37 7 28 0 0.01 M M 5.4 12 50 M M 9 1 15 90
9 56 44 50 21 15 0 T M M 7.8 16 160 M M 9 27 160
10 56 39 48 19 17 0 0.32 M M 7.3 21 210 M M 10 1 33 200
11 39 31 35 6 30 0 0.05 M M 10.2 24 280 M M 10 18 36 270
12 44 32 38 10 27 0 0.04 M M 14.1 25 230 M M 8 41 220
13 37 23 30 2 35 0 T M M 13.6 24 300 M M 5 33 280
14 43 17 30 2 35 0 0.00 M M 8.3 22 240 M M 4 40 220
15 48 43 46 19 19 0 0.00 M M 13.9 22 230 M M 2 34 230
16 48 31 40 13 25 0 0.00 M M 6.1 15 160 M M 3 24 160
17 54 45 50 23 15 0 0.16 M M 13.9 25 160 M M 4 39 140
18 52 39 46 20 19 0 1.37 M M 9.2 20 220 M M 10 1 27 230
19 39 17 28 2 37 0 0.07 M M 10.2 20 330 M M 9 1 30 320
20 37 19 28 2 37 0 0.00 M M 5.5 13 20 M M 8 17 20
21 32 15 24 -2 41 0 0.00 M M 12.0 21 40 M M 4 28 40
22 33 14 24 -1 41 0 0.00 M M 5.4 10 40 M M 0 14 40
23 37 23 30 5 35 0 0.15 M M 1.6 8 70 M M 9 1 10 70
24 39 34 37 12 28 0 0.03 M M 2.3 6 40 M M 10 12 8 40
25 54 30 42 18 23 0 0.00 M M 3.3 8 70 M M 5 12 11 150
26 53 29 41 17 24 0 0.04 M M 3.4 12 180 M M 6 1 19 180
27 50 46 48 24 17 0 0.50 M M 5.1 9 70 M M 10 1 12 60
28 49 39 44 20 21 0 0.25 M M 8.3 14 40 M M 10 1 19 40
29 43 36 40 17 25 0 0.39 M M 5.3 13 350 M M 10 1 21 230
30 36 28 32 9 33 0 0.02 M M 6.6 14 10 M M 10 1 19 20
31 29 25 27 4 38 0 T M M 4.9 12 310 M M 10 1 16 350
================================================================================
SM 1329 931 878 0 4.74 M 230.4 M 244
================================================================================
AV 42.9 30.0 7.4 FASTST M M 8 MAX(MPH)
MISC ----> # 25 230 41 220
================================================================================
NOTES:
# LAST OF SEVERAL OCCURRENCES
COLUMN 17 PEAK WIND IN M.P.H.
PRELIMINARY LOCAL CLIMATOLOGICAL DATA (WS FORM: F-6) , PAGE 2
STATION: WATERTOWN NY
MONTH: DECEMBER
YEAR: 2023
LATITUDE: 43 59 N
LONGITUDE: 76 2 W
[TEMPERATURE DATA] [PRECIPITATION DATA] SYMBOLS USED IN COLUMN 16
AVERAGE MONTHLY: 36.5 TOTAL FOR MONTH: 4.74 1 = FOG OR MIST
DPTR FM NORMAL: 9.2 DPTR FM NORMAL: 1.60 2 = FOG REDUCING VISIBILITY
HIGHEST: 56 ON 10, 9 GRTST 24HR 1.43 ON 17-18 TO 1/4 MILE OR LESS
LOWEST: 14 ON 22 3 = THUNDER
SNOW, ICE PELLETS, HAIL 4 = ICE PELLETS
TOTAL MONTH: M 5 = HAIL
GRTST 24HR M ON M 6 = FREEZING RAIN OR DRIZZLE
GRTST DEPTH: M ON M 7 = DUSTSTORM OR SANDSTORM:
VSBY 1/2 MILE OR LESS
8 = SMOKE OR HAZE
[NO. OF DAYS WITH] [WEATHER - DAYS WITH] 9 = BLOWING SNOW
X = TORNADO
MAX 32 OR BELOW: 3 0.01 INCH OR MORE: 19
MAX 90 OR ABOVE: 0 0.10 INCH OR MORE: 9
MIN 32 OR BELOW: 19 0.50 INCH OR MORE: 3
MIN 0 OR BELOW: 0 1.00 INCH OR MORE: 1
[HDD (BASE 65) ]
TOTAL THIS MO. 878 CLEAR (SCALE 0-3) 3
DPTR FM NORMAL -292 PTCLDY (SCALE 4-7) 6
TOTAL FM JUL 1 2246 CLOUDY (SCALE 8-10) 22
DPTR FM NORMAL -491
[CDD (BASE 65) ]
TOTAL THIS MO. 0
DPTR FM NORMAL 0 [PRESSURE DATA]
TOTAL FM JAN 1 421 HIGHEST SLP 30.66 ON 21
DPTR FM NORMAL 36 LOWEST SLP 29.17 ON 18
[REMARKS]
#FINAL-12-23#