000
CXUS54 KEWX 020943
CF6ATT
PRELIMINARY LOCAL CLIMATOLOGICAL DATA (WS FORM: F-6)
STATION: AUSTIN CAMP MABRY
MONTH: NOVEMBER
YEAR: 2021
LATITUDE: 30 17 N
LONGITUDE: 97 42 W
TEMPERATURE IN F: :PCPN: SNOW: WIND :SUNSHINE: SKY :PK WND
================================================================================
1 2 3 4 5 6A 6B 7 8 9 10 11 12 13 14 15 16 17 18
12Z AVG MX 2MIN
DY MAX MIN AVG DEP HDD CDD WTR SNW DPTH SPD SPD DIR MIN PSBL S-S WX SPD DR
================================================================================
1 82 53 68 2 0 3 0.00 0.0 0 2.8 10 140 M M 0 18 150
2 79 60 70 4 0 5 T 0.0 0 1.8 8 90 M M 6 1 15 20
3 65 50 58 -7 7 0 1.73 0.0 0 5.4 16 350 M M 10 13 31 360
4 62 45 54 -11 11 0 0.00 0.0 0 5.0 12 360 M M 7 22 10
5 66 41 54 -10 11 0 0.00 0.0 0 0.9 6 110 M M 0 11 50
6 71 42 57 -7 8 0 0.00 0.0 0 0.8 8 110 M M 0 10 90
7 75 45 60 -4 5 0 0.00 0.0 0 1.8 9 190 M M 0 15 210
8 78 51 65 2 0 0 0.00 0.0 0 3.0 10 150 M M 2 12 19 150
9 79 57 68 5 0 3 0.00 0.0 0 2.5 8 150 M M 2 12 16 160
10 81 63 72 9 0 7 0.00 0.0 0 4.3 12 200 M M 7 25 240
11 75 51 63 1 2 0 0.00 0.0 0 4.8 13 20 M M 1 24 360
12 79 45 62 0 3 0 0.00 0.0 0 1.5 9 340 M M 0 18 340
13 71 46 59 -3 6 0 0.00 0.0 0 2.6 8 130 M M 3 13 160
14 80 48 64 3 1 0 0.00 0.0 0 1.6 12 220 M M 0 22 220
15 82 58 70 9 0 5 0.00 0.0 0 2.7 10 210 M M 2 20 150
16 82 65 74 13 0 9 0.00 0.0 0 M 14 210 M M 6 31 230
17 83 63 73 13 0 8 0.00 0.0 0 5.2 15 200 M M 2 34 190
18 66 52 59 -1 6 0 0.00 0.0 0 7.3 16 360 M M 5 31 360
19 67 43 55 -5 10 0 0.00 0.0 0 2.8 8 110 M M 0 13 70
20 75 49 62 3 3 0 0.00 0.0 0 3.3 12 200 M M 5 1 22 220
21 78 59 69 10 0 4 T 0.0 0 3.7 12 350 M M 9 23 310
22 71 45 58 -1 7 0 0.00 0.0 0 3.8 12 360 M M 0 20 10
23 71 39 55 -4 10 0 0.00 0.0 0 3.4 13 160 M M 0 23 150
24 78 53 66 8 0 1 0.07 0.0 0 3.6 13 200 M M 7 1 27 190
25 69 50 60 2 5 0 T 0.0 0 6.5 16 360 M M 3 1 31 360
26 57 44 51 -7 14 0 0.00 0.0 0 3.2 10 360 M M 0 18 10
27 52 47 50 -8 15 0 0.60 0.0 0 0.9 7 160 M M 9 1 12 190
28 72 46 59 2 6 0 0.00 0.0 0 2.3 12 360 M M 4 12 21 360
29 73 45 59 2 6 0 0.00 0.0 0 2.3 7 180 M M 0 14 200
30 75 48 62 5 3 0 0.00 0.0 0 3.1 12 150 M M 0 20 150
================================================================================
SM 2194 1503 139 45 2.40 0.0 92.9 M 90
================================================================================
AV 73.1 50.1 3.2 FASTST M M 3 MAX(MPH)
MISC ----> # 16 350 34 190
================================================================================
NOTES:
# LAST OF SEVERAL OCCURRENCES
COLUMN 17 PEAK WIND IN M.P.H.
PRELIMINARY LOCAL CLIMATOLOGICAL DATA (WS FORM: F-6) , PAGE 2
STATION: AUSTIN CAMP MABRY
MONTH: NOVEMBER
YEAR: 2021
LATITUDE: 30 17 N
LONGITUDE: 97 42 W
[TEMPERATURE DATA] [PRECIPITATION DATA] SYMBOLS USED IN COLUMN 16
AVERAGE MONTHLY: 61.6 TOTAL FOR MONTH: 2.40 1 = FOG OR MIST
DPTR FM NORMAL: 0.6 DPTR FM NORMAL: -0.52 2 = FOG REDUCING VISIBILITY
HIGHEST: 83 ON 17 GRTST 24HR 1.73 ON 3- 3 TO 1/4 MILE OR LESS
LOWEST: 39 ON 23 3 = THUNDER
SNOW, ICE PELLETS, HAIL 4 = ICE PELLETS
TOTAL MONTH: 0.0 INCH 5 = HAIL
GRTST 24HR 0.0 6 = FREEZING RAIN OR DRIZZLE
GRTST DEPTH: 0 7 = DUSTSTORM OR SANDSTORM:
VSBY 1/2 MILE OR LESS
8 = SMOKE OR HAZE
[NO. OF DAYS WITH] [WEATHER - DAYS WITH] 9 = BLOWING SNOW
X = TORNADO
MAX 32 OR BELOW: 0 0.01 INCH OR MORE: 3
MAX 90 OR ABOVE: 0 0.10 INCH OR MORE: 2
MIN 32 OR BELOW: 0 0.50 INCH OR MORE: 2
MIN 0 OR BELOW: 0 1.00 INCH OR MORE: 1
[HDD (BASE 65) ]
TOTAL THIS MO. 139 CLEAR (SCALE 0-3) 18
DPTR FM NORMAL -43 PTCLDY (SCALE 4-7) 9
TOTAL FM JUL 1 143 CLOUDY (SCALE 8-10) 3
DPTR FM NORMAL -72
[CDD (BASE 65) ]
TOTAL THIS MO. 45
DPTR FM NORMAL -17 [PRESSURE DATA]
TOTAL FM JAN 1 3315 HIGHEST SLP 30.47 ON 19
DPTR FM NORMAL 41 LOWEST SLP 29.79 ON 10
[REMARKS]
#FINAL-11-21#