000
CXUS54 KEWX 011924
CF6ATT
PRELIMINARY LOCAL CLIMATOLOGICAL DATA (WS FORM: F-6)
STATION: AUSTIN CAMP MABRY
MONTH: MAY
YEAR: 2021
LATITUDE: 30 17 N
LONGITUDE: 97 42 W
TEMPERATURE IN F: :PCPN: SNOW: WIND :SUNSHINE: SKY :PK WND
================================================================================
1 2 3 4 5 6A 6B 7 8 9 10 11 12 13 14 15 16 17 18
12Z AVG MX 2MIN
DY MAX MIN AVG DEP HDD CDD WTR SNW DPTH SPD SPD DIR MIN PSBL S-S WX SPD DR
================================================================================
1 76 65 71 -2 0 6 1.44 0.0 0 4.9 13 110 M M 10 13 26 90
2 89 61 75 2 0 10 0.00 0.0 0 4.8 13 140 M M 1 24 200
3 94 73 84 11 0 19 0.00 0.0 0 6.5 14 150 M M 5 3 26 150
4 84 67 76 2 0 11 0.00 0.0 0 7.2 15 10 M M 3 3 28 340
5 82 58 70 -4 0 5 0.00 0.0 0 4.3 13 10 M M 0 23 40
6 89 58 74 0 0 9 0.00 0.0 0 3.0 9 80 M M 0 18 40
7 87 60 74 0 0 9 0.00 0.0 0 4.8 13 170 M M 0 26 160
8 91 68 80 5 0 15 0.00 0.0 0 7.7 16 160 M M 4 32 150
9 90 74 82 7 0 17 0.01 0.0 0 4.5 12 170 M M 7 24 150
10 80 63 72 -3 0 7 T 0.0 0 5.8 13 10 M M 10 18 22 30
11 76 62 69 -7 0 4 0.26 0.0 0 4.2 20 10 M M 9 138 34 30
12 75 60 68 -8 0 3 T 0.0 0 8.2 14 360 M M 10 1 25 10
13 75 60 68 -8 0 3 0.00 0.0 0 3.3 9 350 M M 9 17 360
14 85 58 72 -4 0 7 0.00 0.0 0 4.0 13 150 M M 5 24 130
15 80 67 74 -3 0 9 T 0.0 0 6.6 14 130 M M 7 21 150
16 82 70 76 -1 0 11 1.09 0.0 0 6.7 17 130 M M 8 38 28 140
17 82 66 74 -3 0 9 0.39 0.0 0 5.2 21 20 M M 6 138 43 10
18 79 66 73 -4 0 8 0.53 0.0 0 5.1 15 150 M M 7 13 29 60
19 73 64 69 -9 0 4 0.00 0.0 0 2.2 10 10 M M 4 3 18 120
20 86 63 75 -3 0 10 0.00 0.0 0 2.4 9 130 M M 2 16 90
21 87 69 78 0 0 13 T 0.0 0 5.0 12 100 M M 5 18 20 80
22 81 72 77 -1 0 12 0.65 0.0 0 7.6 18 110 M M 8 1 31 120
23 74 70 72 -7 0 7 0.17 0.0 0 6.0 13 120 M M 10 1 22 110
24 88 70 79 0 0 14 0.12 0.0 0 4.1 15 100 M M 9 1 24 120
25 91 72 82 3 0 17 0.01 0.0 0 6.4 14 160 M M 9 1 26 160
26 91 68 80 0 0 15 0.12 0.0 0 4.3 12 140 M M 6 1 20 160
27 90 75 83 3 0 18 0.00 0.0 0 6.5 13 150 M M 6 22 170
28 88 66 77 -3 0 12 1.33 0.0 0 6.9 26 340 M M 8 123 49 330
29 88 66 77 -3 0 12 T 0.0 0 2.5 10 120 M M 1 17 150
30 88 69 79 -1 0 14 0.48 0.0 0 3.7 14 150 M M 6 13 25 180
31 86 69 78 -3 0 13 0.63 0.0 0 6.4 14 140 M M 8 1 26 320
================================================================================
SM 2607 2049 0 323 7.23 0.0 160.8 M 183
================================================================================
AV 84.1 66.1 5.2 FASTST M M 6 MAX(MPH)
MISC ----> 26 340 49 330
================================================================================
NOTES:
# LAST OF SEVERAL OCCURRENCES
COLUMN 17 PEAK WIND IN M.P.H.
PRELIMINARY LOCAL CLIMATOLOGICAL DATA (WS FORM: F-6) , PAGE 2
STATION: AUSTIN CAMP MABRY
MONTH: MAY
YEAR: 2021
LATITUDE: 30 17 N
LONGITUDE: 97 42 W
[TEMPERATURE DATA] [PRECIPITATION DATA] SYMBOLS USED IN COLUMN 16
AVERAGE MONTHLY: 75.1 TOTAL FOR MONTH: 7.23 1 = FOG OR MIST
DPTR FM NORMAL: -1.7 DPTR FM NORMAL: 2.19 2 = FOG REDUCING VISIBILITY
HIGHEST: 94 ON 3 GRTST 24HR 2.40 ON 30- 1 TO 1/4 MILE OR LESS
LOWEST: 58 ON 14, 6 3 = THUNDER
SNOW, ICE PELLETS, HAIL 4 = ICE PELLETS
TOTAL MONTH: 0.0 INCH 5 = HAIL
GRTST 24HR 0.0 6 = FREEZING RAIN OR DRIZZLE
GRTST DEPTH: 0 7 = DUSTSTORM OR SANDSTORM:
VSBY 1/2 MILE OR LESS
8 = SMOKE OR HAZE
[NO. OF DAYS WITH] [WEATHER - DAYS WITH] 9 = BLOWING SNOW
X = TORNADO
MAX 32 OR BELOW: 0 0.01 INCH OR MORE: 14
MAX 90 OR ABOVE: 6 0.10 INCH OR MORE: 12
MIN 32 OR BELOW: 0 0.50 INCH OR MORE: 6
MIN 0 OR BELOW: 0 1.00 INCH OR MORE: 3
[HDD (BASE 65) ]
TOTAL THIS MO. 0 CLEAR (SCALE 0-3) 6
DPTR FM NORMAL -3 PTCLDY (SCALE 4-7) 15
TOTAL FM JUL 1 1411 CLOUDY (SCALE 8-10) 10
DPTR FM NORMAL -29
[CDD (BASE 65) ]
TOTAL THIS MO. 323
DPTR FM NORMAL -47 [PRESSURE DATA]
TOTAL FM JAN 1 601 HIGHEST SLP 30.32 ON 13
DPTR FM NORMAL -48 LOWEST SLP 29.48 ON 2
[REMARKS]
#FINAL-05-21#