000
CXUS53 KABR 011200
CF6ATY
PRELIMINARY LOCAL CLIMATOLOGICAL DATA (WS FORM: F-6)
STATION: WATERTOWN SD
MONTH: FEBRUARY
YEAR: 2022
LATITUDE: 44 55 N
LONGITUDE: 97 9 W
TEMPERATURE IN F: :PCPN: SNOW: WIND :SUNSHINE: SKY :PK WND
================================================================================
1 2 3 4 5 6A 6B 7 8 9 10 11 12 13 14 15 16 17 18
12Z AVG MX 2MIN
DY MAX MIN AVG DEP HDD CDD WTR SNW DPTH SPD SPD DIR MIN PSBL S-S WX SPD DR
================================================================================
1 33 -4 15 2 50 0 T T 5 20.1 32 300 M M 2 8 47 320
2 -1 -14 -7 -20 72 0 0.00 0.0 5 8.2 16 360 M M 1 20 340
3 6 -17 -5 -18 70 0 0.00 0.0 5 7.3 16 170 M M 1 22 170
4 12 -6 3 -10 62 0 T T 5 12.7 26 330 M M 4 8 34 330
5 41 2 22 9 43 0 0.00 0.0 5 12.9 25 170 M M 5 35 180
6 29 5 17 3 48 0 T T 4 12.6 31 320 M M 7 18 39 330
7 41 7 24 10 41 0 0.00 0.0 4 8.4 14 160 M M 3 16 260
8 43 25 34 20 31 0 0.00 0.0 3 13.9 28 310 M M 4 42 310
9 35 21 28 14 37 0 T T 2 20.0 35 330 M M 10 1 46 330
10 45 13 29 15 36 0 0.12 0.3 2 14.7 29 220 M M 6 12 40 210
11 38 -5 17 2 48 0 T T 1 24.9 37 340 M M 7 8 50 350
12 14 -9 3 -12 62 0 0.02 0.2 1 7.6 22 360 M M 7 18 28 10
13 27 -10 9 -6 56 0 0.00 0.0 1 11.0 25 170 M M 5 18 32 190
14 28 1 15 -1 50 0 T T 1 10.4 32 320 M M 3 18 44 320
15 37 11 24 8 41 0 0.00 0.0 1 11.5 25 150 M M 1 1 39 130
16 23 3 13 -3 52 0 0.00 0.0 1 19.3 26 360 M M 4 36 340
17 15 -5 5 -12 60 0 0.00 0.0 1 8.9 18 160 M M 5 27 150
18 38 2 20 3 45 0 T T 1 20.2 38 310 M M 6 8 52 310
19 34 -3 16 -2 49 0 0.00 0.0 1 15.1 33 200 M M 2 43 200
20 42 7 25 7 40 0 0.00 0.0 1 13.7 24 30 M M 6 32 40
21 8 -3 3 -15 62 0 0.01 0.1 1 22.0 31 10 M M 10 18 44 20
22 -2 -9 -5 -24 70 0 0.23 2.2 2 23.7 36 340 M M 10 8 44 350
23 3 -15 -6 -25 71 0 0.00 0.0 3 7.8 22 340 M M 2 26 340
24 2 -9 -3 -23 68 0 0.02 0.2 3 5.2 12 30 M M 8 18 16 20
25 11 -13 -1 -21 66 0 0.00 0.0 3 7.2 16 200 M M 1 20 200
26 31 5 18 -2 47 0 0.00 0.0 3 12.2 22 250 M M 0 27 260
27 43 5 24 3 41 0 0.00 0.0 3 7.5 20 220 M M 0 25 220
28 51 17 34 13 31 0 0.00 0.0 2 6.8 21 260 M M 2 28 260
================================================================================
SM 727 2 1449 0 0.40 3.0 365.8 M 122
================================================================================
AV 26.0 0.1 13.1 FASTST M M 4 MAX(MPH)
MISC ----> 38 310 52 310
================================================================================
NOTES:
# LAST OF SEVERAL OCCURRENCES
COLUMN 17 PEAK WIND IN M.P.H.
PRELIMINARY LOCAL CLIMATOLOGICAL DATA (WS FORM: F-6) , PAGE 2
STATION: WATERTOWN SD
MONTH: FEBRUARY
YEAR: 2022
LATITUDE: 44 55 N
LONGITUDE: 97 9 W
[TEMPERATURE DATA] [PRECIPITATION DATA] SYMBOLS USED IN COLUMN 16
AVERAGE MONTHLY: 13.0 TOTAL FOR MONTH: 0.40 1 = FOG OR MIST
DPTR FM NORMAL: -3.3 DPTR FM NORMAL: -0.25 2 = FOG REDUCING VISIBILITY
HIGHEST: 51 ON 28 GRTST 24HR 0.23 ON 22-22 TO 1/4 MILE OR LESS
LOWEST: -17 ON 3 3 = THUNDER
SNOW, ICE PELLETS, HAIL 4 = ICE PELLETS
TOTAL MONTH: 3.0 INCHES 5 = HAIL
GRTST 24HR 2.2 ON 22-22 6 = FREEZING RAIN OR DRIZZLE
GRTST DEPTH: 6 ON M 7 = DUSTSTORM OR SANDSTORM:
VSBY 1/2 MILE OR LESS
8 = SMOKE OR HAZE
[NO. OF DAYS WITH] [WEATHER - DAYS WITH] 9 = BLOWING SNOW
X = TORNADO
MAX 32 OR BELOW: 15 0.01 INCH OR MORE: 5
MAX 90 OR ABOVE: 0 0.10 INCH OR MORE: 2
MIN 32 OR BELOW: 28 0.50 INCH OR MORE: 0
MIN 0 OR BELOW: 14 1.00 INCH OR MORE: 0
[HDD (BASE 65) ]
TOTAL THIS MO. 1449 CLEAR (SCALE 0-3) 11
DPTR FM NORMAL 86 PTCLDY (SCALE 4-7) 14
TOTAL FM JUL 1 6001 CLOUDY (SCALE 8-10) 3
DPTR FM NORMAL -340
[CDD (BASE 65) ]
TOTAL THIS MO. 0
DPTR FM NORMAL 0 [PRESSURE DATA]
TOTAL FM JAN 1 0 HIGHEST SLP 30.81 ON 23
DPTR FM NORMAL 0 LOWEST SLP 29.41 ON 10
[REMARKS]
#FINAL-02-22#