000
CXUS51 KGYX 021512
CF6AUG
PRELIMINARY LOCAL CLIMATOLOGICAL DATA (WS FORM: F-6)
STATION: AUGUSTA
MONTH: MAY
YEAR: 2022
LATITUDE: 44 18 N
LONGITUDE: 69 48 W
TEMPERATURE IN F: :PCPN: SNOW: WIND :SUNSHINE: SKY :PK WND
================================================================================
1 2 3 4 5 6A 6B 7 8 9 10 11 12 13 14 15 16 17 18
12Z AVG MX 2MIN
DY MAX MIN AVG DEP HDD CDD WTR SNW DPTH SPD SPD DIR MIN PSBL S-S WX SPD DR
================================================================================
1 67 38 53 3 12 0 0.00 M M 6.8 20 360 M M 1 27 360
2 64 37 51 0 14 0 0.00 M M 4.7 14 170 M M 3 22 220
3 65 44 55 4 10 0 0.00 M M 4.9 16 150 M M 6 23 150
4 51 44 48 -4 17 0 0.47 M M 5.2 13 160 M M 9 1 15 160
5 67 46 57 5 8 0 0.00 M M 9.0 20 300 M M 2 1 29 300
6 66 42 54 2 11 0 0.00 M M 7.7 20 330 M M 1 30 330
7 58 37 48 -5 17 0 0.00 M M 7.8 18 30 M M 0 26 200
8 64 35 50 -3 15 0 0.00 M M 6.0 15 20 M M 0 20 30
9 71 36 54 1 11 0 0.00 M M 7.7 17 20 M M 0 26 70
10 73 40 57 3 8 0 0.00 M M 6.9 14 40 M M 0 21 10
11 77 40 59 5 6 0 0.00 M M 4.3 12 30 M M 0 16 20
12 85 48 67 13 0 2 0.00 M M 3.8 12 180 M M 0 12 18 170
13 81 53 67 13 0 2 0.00 M M 6.1 15 180 M M 3 12 23 190
14 92 57 75 20 0 10 0.00 M M 4.8 13 190 M M 0 22 230
15 65 53 59 4 6 0 0.09 M M 6.6 12 130 M M 8 1 15 130
16 75 52 64 9 1 0 0.12 M M 5.9 15 120 M M 9 12 21 160
17 74 53 64 8 1 0 0.00 M M 10.7 23 280 M M 6 12 34 270
18 67 47 57 1 8 0 0.00 M M 11.3 26 290 M M 1 38 290
19 62 41 52 -4 13 0 0.15 M M 5.3 16 130 M M 7 1 23 120
20 60 49 55 -1 10 0 T M M 5.8 14 160 M M 9 1 18 170
21 72 50 61 4 4 0 0.05 M M 5.5 14 150 M M 9 12 19 140
22 86 59 73 16 0 8 0.02 M M 4.4 17 320 M M 6 123 23 330
23 68 51 60 3 5 0 0.00 M M 12.2 20 330 M M 1 27 330
24 65 43 54 -4 11 0 0.00 M M 6.0 14 160 M M 1 20 160
25 72 42 57 -1 8 0 0.00 M M 4.9 17 160 M M 1 12 23 150
26 70 47 59 1 6 0 0.00 M M 7.2 18 180 M M 2 30 170
27 83 57 70 12 0 5 T M M 8.0 16 180 M M 3 23 180
28 77 56 67 8 0 2 0.73 M M 6.0 13 180 M M 6 123 23 210
29 81 52 67 8 0 2 0.00 M M 5.3 12 180 M M 1 19 190
30 84 53 69 10 0 4 0.00 M M 4.5 12 270 M M 2 18 270
31 68 51 60 0 5 0 0.01 M M 7.7 18 20 M M 5 1 26 30
================================================================================
SM 2210 1453 207 35 1.64 M 203.0 M 102
================================================================================
AV 71.3 46.9 6.5 FASTST M M 3 MAX(MPH)
MISC ----> 26 290 38 290
================================================================================
NOTES:
# LAST OF SEVERAL OCCURRENCES
COLUMN 17 PEAK WIND IN M.P.H.
PRELIMINARY LOCAL CLIMATOLOGICAL DATA (WS FORM: F-6) , PAGE 2
STATION: AUGUSTA
MONTH: MAY
YEAR: 2022
LATITUDE: 44 18 N
LONGITUDE: 69 48 W
[TEMPERATURE DATA] [PRECIPITATION DATA] SYMBOLS USED IN COLUMN 16
AVERAGE MONTHLY: 59.1 TOTAL FOR MONTH: 1.64 1 = FOG OR MIST
DPTR FM NORMAL: 3.8 DPTR FM NORMAL: -1.63 2 = FOG REDUCING VISIBILITY
HIGHEST: 92 ON 14 GRTST 24HR 0.73 ON 27-28 TO 1/4 MILE OR LESS
LOWEST: 35 ON 8 3 = THUNDER
SNOW, ICE PELLETS, HAIL 4 = ICE PELLETS
TOTAL MONTH: M 5 = HAIL
GRTST 24HR M ON M 6 = FREEZING RAIN OR DRIZZLE
GRTST DEPTH: M ON M 7 = DUSTSTORM OR SANDSTORM:
VSBY 1/2 MILE OR LESS
8 = SMOKE OR HAZE
[NO. OF DAYS WITH] [WEATHER - DAYS WITH] 9 = BLOWING SNOW
X = TORNADO
MAX 32 OR BELOW: 0 0.01 INCH OR MORE: 8
MAX 90 OR ABOVE: 1 0.10 INCH OR MORE: 4
MIN 32 OR BELOW: 0 0.50 INCH OR MORE: 1
MIN 0 OR BELOW: 0 1.00 INCH OR MORE: 0
[HDD (BASE 65) ]
TOTAL THIS MO. 207 CLEAR (SCALE 0-3) 19
DPTR FM NORMAL -106 PTCLDY (SCALE 4-7) 8
TOTAL FM JUL 1 6243 CLOUDY (SCALE 8-10) 4
DPTR FM NORMAL -947
[CDD (BASE 65) ]
TOTAL THIS MO. 35
DPTR FM NORMAL 25 [PRESSURE DATA]
TOTAL FM JAN 1 35 HIGHEST SLP 30.54 ON 10
DPTR FM NORMAL 25 LOWEST SLP 29.43 ON 17
[REMARKS]
#FINAL-05-22#