000
CXUS51 KGYX 020125
CLMAUG
PWMCLMAUG 000
TTAA00 GYX 020050
CLIMATE REPORT
NATIONAL WEATHER SERVICE GRAY ME
850 PM EDT MON APR 01 2024
...................................
...THE AUGUSTA CLIMATE SUMMARY FOR THE MONTH OF MARCH 2024...
CLIMATE NORMAL PERIOD: 1991 TO 2020
CLIMATE RECORD PERIOD: 1948 TO 2024
WEATHER OBSERVED NORMAL DEPART LAST YEAR`S
VALUE DATE(S) VALUE FROM VALUE DATE(S)
NORMAL
................................................................
TEMPERATURE (F)
RECORD
HIGH 85 03/31/1998
LOW -11 03/01/1982
HIGHEST 57 03/06 60 -3 54 03/27
LOWEST 9 03/01 3 6 15 03/01
AVG. MAXIMUM 44.6 40.6 4.0 43.4
AVG. MINIMUM 30.8 23.4 7.4 28.0
MEAN 37.7 32.0 5.7 35.7
DAYS MAX >= 90 0 0.0 0.0 0
DAYS MAX <= 32 2 5.8 -3.8 1
DAYS MIN <= 32 17 25.9 -8.9 26
DAYS MIN <= 0 0 0.6 -0.6 0
PRECIPITATION (INCHES)
RECORD
MAXIMUM 9.71 1953
MINIMUM 0.59 1965
TOTALS 9.26 3.21 6.05 1.94
DAILY AVG. 0.30 0.10 0.20 0.06
DAYS >= .01 17 11.0 6.0 10
DAYS >= .10 13 6.5 6.5 6
DAYS >= .50 7 2.1 4.9 1
DAYS >= 1.00 4 0.6 3.4 0
GREATEST
24 HR. TOTAL 1.63 03/06 TO 03/07
DEGREE DAYS
HEATING TOTAL 839 1023 -184 902
SINCE 7/1 5258 6243 -985 5292
COOLING TOTAL 0 0 0 0
SINCE 1/1 0 0 0 0
................................................................
WIND (MPH)
AVERAGE WIND SPEED 8.6
HIGHEST WIND SPEED/DIRECTION 39/330 DATE 03/29
HIGHEST GUST SPEED/DIRECTION 56/330 DATE 03/29
SKY COVER
AVERAGE SKY COVER 0.59
AVERAGE RH (PERCENT) 67
WEATHER CONDITIONS. NUMBER OF DAYS WITH
THUNDERSTORM 2 HEAVY RAIN 3
RAIN 9 LIGHT RAIN 14
FREEZING RAIN 1 LT FREEZING RAIN 1
HEAVY SNOW 0 SNOW 2
LIGHT SNOW 6 FOG 18
FOG W/VIS <= 1/4 MILE 6 HAZE 4
- INDICATES NEGATIVE NUMBERS.
R INDICATES RECORD WAS SET OR TIED.
MM INDICATES DATA IS MISSING.
T INDICATES TRACE AMOUNT.
$$