000
CXUS53 KGID 011133
CF6AUH
PRELIMINARY LOCAL CLIMATOLOGICAL DATA (WS FORM: F-6)
STATION: AURORA
MONTH: MARCH
YEAR: 2021
LATITUDE: 40 54 N
LONGITUDE: 97 59 W
TEMPERATURE IN F: :PCPN: SNOW: WIND :SUNSHINE: SKY :PK WND
================================================================================
1 2 3 4 5 6A 6B 7 8 9 10 11 12 13 14 15 16 17 18
12Z AVG MX 2MIN
DY MAX MIN AVG DEP HDD CDD WTR SNW DPTH SPD SPD DIR MIN PSBL S-S WX SPD DR
================================================================================
1 45 28 37 4 28 0 0.00 M M 8.3 14 260 M M 0 1 M M
2 64 31 48 14 17 0 0.00 M M 11.9 21 230 M M 0 30 210
3 66 30 48 14 17 0 0.00 M M 4.7 8 120 M M 0 M M
4 67 30 49 15 16 0 0.00 M M 8.0 14 100 M M 0 20 120
5 59 31 45 10 20 0 0.00 M M 5.6 10 80 M M 1 12 M M
6 71 34 53 18 12 0 0.00 M M 9.8 16 190 M M 0 23 240
7 71 40 56 20 9 0 0.00 M M 13.4 25 230 M M 0 33 210
8 71 33 52 16 13 0 0.00 M M 10.9 21 170 M M 0 27 170
9 75 43 59 23 6 0 0.00 M M 12.5 16 170 M M 0 22 160
10 63 33 48 11 17 0 0.00 M M 14.8 27 240 M M 6 37 240
11 53 29 41 4 24 0 0.00 M M 8.3 17 330 M M 0 24 330
12 55 29 42 4 23 0 0.00 M M 9.8 20 110 M M 3 24 110
13 45 41 43 5 22 0 2.50 M M 13.9 35 80 M M 10 3 38 80
14 44 40 42 4 23 0 2.01 M M 27.0 41 90 M M 10 13 52 90
15 42 38 40 1 25 0 0.06 M M 9.8 18 60 M M 10 1 22 60
16 45 36 41 2 24 0 0.00 M M 6.8 16 340 M M 10 12 22 330
17 39 33 36 -3 29 0 0.00 M M 20.3 25 360 M M 10 33 10
18 50 31 41 1 24 0 0.00 M M 15.0 22 20 M M 7 29 10
19 55 25 40 0 25 0 0.00 M M 7.6 15 150 M M 0 1 20 160
20 65 35 50 10 15 0 0.00 M M 17.5 25 170 M M 0 36 170
21 63 40 52 11 13 0 0.00 M M 17.0 28 170 M M 3 35 210
22 46 38 42 1 23 0 1.35 M M 12.6 23 60 M M 10 30 50
23 49 38 44 2 21 0 1.18 M M 17.0 30 340 M M 10 39 340
24 49 38 44 2 21 0 0.03 M M 16.3 27 340 M M 7 33 340
25 49 37 43 1 22 0 0.00 M M 3.7 9 140 M M 8 M M
26 55 36 46 3 19 0 0.06 M M 11.9 18 110 M M 3 27 100
27 57 31 44 1 21 0 0.00 M M 15.0 24 320 M M 6 1 32 320
28 66 28 47 4 18 0 0.00 M M 8.9 16 200 M M 0 22 220
29 78 46 62 18 3 0 0.00 M M 18.3 33 10 M M 0 51 130
30 51 28 40 -4 25 0 0.00 M M 16.4 31 360 M M 4 43 360
31 51 21 36 -8 29 0 0.00 M M 10.2 24 310 M M 1 31 310
================================================================================
SM 1759 1051 604 0 7.19 M 383.2 M 119
================================================================================
AV 56.7 33.9 12.4 FASTST M M 4 MAX(MPH)
MISC ----> 41 90 M M
================================================================================
NOTES:
# LAST OF SEVERAL OCCURRENCES
COLUMN 17 PEAK WIND IN M.P.H.
PRELIMINARY LOCAL CLIMATOLOGICAL DATA (WS FORM: F-6) , PAGE 2
STATION: AURORA
MONTH: MARCH
YEAR: 2021
LATITUDE: 40 54 N
LONGITUDE: 97 59 W
[TEMPERATURE DATA] [PRECIPITATION DATA] SYMBOLS USED IN COLUMN 16
AVERAGE MONTHLY: 45.3 TOTAL FOR MONTH: 7.19 1 = FOG OR MIST
DPTR FM NORMAL: 6.4 DPTR FM NORMAL: 5.01 2 = FOG REDUCING VISIBILITY
HIGHEST: 78 ON 29 GRTST 24HR 2.50 ON 13-13 TO 1/4 MILE OR LESS
LOWEST: 21 ON 31 3 = THUNDER
SNOW, ICE PELLETS, HAIL 4 = ICE PELLETS
TOTAL MONTH: M 5 = HAIL
GRTST 24HR M ON M 6 = FREEZING RAIN OR DRIZZLE
GRTST DEPTH: M ON M 7 = DUSTSTORM OR SANDSTORM:
VSBY 1/2 MILE OR LESS
8 = SMOKE OR HAZE
[NO. OF DAYS WITH] [WEATHER - DAYS WITH] 9 = BLOWING SNOW
X = TORNADO
MAX 32 OR BELOW: 0 0.01 INCH OR MORE: 7
MAX 90 OR ABOVE: 0 0.10 INCH OR MORE: 4
MIN 32 OR BELOW: 13 0.50 INCH OR MORE: 4
MIN 0 OR BELOW: 0 1.00 INCH OR MORE: 4
[HDD (BASE 65) ]
TOTAL THIS MO. 604 CLEAR (SCALE 0-3) 17
DPTR FM NORMAL -204 PTCLDY (SCALE 4-7) 6
TOTAL FM JUL 1 5299 CLOUDY (SCALE 8-10) 8
DPTR FM NORMAL -301
[CDD (BASE 65) ]
TOTAL THIS MO. 0
DPTR FM NORMAL -1 [PRESSURE DATA]
TOTAL FM JAN 1 0 HIGHEST SLP M ON M
DPTR FM NORMAL -1 LOWEST SLP M ON M
[REMARKS]
#FINAL-03-21#