000
CXUS53 KARX 011000
CF6AUM
PRELIMINARY LOCAL CLIMATOLOGICAL DATA (WS FORM: F-6)
STATION: AUSTIN MUNI MN
MONTH: JANUARY
YEAR: 2021
LATITUDE: 43 40 N
LONGITUDE: 92 56 W
TEMPERATURE IN F: :PCPN: SNOW: WIND :SUNSHINE: SKY :PK WND
================================================================================
1 2 3 4 5 6A 6B 7 8 9 10 11 12 13 14 15 16 17 18
12Z AVG MX 2MIN
DY MAX MIN AVG DEP HDD CDD WTR SNW DPTH SPD SPD DIR MIN PSBL S-S WX SPD DR
================================================================================
1 23 12 18 M 47 0 M M M 4.1 14 180 M M 4 1 22 170
2 27 5 16 M 49 0 M M M 3.1 9 180 M M 3 128 M M
3 27 10 19 M 46 0 M M M 1.6 6 190 M M 6 1 M M
4 37 18 28 M 37 0 M M M 6.8 15 300 M M 6 1 20 300
5 37 12 25 M 40 0 M M M 1.6 8 300 M M 0 M M
6 36 25 31 M 34 0 0.00 0.0 M 6.4 10 120 M M 3 M M
7 30 21 26 M 39 0 0.00 0.0 M 3.2 9 110 M M 10 1 M M
8 28 21 25 M 40 0 0.00 0.0 M 3.9 8 30 M M 10 1 M M
9 21 18 20 M 45 0 0.00 0.0 M 3.8 8 320 M M 10 1 M M
10 28 18 23 M 42 0 0.00 0.0 M 5.8 13 290 M M 10 1 12 260
11 39 25 32 M 33 0 0.00 0.0 M 9.9 18 220 M M 1 23 210
12 45 19 32 M 33 0 0.00 0.0 M 3.9 8 200 M M 0 M M
13 45 27 36 M 29 0 0.00 0.0 M 3.0 6 150 M M 2 M M
14 36 28 32 M 33 0 M M M 7.4 14 300 M M 8 20 300
15 36 32 34 M 31 0 M M M 9.8 15 340 M M 10 1 23 340
16 34 21 28 M 37 0 M M M 12.9 16 290 M M 10 1 24 320
17 25 18 22 M 43 0 M M M 5.1 12 320 M M 8 1 M M
18 23 19 21 M 44 0 M M M 6.7 13 310 M M 8 1 17 300
19 28 3 16 M 49 0 M M M 7.2 23 320 M M 8 8 29 320
20 39 -2 19 M 46 0 0.00 0.0 M 12.0 22 220 M M 0 28 220
21 36 9 23 M 42 0 0.00 0.0 M 16.2 27 310 M M 3 40 310
22 12 1 7 M 58 0 0.00 0.0 M 6.4 14 310 M M 0 21 310
23 19 -2 9 M 56 0 M M M 5.6 12 120 M M 5 17 140
24 21 1 11 M 54 0 M M M 4.1 8 20 M M 5 1 M M
25 19 9 14 M 51 0 M M M 9.9 14 20 M M 3 21 30
26 19 10 15 M 50 0 0.00 0.0 M 8.4 15 30 M M 5 21 10
27 18 3 11 M 54 0 0.00 0.0 M 1.9 6 330 M M 5 M M
28 21 1 11 M 54 0 0.00 0.0 M 4.0 10 160 M M 2 M M
29 25 14 20 M 45 0 0.00 0.0 M 10.8 17 130 M M 9 1 24 130
30 30 23 27 M 38 0 M M M 13.6 22 100 M M 9 1 27 100
31 30 27 29 M 36 0 M M M 10.5 14 340 M M 9 21 340
================================================================================
SM 894 446 1335 0 0.00 0.0 209.6 M 172
================================================================================
AV 28.8 14.4 6.8 FASTST M M 6 MAX(MPH)
MISC ----> 27 310 40 310
================================================================================
NOTES:
# LAST OF SEVERAL OCCURRENCES
COLUMN 17 PEAK WIND IN M.P.H.
PRELIMINARY LOCAL CLIMATOLOGICAL DATA (WS FORM: F-6) , PAGE 2
STATION: AUSTIN MUNI MN
MONTH: JANUARY
YEAR: 2021
LATITUDE: 43 40 N
LONGITUDE: 92 56 W
[TEMPERATURE DATA] [PRECIPITATION DATA] SYMBOLS USED IN COLUMN 16
AVERAGE MONTHLY: 21.6 TOTAL FOR MONTH: 0.00 1 = FOG OR MIST
DPTR FM NORMAL: 0.0 DPTR FM NORMAL: M 2 = FOG REDUCING VISIBILITY
HIGHEST: 45 ON 12,13 GRTST 24HR 0.33 ON 14-15 TO 1/4 MILE OR LESS
LOWEST: -2 ON 23,20 3 = THUNDER
SNOW, ICE PELLETS, HAIL 4 = ICE PELLETS
TOTAL MONTH: 0.0 INCH 5 = HAIL
GRTST 24HR 0.0 6 = FREEZING RAIN OR DRIZZLE
GRTST DEPTH: M ON M 7 = DUSTSTORM OR SANDSTORM:
VSBY 1/2 MILE OR LESS
8 = SMOKE OR HAZE
[NO. OF DAYS WITH] [WEATHER - DAYS WITH] 9 = BLOWING SNOW
X = TORNADO
MAX 32 OR BELOW: 20 0.01 INCH OR MORE: 0
MAX 90 OR ABOVE: 0 0.10 INCH OR MORE: 0
MIN 32 OR BELOW: 31 0.50 INCH OR MORE: 0
MIN 0 OR BELOW: 2 1.00 INCH OR MORE: 0
[HDD (BASE 65) ]
TOTAL THIS MO. 1335 CLEAR (SCALE 0-3) 10
DPTR FM NORMAL M PTCLDY (SCALE 4-7) 12
TOTAL FM JUL 1 4152 CLOUDY (SCALE 8-10) 9
DPTR FM NORMAL M
[CDD (BASE 65) ]
TOTAL THIS MO. 0
DPTR FM NORMAL M [PRESSURE DATA]
TOTAL FM JAN 1 0 HIGHEST SLP M ON M
DPTR FM NORMAL M LOWEST SLP M ON M
[REMARKS]
#FINAL-01-21#