610
CXUS53 KGRB 032017 RRA
CLSAUW
CLIMATE REPORT
NATIONAL WEATHER SERVICE GREEN BAY
318 PM CDT THU SEP 3 2020
...TIED 25TH WARMEST SUMMER...
...16TH WETTEST SUMMER...
...TIED 16TH LEAST HEATING DEGREE DAYS...
...26TH MOST COOLING DEGREE DAYS...
...THE WAUSAU WI SUMMER CLIMATE SUMMARY FROM 6/1/2020 TO
8/31/2020...
CLIMATE NORMAL PERIOD 1981 TO 2010
CLIMATE RECORD PERIOD 1896 TO 2020
WEATHER OBSERVED NORMAL DEPART LAST YEAR`S
VALUE DATE(S) VALUE FROM VALUE DATE(S)
NORMAL
................................................................
TEMPERATURE (F)
RECORD
HIGH 107 07/13/1936
LOW 29 06/01/1897
HIGHEST 91 06/02 94 -3 90 07/19
LOWEST 41 06/14 40 1 42 06/03
AVG. MAXIMUM 79.8 77.9 1.9 77.1
AVG. MINIMUM 58.5 56.5 2.0 56.3
MEAN 69.1 67.2 1.9 66.7
DAYS MAX >= 90 5 3.9 1.1 1
DAYS MAX <= 32 0 0.0 0.0 0
DAYS MIN <= 32 0 0.0 0.0 0
DAYS MIN <= 0 0 0.0 0.0 0
PRECIPITATION (INCHES)
RECORD
MAXIMUM 20.60 1995
MINIMUM 5.58 1976
TOTALS 15.52 12.30 3.22 13.98
DAILY AVG. 0.17 0.13 0.04 0.15
DAYS >= .01 34 34.5 -0.5 38
DAYS >= .10 19 21.8 -2.8 22
DAYS >= .50 10 8.0 2.0 12
DAYS >= 1.00 4 3.1 0.9 5
SNOWFALL (INCHES)
RECORDS
TOTAL 0.0 MM
24 HR TOTAL 0.0
TOTALS 0.0 0.0 0.0 0.0
SINCE 7/1 0.0 0.0 0.0 0.0
DAYS >= TRACE 0 0.0 0.0 0
DAYS >= 1.0 0 0.0 0.0 0
GREATEST
SNOW DEPTH 0 MM 0 MM
24 HR TOTAL 0.0 MM
DEGREE_DAYS
HEATING TOTAL 78 154 -76 133
SINCE 7/1 29 66 -37 48
COOLING TOTAL 484 356 128 318
SINCE 1/1 511 375 136 323
FREEZE DATES
RECORD
EARLIEST 08/30/1915
LATEST 06/12/1903
EARLIEST 10/02
LATEST 05/05
.................................................................
WIND (MPH)
AVERAGE WIND SPEED 6.6
RESULTANT WIND SPEED/DIRECTION 1/218
HIGHEST WIND SPEED/DIRECTION 35/290 DATE 07/06
HIGHEST GUST SPEED/DIRECTION 55/240 DATE 07/19
SKY COVER
POSSIBLE SUNSHINE (PERCENT) MM
AVERAGE SKY COVER 0.30
NUMBER OF DAYS FAIR 60
NUMBER OF DAYS PC 26
NUMBER OF DAYS CLOUDY 6
AVERAGE RH (PERCENT) 72
- INDICATES NEGATIVE NUMBERS.
R INDICATES RECORD WAS SET OR TIED.
MM INDICATES DATA IS MISSING.
T INDICATES TRACE AMOUNT.
$$
ECKBERG