000
CXUS52 KGSP 010941
CF6AVL
PRELIMINARY LOCAL CLIMATOLOGICAL DATA (WS FORM: F-6)
STATION: ASHEVILLE NC
MONTH: NOVEMBER
YEAR: 2020
LATITUDE: 35 25 N
LONGITUDE: 82 33 W
TEMPERATURE IN F: :PCPN: SNOW: WIND :SUNSHINE: SKY :PK WND
================================================================================
1 2 3 4 5 6A 6B 7 8 9 10 11 12 13 14 15 16 17 18
12Z AVG MX 2MIN
DY MAX MIN AVG DEP HDD CDD WTR SNW DPTH SPD SPD DIR MIN PSBL S-S WX SPD DR
================================================================================
1 67 40 54 2 11 0 0.16 0.0 0 11.3 36 340 M M 4 1 46 320
2 50 31 41 -10 24 0 0.00 0.0 0 15.0 36 330 M M 0 46 340
3 61 30 46 -5 19 0 0.00 0.0 0 6.6 14 350 M M 0 22 340
4 66 32 49 -2 16 0 0.00 0.0 0 2.2 12 150 M M 0 8 17 170
5 66 34 50 0 15 0 0.00 0.0 0 1.3 9 150 M M 0 18 13 160
6 70 39 55 5 10 0 0.00 0.0 0 2.2 9 170 M M 0 8 14 170
7 66 43 55 5 10 0 0.00 0.0 0 1.3 8 190 M M 6 1 10 160
8 70 50 60 10 5 0 0.00 0.0 0 1.3 9 110 M M 9 14 130
9 72 56 64 15 1 0 0.02 0.0 0 3.5 13 160 M M 8 1 17 180
10 68 59 64 15 1 0 0.09 0.0 0 5.2 14 170 M M 10 1 18 160
11 73 64 69 20 0 4 1.00 0.0 0 4.0 13 340 M M 10 1 16 220
12 72 59 66 18 0 1 0.83 0.0 0 7.9 16 340 M M 8 1 20 340
13 68 45 57 9 8 0 0.00 0.0 0 8.5 20 340 M M 3 23 350
14 65 38 52 4 13 0 0.00 0.0 0 4.8 14 130 M M 0 19 120
15 67 46 57 9 8 0 T 0.0 0 9.9 31 180 M M 5 42 190
16 56 34 45 -2 20 0 0.00 0.0 0 11.8 24 340 M M 0 31 340
17 54 29 42 -5 23 0 0.00 0.0 0 9.6 26 340 M M 0 35 330
18 53 30 42 -4 23 0 0.00 0.0 0 9.2 25 340 M M 0 29 340
19 57 28 43 -3 22 0 0.00 0.0 0 3.9 12 130 M M 0 8 17 120
20 68 30 49 3 16 0 0.00 0.0 0 1.8 10 340 M M 0 18 14 340
21 70 34 52 6 13 0 0.00 0.0 0 2.2 14 340 M M 0 17 340
22 65 38 52 7 13 0 0.00 0.0 0 4.4 17 180 M M 3 22 180
23 54 36 45 0 20 0 0.01 0.0 0 15.1 26 340 M M 2 35 340
24 51 28 40 -5 25 0 0.00 0.0 0 6.2 14 130 M M 1 21 150
25 55 40 48 4 17 0 0.29 0.0 0 6.8 13 180 M M 10 1 18 120
26 70 42 56 12 9 0 0.30 0.0 0 3.3 10 190 M M 5 12 12 200
27 64 33 49 5 16 0 0.00 0.0 0 2.6 14 340 M M 1 12 18 330
28 63 38 51 7 14 0 0.03 0.0 0 7.4 16 340 M M 3 20 340
29 54 34 44 1 21 0 0.45 0.0 0 3.9 10 180 M M 5 1 14 120
30 48 32 40 -3 25 0 0.46 0.0 0 10.5 23 350 M M 10 1 31 340
================================================================================
SM 1883 1172 418 5 3.64 0.0 183.7 M 103
================================================================================
AV 62.8 39.1 6.1 FASTST M M 3 MAX(MPH)
MISC ----> # 36 340 # 46 320
================================================================================
NOTES:
# LAST OF SEVERAL OCCURRENCES
COLUMN 17 PEAK WIND IN M.P.H.
PRELIMINARY LOCAL CLIMATOLOGICAL DATA (WS FORM: F-6) , PAGE 2
STATION: ASHEVILLE NC
MONTH: NOVEMBER
YEAR: 2020
LATITUDE: 35 25 N
LONGITUDE: 82 33 W
[TEMPERATURE DATA] [PRECIPITATION DATA] SYMBOLS USED IN COLUMN 16
AVERAGE MONTHLY: 50.9 TOTAL FOR MONTH: 3.64 1 = FOG OR MIST
DPTR FM NORMAL: 3.6 DPTR FM NORMAL: -0.01 2 = FOG REDUCING VISIBILITY
HIGHEST: 73 ON 11 GRTST 24HR 1.25 ON 11-12 TO 1/4 MILE OR LESS
LOWEST: 28 ON 24,19 3 = THUNDER
SNOW, ICE PELLETS, HAIL 4 = ICE PELLETS
TOTAL MONTH: 0.0 INCH 5 = HAIL
GRTST 24HR 0.0 6 = FREEZING RAIN OR DRIZZLE
GRTST DEPTH: 0 7 = DUSTSTORM OR SANDSTORM:
VSBY 1/2 MILE OR LESS
8 = SMOKE OR HAZE
[NO. OF DAYS WITH] [WEATHER - DAYS WITH] 9 = BLOWING SNOW
X = TORNADO
MAX 32 OR BELOW: 0 0.01 INCH OR MORE: 11
MAX 90 OR ABOVE: 0 0.10 INCH OR MORE: 7
MIN 32 OR BELOW: 9 0.50 INCH OR MORE: 2
MIN 0 OR BELOW: 0 1.00 INCH OR MORE: 1
[HDD (BASE 65) ]
TOTAL THIS MO. 418 CLEAR (SCALE 0-3) 16
DPTR FM NORMAL -114 PTCLDY (SCALE 4-7) 7
TOTAL FM JUL 1 614 CLOUDY (SCALE 8-10) 7
DPTR FM NORMAL -253
[CDD (BASE 65) ]
TOTAL THIS MO. 5
DPTR FM NORMAL 4 [PRESSURE DATA]
TOTAL FM JAN 1 1158 HIGHEST SLP 30.64 ON 19
DPTR FM NORMAL 295 LOWEST SLP 29.50 ON 30
[REMARKS]
#FINAL-11-20#