000
CXUS53 KGRR 010910
CF6AZO
PRELIMINARY LOCAL CLIMATOLOGICAL DATA (WS FORM: F-6)
STATION: KALAMAZOO
MONTH: APRIL
YEAR: 2023
LATITUDE: 42 13 N
LONGITUDE: 85 33 W
TEMPERATURE IN F: :PCPN: SNOW: WIND :SUNSHINE: SKY :PK WND
================================================================================
1 2 3 4 5 6A 6B 7 8 9 10 11 12 13 14 15 16 17 18
12Z AVG MX 2MIN
DY MAX MIN AVG DEP HDD CDD WTR SNW DPTH SPD SPD DIR MIN PSBL S-S WX SPD DR
================================================================================
1 57 35 46 3 19 0 0.28 0.0 0 14.1 26 290 M M 8 1 42 230
2 51 28 40 -3 25 0 0.00 0.0 0 8.2 20 180 M M 4 28 150
3 57 40 49 5 16 0 0.25 0.0 0 6.4 17 190 M M 6 1 25 190
4 59 45 52 8 13 0 0.16 0.0 0 8.7 18 110 M M 10 1 29 110
5 73 41 57 13 8 0 1.49 0.0 0 15.0 33 280 M M 4 13 48 280
6 49 35 42 -3 23 0 0.00 0.0 0 10.4 20 260 M M 0 26 260
7 54 31 43 -2 22 0 0.00 0.0 0 4.8 13 350 M M 0 18 40
8 60 36 48 2 17 0 0.00 0.0 0 5.4 15 200 M M 1 23 130
9 66 37 52 6 13 0 0.00 0.0 0 4.7 10 190 M M 0 16 180
10 69 37 53 7 12 0 0.00 0.0 0 5.3 14 230 M M 0 21 220
11 76 47 62 15 3 0 0.00 0.0 0 10.3 22 270 M M 0 31 270
12 82 56 69 22 0 4 0.00 0.0 0 11.7 24 260 M M 0 35 250
13 83 54 69 21 0 4 0.00 0.0 0 8.6 17 220 M M 0 26 250
14 85 46 66 18 0 1 0.00 0.0 0 3.6 10 210 M M 1 14 150
15 82 57 70 22 0 5 0.00 0.0 0 4.5 18 210 M M 3 23 210
16 71 40 56 7 9 0 0.16 0.0 0 13.1 26 210 M M 7 1 37 200
17 41 33 37 -12 28 0 0.16 0.9 T 14.2 25 260 M M 10 18 36 250
18 49 33 41 -9 24 0 T 0.0 0 11.5 22 300 M M 6 32 300
19 67 31 49 -1 16 0 0.00 0.0 0 6.8 16 90 M M 0 28 80
20 78 48 63 13 2 0 0.15 0.0 0 11.6 36 210 M M 6 3 51 200
21 62 46 54 3 11 0 0.08 0.0 0 7.4 20 300 M M 4 1 28 210
22 51 35 43 -8 22 0 0.06 T 0 6.9 24 250 M M 8 1 34 250
23 47 36 42 -10 23 0 0.03 0.0 0 9.0 15 300 M M 10 1 22 330
24 51 32 42 -10 23 0 0.00 0.0 0 6.5 16 270 M M 7 23 280
25 48 31 40 -12 25 0 0.10 T 0 4.2 12 340 M M 7 18 14 360
26 55 30 43 -10 22 0 0.00 0.0 0 7.1 16 330 M M 1 23 320
27 64 29 47 -6 18 0 0.00 0.0 0 5.0 17 190 M M 0 22 190
28 58 47 53 0 12 0 0.07 0.0 0 7.8 16 360 M M 7 1 26 30
29 66 41 54 0 11 0 0.24 0.0 0 6.0 26 240 M M 7 13 38 240
30 52 38 45 -9 20 0 0.02 0.0 0 8.6 20 250 M M 9 1 28 230
================================================================================
SM 1863 1175 437 14 3.25 0.9 247.4 M 126
================================================================================
AV 62.1 39.2 8.2 FASTST M M 4 MAX(MPH)
MISC ----> 36 210 51 200
================================================================================
NOTES:
# LAST OF SEVERAL OCCURRENCES
COLUMN 17 PEAK WIND IN M.P.H.
PRELIMINARY LOCAL CLIMATOLOGICAL DATA (WS FORM: F-6) , PAGE 2
STATION: KALAMAZOO
MONTH: APRIL
YEAR: 2023
LATITUDE: 42 13 N
LONGITUDE: 85 33 W
[TEMPERATURE DATA] [PRECIPITATION DATA] SYMBOLS USED IN COLUMN 16
AVERAGE MONTHLY: 50.6 TOTAL FOR MONTH: 3.25 1 = FOG OR MIST
DPTR FM NORMAL: 2.1 DPTR FM NORMAL: 0.18 2 = FOG REDUCING VISIBILITY
HIGHEST: 85 ON 14 GRTST 24HR 1.49 ON 4- 5 TO 1/4 MILE OR LESS
LOWEST: 28 ON 2 3 = THUNDER
SNOW, ICE PELLETS, HAIL 4 = ICE PELLETS
TOTAL MONTH: 0.9 INCH 5 = HAIL
GRTST 24HR 0.9 ON 17-17 6 = FREEZING RAIN OR DRIZZLE
GRTST DEPTH: T 7 = DUSTSTORM OR SANDSTORM:
VSBY 1/2 MILE OR LESS
8 = SMOKE OR HAZE
[NO. OF DAYS WITH] [WEATHER - DAYS WITH] 9 = BLOWING SNOW
X = TORNADO
MAX 32 OR BELOW: 0 0.01 INCH OR MORE: 14
MAX 90 OR ABOVE: 0 0.10 INCH OR MORE: 9
MIN 32 OR BELOW: 7 0.50 INCH OR MORE: 1
MIN 0 OR BELOW: 0 1.00 INCH OR MORE: 1
[HDD (BASE 65) ]
TOTAL THIS MO. 437 CLEAR (SCALE 0-3) 13
DPTR FM NORMAL -62 PTCLDY (SCALE 4-7) 12
TOTAL FM JUL 1 5261 CLOUDY (SCALE 8-10) 5
DPTR FM NORMAL -812
[CDD (BASE 65) ]
TOTAL THIS MO. 14
DPTR FM NORMAL 10 [PRESSURE DATA]
TOTAL FM JAN 1 14 HIGHEST SLP 30.60 ON 7
DPTR FM NORMAL 9 LOWEST SLP 29.29 ON 1
[REMARKS]
#FINAL-04-23#