000
CXUS53 KIWX 090930
CF6BEH
PRELIMINARY LOCAL CLIMATOLOGICAL DATA (WS FORM: F-6)
STATION: BENTON HARBOR
MONTH: JUNE
YEAR: 2023
LATITUDE: 42 7 N
LONGITUDE: 86 26 W
TEMPERATURE IN F: :PCPN: SNOW: WIND :SUNSHINE: SKY :PK WND
================================================================================
1 2 3 4 5 6A 6B 7 8 9 10 11 12 13 14 15 16 17 18
12Z AVG MX 2MIN
DY MAX MIN AVG DEP HDD CDD WTR SNW DPTH SPD SPD DIR MIN PSBL S-S WX SPD DR
================================================================================
1 88 60 74 11 0 9 0.04 M M 4.2 17 230 M M 1 13 23 200
2 86 59 73 9 0 8 0.00 M M 3.4 9 360 M M 2 1 16 360
3 87 60 74 10 0 9 0.00 M M 4.5 12 360 M M 0 8 24 360
4 84 51 68 4 0 3 0.00 M M 7.6 16 100 M M 0 26 100
5 75 48 62 -3 3 0 0.00 M M 2.7 10 300 M M 0 19 290
6 71 52 62 -3 3 0 T M M 3.5 9 300 M M M 14 300
7 72 44 58 -7 7 0 0.00 M M 3.0 12 300 M M M 8 22 320
8 M M M M M M 0.00 M M M M M M M M M M
9 M M M M M M 0.00 M M M M M M M M M M
10 83 48 66 0 0 1 0.00 M M M 23 250 M M M M M
11 67 53 60 -6 5 0 0.06 M M M M M M M M M M
12 63 52 58 -9 7 0 0.00 M M M M M M M M M M
13 63 55 59 -8 6 0 0.74 M M M M M M M M M M
14 65 52 59 -8 6 0 0.00 M M M M M M M M M M
15 74 50 62 -6 3 0 0.00 M M 6.0 17 250 M M 6 18 23 240
16 65 50 58 -10 7 0 0.00 0.0 0 4.6 10 330 M M 6 1 21 320
17 75 46 61 -7 4 0 0.00 0.0 0 2.4 10 270 M M 0 1 14 280
18 83 47 65 -3 0 0 0.00 0.0 0 2.5 10 190 M M 1 18 17 130
19 88 59 74 5 0 9 0.00 0.0 0 5.5 14 60 M M 1 1 23 70
20 89 61 75 6 0 10 0.00 0.0 0 6.8 13 50 M M 0 20 50
21 92 61 77 8 0 12 0.00 M M 5.6 17 100 M M 3 24 70
22 81 58 70 1 0 5 0.00 M M 2.9 10 100 M M 4 18 16 360
23 80 60 70 0 0 5 0.00 M M 1.8 9 300 M M 5 18 16 310
24 87 58 73 3 0 8 0.00 M M 2.9 12 300 M M 2 8 14 300
25 84 67 76 6 0 11 0.38 M M 10.7 30 220 M M 2 13 45 230
26 71 62 67 -3 0 2 0.29 M M 11.3 20 280 M M 9 18 33 290
27 66 54 60 -10 5 0 0.00 M M 6.0 16 300 M M 10 18 25 300
28 81 49 65 -5 0 0 0.00 M M 2.2 6 140 M M 8 128 M M
29 88 65 77 6 0 12 0.14 M M 7.8 16 170 M M 5 138 25 150
30 87 70 79 8 0 14 T M M 4.9 13 270 M M 6 128 17 260
================================================================================
SM 2195 1551 56 118 1.65 0.0 112.8 M 71
================================================================================
AV 78.4 55.4 4.9 FASTST M M 3 MAX(MPH)
MISC ----> 30 220 45 230
================================================================================
NOTES:
# LAST OF SEVERAL OCCURRENCES
COLUMN 17 PEAK WIND IN M.P.H.
PRELIMINARY LOCAL CLIMATOLOGICAL DATA (WS FORM: F-6) , PAGE 2
STATION: BENTON HARBOR
MONTH: JUNE
YEAR: 2023
LATITUDE: 42 7 N
LONGITUDE: 86 26 W
[TEMPERATURE DATA] [PRECIPITATION DATA] SYMBOLS USED IN COLUMN 16
AVERAGE MONTHLY: 66.9 TOTAL FOR MONTH: 1.65 1 = FOG OR MIST
DPTR FM NORMAL: -0.6 DPTR FM NORMAL: -1.39 2 = FOG REDUCING VISIBILITY
HIGHEST: 92 ON 21 GRTST 24HR 0.74 ON 13-13 TO 1/4 MILE OR LESS
LOWEST: 44 ON 7 3 = THUNDER
SNOW, ICE PELLETS, HAIL 4 = ICE PELLETS
TOTAL MONTH: 0.0 INCH 5 = HAIL
GRTST 24HR 0.0 6 = FREEZING RAIN OR DRIZZLE
GRTST DEPTH: 0 7 = DUSTSTORM OR SANDSTORM:
VSBY 1/2 MILE OR LESS
8 = SMOKE OR HAZE
[NO. OF DAYS WITH] [WEATHER - DAYS WITH] 9 = BLOWING SNOW
X = TORNADO
MAX 32 OR BELOW: 0 0.01 INCH OR MORE: 6
MAX 90 OR ABOVE: 1 0.10 INCH OR MORE: 4
MIN 32 OR BELOW: 0 0.50 INCH OR MORE: 1
MIN 0 OR BELOW: 0 1.00 INCH OR MORE: 0
[HDD (BASE 65) ]
TOTAL THIS MO. 56 CLEAR (SCALE 0-3) 12
DPTR FM NORMAL -5 PTCLDY (SCALE 4-7) 7
TOTAL FM JUL 1 5561 CLOUDY (SCALE 8-10) 11
DPTR FM NORMAL -623
[CDD (BASE 65) ]
TOTAL THIS MO. 118
DPTR FM NORMAL -18 [PRESSURE DATA]
TOTAL FM JAN 1 154 HIGHEST SLP 30.13 ON 21
DPTR FM NORMAL -29 LOWEST SLP 29.52 ON 26
[REMARKS]
#FINAL-06-23#
ENTERED MISSING DATA FOR JUNE DUE TO FAA COMMUNICATIONS ISSUES.