000
CXUS53 KIWX 010810
CF6BEH
PRELIMINARY LOCAL CLIMATOLOGICAL DATA (WS FORM: F-6)
STATION: BENTON HARBOR
MONTH: JULY
YEAR: 2021
LATITUDE: 42 7 N
LONGITUDE: 86 26 W
TEMPERATURE IN F: :PCPN: SNOW: WIND :SUNSHINE: SKY :PK WND
================================================================================
1 2 3 4 5 6A 6B 7 8 9 10 11 12 13 14 15 16 17 18
12Z AVG MX 2MIN
DY MAX MIN AVG DEP HDD CDD WTR SNW DPTH SPD SPD DIR MIN PSBL S-S WX SPD DR
================================================================================
1 73 62 68 -3 0 3 0.03 M M 4.6 14 10 M M 1 1 30 340
2 69 56 63 -8 2 0 0.00 M M 4.2 12 350 M M 0 20 310
3 80 53 67 -4 0 2 0.00 M M 9.2 20 260 M M 3 27 260
4 83 66 75 4 0 10 0.00 M M 7.5 14 250 M M 0 20 290
5 89 74 82 11 0 17 0.00 M M 12.8 21 250 M M 0 8 29 240
6 89 77 83 12 0 18 0.00 M M 12.3 18 250 M M 2 29 240
7 87 69 78 7 0 13 0.00 M M 5.4 16 270 M M 1 13 23 300
8 71 61 66 -6 0 1 T 0.0 0 5.9 12 320 M M 10 20 330
9 71 56 64 -8 1 0 0.00 0.0 0 4.2 10 310 M M 6 16 20
10 77 53 65 -7 0 0 0.01 0.0 0 6.6 14 130 M M 5 1 21 120
11 73 66 70 -2 0 5 0.01 0.0 0 6.7 14 80 M M 9 21 60
12 82 67 75 3 0 10 0.01 M M 6.9 13 110 M M 8 18 110
13 76 67 72 0 0 7 0.02 M M 5.1 14 270 M M 7 138 18 270
14 84 65 75 3 0 10 0.00 M M 7.9 16 250 M M 2 1 22 250
15 79 66 73 1 0 8 0.08 M M 8.4 22 240 M M 5 1 33 230
16 74 67 71 -1 0 6 0.46 M M 4.7 10 70 M M 10 1 17 90
17 75 64 70 -2 0 5 0.01 0.0 0 4.1 10 70 M M 9 1 15 60
18 84 60 72 0 0 7 0.00 0.0 0 2.6 10 130 M M 0 1 15 20
19 79 58 69 -3 0 4 0.00 0.0 0 1.8 9 300 M M 0 1 13 310
20 82 58 70 -2 0 5 0.00 0.0 0 4.0 12 290 M M 0 18 20 310
21 75 60 68 -4 0 3 0.00 0.0 0 2.6 8 30 M M 3 1 M M
22 81 58 70 -2 0 5 0.00 M M 5.2 12 290 M M 2 1 17 180
23 87 72 80 8 0 15 0.02 M M 6.4 12 240 M M 6 138 17 250
24 91 70 81 9 0 16 T M M 9.8 24 270 M M 2 18 33 260
25 87 65 76 4 0 11 0.00 M M 2.5 10 280 M M 1 12 15 280
26 88 60 74 2 0 9 0.00 M M 2.8 12 290 M M 0 1 15 290
27 88 63 76 4 0 11 0.00 0.0 0 3.5 14 260 M M 1 8 20 240
28 88 68 78 6 0 13 0.00 0.0 0 4.0 15 270 M M 2 1 18 240
29 80 69 75 4 0 10 0.29 0.0 0 6.7 24 250 M M 5 13 34 260
30 72 58 65 -6 0 0 0.00 0.0 0 4.7 12 310 M M 0 20 360
31 77 50 64 -7 1 0 0.00 0.0 0 2.9 12 290 M M 0 1 17 250
================================================================================
SM 2491 1958 4 224 0.94 0.0 176.0 M 100
================================================================================
AV 80.4 63.2 5.7 FASTST M M 3 MAX(MPH)
MISC ----> # 24 270 34 260
================================================================================
NOTES:
# LAST OF SEVERAL OCCURRENCES
COLUMN 17 PEAK WIND IN M.P.H.
PRELIMINARY LOCAL CLIMATOLOGICAL DATA (WS FORM: F-6) , PAGE 2
STATION: BENTON HARBOR
MONTH: JULY
YEAR: 2021
LATITUDE: 42 7 N
LONGITUDE: 86 26 W
[TEMPERATURE DATA] [PRECIPITATION DATA] SYMBOLS USED IN COLUMN 16
AVERAGE MONTHLY: 71.8 TOTAL FOR MONTH: 0.94 1 = FOG OR MIST
DPTR FM NORMAL: 0.3 DPTR FM NORMAL: -2.23 2 = FOG REDUCING VISIBILITY
HIGHEST: 91 ON 24 GRTST 24HR 0.54 ON 15-16 TO 1/4 MILE OR LESS
LOWEST: 50 ON 31 3 = THUNDER
SNOW, ICE PELLETS, HAIL 4 = ICE PELLETS
TOTAL MONTH: 0.0 INCH 5 = HAIL
GRTST 24HR 0.0 6 = FREEZING RAIN OR DRIZZLE
GRTST DEPTH: 0 7 = DUSTSTORM OR SANDSTORM:
VSBY 1/2 MILE OR LESS
8 = SMOKE OR HAZE
[NO. OF DAYS WITH] [WEATHER - DAYS WITH] 9 = BLOWING SNOW
X = TORNADO
MAX 32 OR BELOW: 0 0.01 INCH OR MORE: 10
MAX 90 OR ABOVE: 1 0.10 INCH OR MORE: 2
MIN 32 OR BELOW: 0 0.50 INCH OR MORE: 0
MIN 0 OR BELOW: 0 1.00 INCH OR MORE: 0
[HDD (BASE 65) ]
TOTAL THIS MO. 4 CLEAR (SCALE 0-3) 20
DPTR FM NORMAL -11 PTCLDY (SCALE 4-7) 7
TOTAL FM JUL 1 4 CLOUDY (SCALE 8-10) 4
DPTR FM NORMAL -1
[CDD (BASE 65) ]
TOTAL THIS MO. 224
DPTR FM NORMAL 8 [PRESSURE DATA]
TOTAL FM JAN 1 517 HIGHEST SLP 30.22 ON 18
DPTR FM NORMAL 118 LOWEST SLP 29.77 ON 29
[REMARKS]
#FINAL-07-21#