000
CXUS53 KIWX 010800
CF6BEH
PRELIMINARY LOCAL CLIMATOLOGICAL DATA (WS FORM: F-6)
STATION: BENTON HARBOR
MONTH: JULY
YEAR: 2020
LATITUDE: 42 7 N
LONGITUDE: 86 26 W
TEMPERATURE IN F: :PCPN: SNOW: WIND :SUNSHINE: SKY :PK WND
================================================================================
1 2 3 4 5 6A 6B 7 8 9 10 11 12 13 14 15 16 17 18
12Z AVG MX 2MIN
DY MAX MIN AVG DEP HDD CDD WTR SNW DPTH SPD SPD DIR MIN PSBL S-S WX SPD DR
================================================================================
1 90 65 78 6 0 13 0.00 0.0 0 5.5 14 130 M M 1 18 19 120
2 85 62 74 2 0 9 0.00 0.0 0 2.3 10 310 M M 0 1 17 340
3 85 61 73 1 0 8 0.00 0.0 0 2.3 8 300 M M 0 1 14 320
4 89 66 78 5 0 13 0.00 0.0 0 2.4 14 100 M M 1 1238 20 120
5 86 65 76 3 0 11 0.00 0.0 0 2.5 13 300 M M 0 18 17 310
6 90 61 76 3 0 11 0.00 0.0 0 2.3 8 310 M M 0 1 12 300
7 91 68 80 7 0 15 0.00 0.0 0 3.3 15 290 M M 1 8 27 300
8 90 72 81 8 0 16 0.00 0.0 0 3.1 8 310 M M 1 1 14 320
9 93 69 81 8 0 16 0.00 0.0 0 4.9 16 280 M M 1 1 22 280
10 81 69 75 2 0 10 0.51 0.0 0 5.5 29 260 M M 6 138 47 280
11 83 66 75 2 0 10 0.00 0.0 0 5.7 16 280 M M 1 1 22 270
12 76 66 71 -2 0 6 T 0.0 0 4.9 14 350 M M 4 3 24 350
13 75 57 66 -7 0 1 0.00 0.0 0 3.2 12 300 M M 0 1 19 300
14 86 53 70 -3 0 5 0.00 M M 2.9 10 180 M M 0 1 13 190
15 88 64 76 3 0 11 0.32 M M 5.1 13 190 M M 1 1 18 200
16 76 63 70 -3 0 5 0.09 M M 5.3 14 310 M M 7 1 23 330
17 86 60 73 0 0 8 0.00 0.0 0 4.1 14 280 M M 0 1 22 260
18 92 69 81 8 0 16 0.00 0.0 0 9.3 22 220 M M 0 33 230
19 82 71 77 4 0 12 0.21 0.0 0 12.1 35 260 M M 4 13 51 260
20 80 68 74 1 0 9 0.00 0.0 0 4.4 12 320 M M 0 18 290
21 83 65 74 1 0 9 T 0.0 0 4.1 10 180 M M 5 16 180
22 84 70 77 4 0 12 0.00 0.0 0 6.6 16 240 M M 7 23 260
23 80 65 73 0 0 8 0.00 0.0 0 3.0 13 300 M M 5 12 19 300
24 86 65 76 4 0 11 0.00 0.0 0 3.6 10 280 M M 3 1 17 320
25 87 63 75 3 0 10 0.00 0.0 0 3.1 13 280 M M 0 12 16 310
26 95 68 82 10 0 17 T 0.0 0 10.3 21 260 M M 0 30 250
27 82 62 72 0 0 7 0.00 0.0 0 6.6 15 260 M M 7 21 250
28 87 61 74 2 0 9 0.00 0.0 0 9.5 16 250 M M 3 8 24 220
29 84 72 78 6 0 13 0.00 0.0 0 7.3 20 260 M M 9 25 250
30 83 65 74 2 0 9 0.00 0.0 0 5.3 13 70 M M 2 20 50
31 83 58 71 -1 0 6 0.00 0.0 0 4.9 12 350 M M 0 128 22 330
================================================================================
SM 2638 2009 0 316 1.13 0.0 155.4 M 69
================================================================================
AV 85.1 64.8 5.0 FASTST M M 2 MAX(MPH)
MISC ----> # 35 260 # 51 260
================================================================================
NOTES:
# LAST OF SEVERAL OCCURRENCES
COLUMN 17 PEAK WIND IN M.P.H.
PRELIMINARY LOCAL CLIMATOLOGICAL DATA (WS FORM: F-6) , PAGE 2
STATION: BENTON HARBOR
MONTH: JULY
YEAR: 2020
LATITUDE: 42 7 N
LONGITUDE: 86 26 W
[TEMPERATURE DATA] [PRECIPITATION DATA] SYMBOLS USED IN COLUMN 16
AVERAGE MONTHLY: 75.0 TOTAL FOR MONTH: 1.13 1 = FOG OR MIST
DPTR FM NORMAL: 2.3 DPTR FM NORMAL: -2.25 2 = FOG REDUCING VISIBILITY
HIGHEST: 95 ON 26 GRTST 24HR 0.51 ON 10-10 TO 1/4 MILE OR LESS
LOWEST: 53 ON 14 3 = THUNDER
SNOW, ICE PELLETS, HAIL 4 = ICE PELLETS
TOTAL MONTH: 0.0 INCH 5 = HAIL
GRTST 24HR 0.0 6 = FREEZING RAIN OR DRIZZLE
GRTST DEPTH: 0 7 = DUSTSTORM OR SANDSTORM:
VSBY 1/2 MILE OR LESS
8 = SMOKE OR HAZE
[NO. OF DAYS WITH] [WEATHER - DAYS WITH] 9 = BLOWING SNOW
X = TORNADO
MAX 32 OR BELOW: 0 0.01 INCH OR MORE: 4
MAX 90 OR ABOVE: 7 0.10 INCH OR MORE: 3
MIN 32 OR BELOW: 0 0.50 INCH OR MORE: 1
MIN 0 OR BELOW: 0 1.00 INCH OR MORE: 0
[HDD (BASE 65) ]
TOTAL THIS MO. 0 CLEAR (SCALE 0-3) 22
DPTR FM NORMAL -12 PTCLDY (SCALE 4-7) 8
TOTAL FM JUL 1 0 CLOUDY (SCALE 8-10) 1
DPTR FM NORMAL -12
[CDD (BASE 65) ]
TOTAL THIS MO. 316
DPTR FM NORMAL 67 [PRESSURE DATA]
TOTAL FM JAN 1 548 HIGHEST SLP 30.17 ON 24
DPTR FM NORMAL 80 LOWEST SLP 29.73 ON 10
[REMARKS]
#FINAL-07-20#