000
CXUS51 KCTP 011039
CLMBFD
CLIMATE REPORT
NATIONAL WEATHER SERVICE STATE COLLEGE PA
639 AM EDT SAT APR 01 2023
...................................
...THE BRADFORD CLIMATE SUMMARY FOR THE MONTH OF MARCH 2023...
CLIMATE NORMAL PERIOD 1991 TO 2020
CLIMATE RECORD PERIOD 1957 TO 2023
WEATHER OBSERVED NORMAL DEPART LAST YEAR`S
VALUE DATE(S) VALUE FROM VALUE DATE(S)
NORMAL
................................................................
TEMPERATURE (F)
RECORD
HIGH 78 03/23/2012
03/31/1998
03/30/1986
LOW -21 03/02/1980
HIGHEST 59 03/01 71 03/18
LOWEST 12 03/30 2 03/04
AVG. MAXIMUM 42.5 42.4 0.1 47.8
AVG. MINIMUM 25.1 23.6 1.5 26.6
MEAN 33.8 33.0 0.8 37.2
DAYS MAX >= 90 0 0.0 0.0 0
DAYS MAX <= 32 4 7.6 -3.6 4
DAYS MIN <= 32 29 25.2 3.8 20
DAYS MIN <= 0 0 1.0 -1.0 0
PRECIPITATION (INCHES)
RECORD
MAXIMUM 6.72 1994
MINIMUM 0.50 1999
TOTALS 3.59 3.04 0.55 3.78
DAILY AVG. 0.12 0.10 0.02 0.12
DAYS >= .01 16 14.3 1.7 17
DAYS >= .10 7 8.1 -1.1 9
DAYS >= .50 3 1.5 1.5 3
DAYS >= 1.00 0 0.3 -0.3 1
GREATEST
24 HR. TOTAL 0.76 03/06 TO 03/07 1.09 03/07 TO 03/07
03/06 TO 03/07
03/07 TO 03/07
DEGREE DAYS
HEATING TOTAL 958 992 -34 852
SINCE 7/1 5331 6192 -861 MM
COOLING TOTAL 0 0 0 0
SINCE 1/1 0 0 0 MM
................................................................
WIND (MPH)
AVERAGE WIND SPEED 8.7
HIGHEST WIND SPEED/DIRECTION 36/120 DATE 03/25
HIGHEST GUST SPEED/DIRECTION 47/120 DATE 03/25
SKY COVER
POSSIBLE SUNSHINE (PERCENT) MM
AVERAGE SKY COVER 0.61
NUMBER OF DAYS FAIR 9
NUMBER OF DAYS PC 7
NUMBER OF DAYS CLOUDY 15
AVERAGE RH (PERCENT) 65
WEATHER CONDITIONS. NUMBER OF DAYS WITH
THUNDERSTORM 1 MIXED PRECIP 0
HEAVY RAIN 2 RAIN 6
LIGHT RAIN 11 FREEZING RAIN 2
LT FREEZING RAIN 1 HAIL 0
HEAVY SNOW 3 SLEET 0
FOG 16 FOG W/VIS <= 1/4 MILE 4
HAZE 12
- INDICATES NEGATIVE NUMBERS.
R INDICATES RECORD WAS SET OR TIED.
MM INDICATES DATA IS MISSING.
T INDICATES TRACE AMOUNT.
$$