000
CXUS51 KCTP 010725
CLSBFD
CLIMATE REPORT
NATIONAL WEATHER SERVICE STATE COLLEGE PA
325 AM EDT FRI SEP 01 2023
...................................
...THE BRADFORD CLIMATE SUMMARY FOR THE SEASON, FROM
6/1/2023 TO 8/31/2023...
CLIMATE NORMAL PERIOD 1991 TO 2020
CLIMATE RECORD PERIOD 1957 TO 2023
WEATHER OBSERVED NORMAL DEPART LAST YEAR`S
VALUE DATE(S) VALUE FROM VALUE DATE(S)
NORMAL
................................................................
TEMPERATURE (F)
RECORD
HIGH 93 06/22/2022
LOW 25 08/29/1986
06/11/1972
HIGHEST 88 06/02 93 06/22
07/05
07/06
LOWEST 35 06/08 40 06/05
AVG. MAXIMUM 77.2 76.8 0.4 79.3
AVG. MINIMUM 54.9 53.5 1.4 54.8
MEAN 66.0 65.2 0.8 67.0
DAYS MAX >= 90 0 0.4 -0.4 2
DAYS MAX <= 32 0 0.0 0.0 0
DAYS MIN <= 32 0 0.2 -0.2 0
DAYS MIN <= 0 0 0.0 0.0 0
PRECIPITATION (INCHES)
RECORD
MAXIMUM 21.21 1994
MINIMUM 5.77 1966
TOTALS 13.37 12.25 1.12 10.92
DAILY AVG. 0.14 0.13 0.01 0.12
DAYS >= .01 42 37.1 4.9 39
DAYS >= .10 26 24.0 2.0 23
DAYS >= .50 9 8.2 0.8 8
DAYS >= 1.00 2 3.0 -1.0 1
GREATEST
24 HR. TOTAL 2.94 MM 1.08
STORM TOTAL 1.13 1.07
(MM/DD(HH)) MM
DEGREE DAYS
HEATING TOTAL 147 213 -66 103
SINCE 7/1 31 104 -73 MM
COOLING TOTAL 269 234 35 319
SINCE 1/1 286 253 33 MM
FREEZE DATES
RECORD
EARLIEST 08/05/1972
LATEST 06/30/1961
EARLIEST MM
LATEST 05/26
................................................................
WIND (MPH)
AVERAGE WIND SPEED 5.0
RESULTANT WIND SPEED/DIRECTION 1/290
HIGHEST WIND SPEED/DIRECTION 37/310 DATE 07/20
HIGHEST GUST SPEED/DIRECTION 49/300 DATE 07/20
SKY COVER
POSSIBLE SUNSHINE (PERCENT) MM
AVERAGE SKY COVER 0.49
NUMBER OF DAYS FAIR 36
NUMBER OF DAYS PC 31
NUMBER OF DAYS CLOUDY 25
AVERAGE RH (PERCENT) 70
WEATHER CONDITIONS. NUMBER OF DAYS WITH
THUNDERSTORM 17 MIXED PRECIP 0
HEAVY RAIN 20 RAIN 22
LIGHT RAIN 52 FREEZING RAIN 0
LT FREEZING RAIN 0 HAIL 0
HEAVY SNOW 0 SNOW 0
LIGHT SNOW 0 SLEET 0
FOG 82 FOG W/VIS <= 1/4 MILE 30
HAZE 29
- INDICATES NEGATIVE NUMBERS.
R INDICATES RECORD WAS SET OR TIED.
MM INDICATES DATA IS MISSING.
T INDICATES TRACE AMOUNT.
$$