000
CXUS56 KHNX 011539
CF6BFL
PRELIMINARY LOCAL CLIMATOLOGICAL DATA (WS FORM: F-6)
STATION: BAKERSFIELD CA
MONTH: FEBRUARY
YEAR: 2022
LATITUDE: 35 25 N
LONGITUDE: 119 3 W
TEMPERATURE IN F: :PCPN: SNOW: WIND :SUNSHINE: SKY :PK WND
================================================================================
1 2 3 4 5 6A 6B 7 8 9 10 11 12 13 14 15 16 17 18
12Z AVG MX 2MIN
DY MAX MIN AVG DEP HDD CDD WTR SNW DPTH SPD SPD DIR MIN PSBL S-S WX SPD DR
================================================================================
1 53 40 47 -4 18 0 0.00 0.0 0 3.9 14 140 M M 5 8 15 140
2 58 36 47 -4 18 0 0.00 0.0 0 4.4 10 180 M M 2 8 15 170
3 63 34 49 -3 16 0 0.00 0.0 0 2.8 8 150 M M 0 10 110
4 67 33 50 -2 15 0 0.00 0.0 0 4.8 16 360 M M 0 8 18 10
5 66 34 50 -2 15 0 0.00 0.0 0 3.2 13 150 M M 0 8 14 150
6 68 35 52 0 13 0 0.00 0.0 0 3.1 8 100 M M 0 8 10 100
7 75 38 57 5 8 0 0.00 0.0 0 3.1 12 10 M M 0 8 17 350
8 72 40 56 4 9 0 0.00 0.0 0 3.0 8 90 M M 0 8 10 110
9 74 42 58 5 7 0 0.00 0.0 0 4.0 8 50 M M 0 8 9 330
10 76 42 59 6 6 0 0.00 0.0 0 3.4 9 290 M M 0 8 11 310
11 77 44 61 8 4 0 0.00 0.0 0 4.1 10 140 M M 0 8 12 140
12 85 46 66 13 0 1 0.00 0.0 0 4.5 12 10 M M 0 8 14 20
13 83 46 65 12 0 0 0.00 0.0 0 2.9 10 360 M M 0 12 10
14 80 45 63 9 2 0 0.00 0.0 0 4.8 14 300 M M 0 8 18 300
15 58 43 51 -3 14 0 T 0.0 0 8.1 26 330 M M 6 8 30 330
16 63 37 50 -4 15 0 0.00 0.0 0 5.6 13 10 M M 0 17 300
17 71 37 54 0 11 0 0.00 0.0 0 3.9 14 360 M M 0 16 10
18 71 39 55 1 10 0 0.00 0.0 0 3.9 12 320 M M 0 8 13 340
19 73 39 56 1 9 0 0.00 0.0 0 3.6 13 350 M M 0 8 17 340
20 73 41 57 2 8 0 0.00 0.0 0 3.9 9 310 M M 0 8 13 300
21 60 43 52 -3 13 0 0.00 0.0 0 7.9 20 340 M M 2 8 27 340
22 55 40 48 -7 17 0 0.11 0.0 0 5.7 18 350 M M 8 18 24 300
23 53 37 45 -10 20 0 T 0.0 0 8.5 20 350 M M 6 1 24 330
24 57 32 45 -11 20 0 0.00 0.0 0 5.0 12 330 M M 0 13 260
25 62 33 48 -8 17 0 0.00 0.0 0 4.2 9 20 M M 0 12 320
26 65 34 50 -6 15 0 0.00 0.0 0 4.4 14 30 M M 0 8 18 40
27 69 39 54 -2 11 0 0.00 0.0 0 4.6 15 350 M M 0 18 350
28 73 40 57 1 8 0 0.00 0.0 0 4.6 12 140 M M 0 8 13 300
================================================================================
SM 1900 1089 319 1 0.11 0.0 125.9 M 29
================================================================================
AV 67.9 38.9 4.5 FASTST M M 1 MAX(MPH)
MISC ----> 26 330 30 330
================================================================================
NOTES:
# LAST OF SEVERAL OCCURRENCES
COLUMN 17 PEAK WIND IN M.P.H.
PRELIMINARY LOCAL CLIMATOLOGICAL DATA (WS FORM: F-6) , PAGE 2
STATION: BAKERSFIELD CA
MONTH: FEBRUARY
YEAR: 2022
LATITUDE: 35 25 N
LONGITUDE: 119 3 W
[TEMPERATURE DATA] [PRECIPITATION DATA] SYMBOLS USED IN COLUMN 16
AVERAGE MONTHLY: 53.4 TOTAL FOR MONTH: 0.11 1 = FOG OR MIST
DPTR FM NORMAL: -0.4 DPTR FM NORMAL: -1.07 2 = FOG REDUCING VISIBILITY
HIGHEST: 85 ON 12 GRTST 24HR 0.11 ON 22-22 TO 1/4 MILE OR LESS
LOWEST: 32 ON 24 3 = THUNDER
SNOW, ICE PELLETS, HAIL 4 = ICE PELLETS
TOTAL MONTH: 0.0 INCH 5 = HAIL
GRTST 24HR 0.0 6 = FREEZING RAIN OR DRIZZLE
GRTST DEPTH: 0 7 = DUSTSTORM OR SANDSTORM:
VSBY 1/2 MILE OR LESS
8 = SMOKE OR HAZE
[NO. OF DAYS WITH] [WEATHER - DAYS WITH] 9 = BLOWING SNOW
X = TORNADO
MAX 32 OR BELOW: 0 0.01 INCH OR MORE: 1
MAX 90 OR ABOVE: 0 0.10 INCH OR MORE: 1
MIN 32 OR BELOW: 1 0.50 INCH OR MORE: 0
MIN 0 OR BELOW: 0 1.00 INCH OR MORE: 0
[HDD (BASE 65) ]
TOTAL THIS MO. 319 CLEAR (SCALE 0-3) 24
DPTR FM NORMAL 3 PTCLDY (SCALE 4-7) 4
TOTAL FM JUL 1 1559 CLOUDY (SCALE 8-10) 0
DPTR FM NORMAL -47
[CDD (BASE 65) ]
TOTAL THIS MO. 1
DPTR FM NORMAL 0 [PRESSURE DATA]
TOTAL FM JAN 1 1 HIGHEST SLP 30.43 ON 4
DPTR FM NORMAL 1 LOWEST SLP 29.82 ON 15
[REMARKS]
#FINAL-02-22#