000
CXUS56 KHNX 011146
CF6BFL
PRELIMINARY LOCAL CLIMATOLOGICAL DATA (WS FORM: F-6)
STATION: BAKERSFIELD CA
MONTH: NOVEMBER
YEAR: 2020
LATITUDE: 35 25 N
LONGITUDE: 119 3 W
TEMPERATURE IN F: :PCPN: SNOW: WIND :SUNSHINE: SKY :PK WND
================================================================================
1 2 3 4 5 6A 6B 7 8 9 10 11 12 13 14 15 16 17 18
12Z AVG MX 2MIN
DY MAX MIN AVG DEP HDD CDD WTR SNW DPTH SPD SPD DIR MIN PSBL S-S WX SPD DR
================================================================================
1 82 54 68 7 0 3 0.00 0.0 0 3.4 12 340 M M 0 8 13 270
2 83 56 70 10 0 5 0.00 0.0 0 3.5 13 300 M M 1 8 16 270
3 82 53 68 8 0 3 0.00 0.0 0 4.1 13 320 M M 3 8 17 310
4 79 52 66 6 0 1 0.00 0.0 0 2.3 9 300 M M 4 8 13 300
5 73 52 63 4 2 0 0.00 0.0 0 2.8 8 150 M M 7 8 8 170
6 71 51 61 2 4 0 T 0.0 0 8.1 24 340 M M 5 8 30 340
7 53 46 50 -8 15 0 0.38 0.0 0 4.9 15 300 M M 9 18 17 290
8 58 43 51 -7 14 0 0.01 0.0 0 9.7 33 330 M M 7 38 330
9 55 38 47 -10 18 0 0.00 0.0 0 3.8 9 310 M M 0 11 300
10 58 37 48 -9 17 0 0.00 0.0 0 3.3 9 300 M M 0 12 300
11 62 39 51 -6 14 0 0.00 0.0 0 3.7 12 290 M M 0 8 14 280
12 65 43 54 -2 11 0 0.00 0.0 0 3.0 9 50 M M 1 8 10 270
13 69 41 55 -1 10 0 0.00 0.0 0 3.9 10 330 M M 1 8 12 330
14 66 46 56 0 9 0 0.00 0.0 0 3.2 10 320 M M 3 8 11 320
15 64 43 54 -1 11 0 0.00 0.0 0 3.3 10 140 M M 1 18 12 140
16 72 43 58 3 7 0 0.00 0.0 0 2.6 9 290 M M 0 18 11 290
17 87 49 68 14 0 3 0.00 0.0 0 7.2 20 320 M M 0 8 22 320
18 71 49 60 6 5 0 T 0.0 0 4.8 14 20 M M 4 19 20
19 64 47 56 2 9 0 0.00 0.0 0 2.9 8 60 M M 5 128 12 320
20 58 46 52 -1 13 0 0.00 0.0 0 2.7 8 320 M M 1 10 280
21 62 42 52 -1 13 0 0.00 0.0 0 2.4 7 220 M M 0 18 11 270
22 63 40 52 -1 13 0 0.00 0.0 0 3.5 9 260 M M 0 18 13 270
23 63 43 53 1 12 0 0.00 0.0 0 4.5 9 310 M M 1 18 11 330
24 65 42 54 2 11 0 0.00 0.0 0 3.4 9 260 M M 0 8 11 280
25 65 43 54 2 11 0 0.00 0.0 0 5.0 13 310 M M 0 8 16 320
26 60 39 50 -1 15 0 0.00 0.0 0 3.8 12 300 M M 1 M M
27 66 35 51 0 14 0 0.00 0.0 0 4.6 13 360 M M 0 16 330
28 63 35 49 -2 16 0 0.00 0.0 0 2.6 7 150 M M 0 9 210
29 64 34 49 -2 16 0 0.00 0.0 0 3.3 10 250 M M 0 8 12 240
30 63 38 51 1 14 0 0.00 0.0 0 3.9 12 310 M M 0 8 14 310
================================================================================
SM 2006 1319 294 15 0.39 0.0 120.2 M 54
================================================================================
AV 66.9 44.0 4.0 FASTST M M 2 MAX(MPH)
MISC ----> # 33 330 # 38 330
================================================================================
NOTES:
# LAST OF SEVERAL OCCURRENCES
COLUMN 17 PEAK WIND IN M.P.H.
PRELIMINARY LOCAL CLIMATOLOGICAL DATA (WS FORM: F-6) , PAGE 2
STATION: BAKERSFIELD CA
MONTH: NOVEMBER
YEAR: 2020
LATITUDE: 35 25 N
LONGITUDE: 119 3 W
[TEMPERATURE DATA] [PRECIPITATION DATA] SYMBOLS USED IN COLUMN 16
AVERAGE MONTHLY: 55.4 TOTAL FOR MONTH: 0.39 1 = FOG OR MIST
DPTR FM NORMAL: 0.3 DPTR FM NORMAL: -0.25 2 = FOG REDUCING VISIBILITY
HIGHEST: 87 ON 17 GRTST 24HR 0.38 ON 7- 7 TO 1/4 MILE OR LESS
LOWEST: 34 ON 29 3 = THUNDER
SNOW, ICE PELLETS, HAIL 4 = ICE PELLETS
TOTAL MONTH: 0.0 INCH 5 = HAIL
GRTST 24HR 0.0 6 = FREEZING RAIN OR DRIZZLE
GRTST DEPTH: 0 7 = DUSTSTORM OR SANDSTORM:
VSBY 1/2 MILE OR LESS
8 = SMOKE OR HAZE
[NO. OF DAYS WITH] [WEATHER - DAYS WITH] 9 = BLOWING SNOW
X = TORNADO
MAX 32 OR BELOW: 0 0.01 INCH OR MORE: 2
MAX 90 OR ABOVE: 0 0.10 INCH OR MORE: 1
MIN 32 OR BELOW: 0 0.50 INCH OR MORE: 0
MIN 0 OR BELOW: 0 1.00 INCH OR MORE: 0
[HDD (BASE 65) ]
TOTAL THIS MO. 294 CLEAR (SCALE 0-3) 23
DPTR FM NORMAL -6 PTCLDY (SCALE 4-7) 6
TOTAL FM JUL 1 306 CLOUDY (SCALE 8-10) 1
DPTR FM NORMAL -52
[CDD (BASE 65) ]
TOTAL THIS MO. 15
DPTR FM NORMAL 11 [PRESSURE DATA]
TOTAL FM JAN 1 2855 HIGHEST SLP 30.33 ON 15
DPTR FM NORMAL 597 LOWEST SLP 29.61 ON 6
[REMARKS]
#FINAL-11-20#