000
CXUS51 KCAR 010700
CF6BGR
PRELIMINARY LOCAL CLIMATOLOGICAL DATA (WS FORM: F-6)
STATION: BANGOR ME
MONTH: DECEMBER
YEAR: 2023
LATITUDE: 44 47 N
LONGITUDE: 68 49 W
TEMPERATURE IN F: :PCPN: SNOW: WIND :SUNSHINE: SKY :PK WND
================================================================================
1 2 3 4 5 6A 6B 7 8 9 10 11 12 13 14 15 16 17 18
12Z AVG MX 2MIN
DY MAX MIN AVG DEP HDD CDD WTR SNW DPTH SPD SPD DIR MIN PSBL S-S WX SPD DR
================================================================================
1 54 33 44 13 21 0 0.13 0.0 0 5.1 13 190 M M 6 1 19 190
2 43 36 40 9 25 0 0.04 0.0 0 5.6 13 360 M M 10 12 17 360
3 36 32 34 4 31 0 0.03 T 0 8.1 17 50 M M 10 1 25 40
4 32 27 30 0 35 0 0.46 6.4 3 9.1 16 30 M M 10 1 22 30
5 27 8 18 -12 47 0 T T 6 10.0 18 350 M M 9 1 27 20
6 22 -2 10 -19 55 0 0.00 0.0 6 2.9 9 330 M M 3 1 12 320
7 23 -1 11 -18 54 0 0.00 0.0 6 3.0 9 320 M M 1 1 13 320
8 31 -2 15 -14 50 0 0.00 0.0 6 1.5 8 280 M M 0 12 280
9 35 5 20 -8 45 0 T T 6 1.3 7 140 M M 8 16 8 140
10 54 34 44 16 21 0 0.83 0.0 3 6.2 20 320 M M 10 12 30 180
11 45 33 39 11 26 0 1.81 0.0 0 8.7 22 360 M M 8 1 30 290
12 37 27 32 5 33 0 0.00 0.0 0 6.8 15 310 M M 3 26 310
13 39 22 31 4 34 0 0.00 0.0 0 8.2 22 320 M M 6 29 320
14 30 18 24 -2 41 0 0.00 0.0 0 8.3 21 310 M M 1 31 310
15 47 23 35 9 30 0 0.00 0.0 0 5.4 12 260 M M 3 19 250
16 43 20 32 6 33 0 0.00 0.0 0 5.6 18 330 M M 5 26 340
17 51 18 35 10 30 0 0.04 0.0 0 4.8 17 140 M M 8 1 23 130
18 61 51 56 31 9 0 2.52 0.0 0 25.4 47 150 M M 10 1 71 160
19 51 30 41 16 24 0 0.00 0.0 0 6.9 16 190 M M 4 23 200
20 40 26 33 9 32 0 0.00 0.0 0 11.4 20 360 M M 2 30 350
21 30 16 23 -1 42 0 0.00 0.0 0 16.7 29 330 M M 2 41 330
22 28 12 20 -4 45 0 0.00 0.0 0 6.0 15 340 M M 1 20 350
23 36 15 26 3 39 0 0.00 0.0 0 1.7 10 170 M M 4 13 170
24 45 21 33 10 32 0 0.00 0.0 0 1.0 8 200 M M 7 11 200
25 45 29 37 14 28 0 0.00 0.0 0 2.5 9 190 M M 8 12 15 190
26 47 31 39 17 26 0 T 0.0 0 2.0 7 310 M M 9 12 10 270
27 40 34 37 15 28 0 0.39 0.0 0 2.4 7 50 M M 10 1 9 360
28 41 34 38 16 27 0 0.41 0.0 0 8.0 14 20 M M 10 12 18 10
29 36 34 35 13 30 0 0.17 0.0 0 7.6 14 10 M M 10 16 18 10
30 34 32 33 12 32 0 0.17 0.9 T 5.8 14 360 M M 10 1 18 350
31 34 23 29 8 36 0 0.00 0.0 1 9.0 16 330 M M 10 21 300
================================================================================
SM 1217 719 1041 0 7.00 7.3 207.0 M 198
================================================================================
AV 39.3 23.2 6.7 FASTST M M 6 MAX(MPH)
MISC ----> 47 150 71 160
================================================================================
NOTES:
# LAST OF SEVERAL OCCURRENCES
COLUMN 17 PEAK WIND IN M.P.H.
PRELIMINARY LOCAL CLIMATOLOGICAL DATA (WS FORM: F-6) , PAGE 2
STATION: BANGOR ME
MONTH: DECEMBER
YEAR: 2023
LATITUDE: 44 47 N
LONGITUDE: 68 49 W
[TEMPERATURE DATA] [PRECIPITATION DATA] SYMBOLS USED IN COLUMN 16
AVERAGE MONTHLY: 31.2 TOTAL FOR MONTH: 7.00 1 = FOG OR MIST
DPTR FM NORMAL: 5.3 DPTR FM NORMAL: 3.28 2 = FOG REDUCING VISIBILITY
HIGHEST: 61 ON 18 GRTST 24HR 2.64 ON 10-11 TO 1/4 MILE OR LESS
LOWEST: -2 ON 8, 6 3 = THUNDER
SNOW, ICE PELLETS, HAIL 4 = ICE PELLETS
TOTAL MONTH: 7.3 INCHES 5 = HAIL
GRTST 24HR 6.4 ON 4- 4 6 = FREEZING RAIN OR DRIZZLE
GRTST DEPTH: 6 ON 9, 8 7 = DUSTSTORM OR SANDSTORM:
VSBY 1/2 MILE OR LESS
8 = SMOKE OR HAZE
[NO. OF DAYS WITH] [WEATHER - DAYS WITH] 9 = BLOWING SNOW
X = TORNADO
MAX 32 OR BELOW: 8 0.01 INCH OR MORE: 12
MAX 90 OR ABOVE: 0 0.10 INCH OR MORE: 9
MIN 32 OR BELOW: 23 0.50 INCH OR MORE: 3
MIN 0 OR BELOW: 3 1.00 INCH OR MORE: 2
[HDD (BASE 65) ]
TOTAL THIS MO. 1041 CLEAR (SCALE 0-3) 9
DPTR FM NORMAL -171 PTCLDY (SCALE 4-7) 9
TOTAL FM JUL 1 2379 CLOUDY (SCALE 8-10) 13
DPTR FM NORMAL -415
[CDD (BASE 65) ]
TOTAL THIS MO. 0
DPTR FM NORMAL 0 [PRESSURE DATA]
TOTAL FM JAN 1 474 HIGHEST SLP 30.66 ON 16
DPTR FM NORMAL 95 LOWEST SLP 29.04 ON 18
[REMARKS]
#FINAL-12-23#