706
CXUS55 KBYZ 011057
CF6BHK
PRELIMINARY LOCAL CLIMATOLOGICAL DATA (WS FORM: F-6)
STATION: BAKER MT
MONTH: MAY
YEAR: 2020
LATITUDE: 46 20 N
LONGITUDE: 104 15 W
TEMPERATURE IN F: :PCPN: SNOW: WIND :SUNSHINE: SKY :PK WND
================================================================================
1 2 3 4 5 6A 6B 7 8 9 10 11 12 13 14 15 16 17 18
12Z AVG MX 2MIN
DY MAX MIN AVG DEP HDD CDD WTR SNW DPTH SPD SPD DIR MIN PSBL S-S WX SPD DR
================================================================================
1 61 42 52 4 13 0 0.06 M M 16.7 31 310 M M 5 1 37 300
2 69 32 51 3 14 0 T M M 5.0 16 340 M M 1 21 290
3 74 37 56 7 9 0 0.26 M M 13.1 32 120 M M 3 13 40 120
4 59 38 49 0 16 0 0.00 M M 14.5 35 260 M M 2 52 260
5 58 32 45 -5 20 0 0.03 M M 7.8 35 330 M M 2 44 320
6 65 28 47 -3 18 0 0.00 M M 11.8 25 140 M M 0 31 140
7 56 34 45 -5 20 0 1.10 M M 12.1 32 80 M M 6 1 37 80
8 63 32 48 -2 17 0 0.10 M M 7.5 31 320 M M 3 1 40 330
9 49 35 42 -9 23 0 0.09 M M 17.8 41 330 M M 8 1 51 300
10 46 24 35 -16 30 0 0.00 M M 5.1 12 30 M M 7 15 10
11 49 22 36 -15 29 0 0.00 M M 8.5 18 180 M M 5 23 160
12 42 31 37 -15 28 0 0.08 M M 21.3 35 120 M M 10 1 44 120
13 61 40 51 -1 14 0 0.24 M M 5.1 16 330 M M 7 1 19 330
14 65 35 50 -2 15 0 0.00 M M 9.2 20 310 M M 1 25 270
15 67 35 51 -2 14 0 0.09 M M 6.9 18 280 M M 5 13 23 290
16 65 43 54 1 11 0 0.00 M M 3.5 15 130 M M 4 21 110
17 69 35 52 -1 13 0 0.00 M M 19.9 32 160 M M 0 40 150
18 72 51 62 8 3 0 0.00 M M 29.5 46 140 M M 0 56 140
19 83 53 68 14 0 3 0.00 M M 15.4 32 150 M M 0 42 140
20 81 54 68 14 0 3 T M M 20.3 37 140 M M 2 3 44 140
21 74 44 59 5 6 0 T M M 8.8 23 230 M M 0 30 140
22 78 41 60 5 5 0 0.01 M M 8.1 23 310 M M 1 29 350
23 61 48 55 0 10 0 0.25 M M 12.3 28 10 M M 7 13 33 10
24 52 43 48 -7 17 0 0.22 M M 10.1 21 340 M M 10 1 24 320
25 66 45 56 0 9 0 0.00 M M 4.7 13 190 M M 6 14 190
26 72 40 56 0 9 0 T M M 6.9 21 270 M M 4 26 310
27 71 49 60 4 5 0 0.00 M M 8.1 15 350 M M 4 20 340
28 69 42 56 0 9 0 0.00 M M 9.6 24 320 M M 3 30 310
29 71 39 55 -2 10 0 0.00 M M 10.3 18 70 M M 0 22 90
30 73 46 60 3 5 0 0.00 M M 20.5 31 130 M M 1 39 130
31 83 55 69 12 0 4 0.21 M M 20.8 31 290 M M 0 3 42 310
================================================================================
SM 2024 1225 392 10 2.74 M 371.2 M 107
================================================================================
AV 65.3 39.5 12.0 FASTST M M 3 MAX(MPH)
MISC ----> # 46 140 # 56 140
================================================================================
NOTES:
# LAST OF SEVERAL OCCURRENCES
COLUMN 17 PEAK WIND IN M.P.H.
PRELIMINARY LOCAL CLIMATOLOGICAL DATA (WS FORM: F-6) , PAGE 2
STATION: BAKER MT
MONTH: MAY
YEAR: 2020
LATITUDE: 46 20 N
LONGITUDE: 104 15 W
[TEMPERATURE DATA] [PRECIPITATION DATA] SYMBOLS USED IN COLUMN 16
AVERAGE MONTHLY: 52.4 TOTAL FOR MONTH: 2.74 1 = FOG OR MIST
DPTR FM NORMAL: -0.5 DPTR FM NORMAL: 0.25 2 = FOG REDUCING VISIBILITY
HIGHEST: 83 ON 31,19 GRTST 24HR 1.10 ON 7- 7 TO 1/4 MILE OR LESS
LOWEST: 22 ON 11 3 = THUNDER
SNOW, ICE PELLETS, HAIL 4 = ICE PELLETS
TOTAL MONTH: M 5 = HAIL
GRTST 24HR M ON M 6 = FREEZING RAIN OR DRIZZLE
GRTST DEPTH: M ON M 7 = DUSTSTORM OR SANDSTORM:
VSBY 1/2 MILE OR LESS
8 = SMOKE OR HAZE
[NO. OF DAYS WITH] [WEATHER - DAYS WITH] 9 = BLOWING SNOW
X = TORNADO
MAX 32 OR BELOW: 0 0.01 INCH OR MORE: 13
MAX 90 OR ABOVE: 0 0.10 INCH OR MORE: 7
MIN 32 OR BELOW: 7 0.50 INCH OR MORE: 1
MIN 0 OR BELOW: 0 1.00 INCH OR MORE: 1
[HDD (BASE 65) ]
TOTAL THIS MO. 392 CLEAR (SCALE 0-3) 17
DPTR FM NORMAL 11 PTCLDY (SCALE 4-7) 11
TOTAL FM JUL 1 8186 CLOUDY (SCALE 8-10) 3
DPTR FM NORMAL -53
[CDD (BASE 65) ]
TOTAL THIS MO. 10
DPTR FM NORMAL 6 [PRESSURE DATA]
TOTAL FM JAN 1 10 HIGHEST SLP 30.53 ON 10
DPTR FM NORMAL 6 LOWEST SLP 29.49 ON 20
[REMARKS]
#FINAL-05-20#