000
CXUS54 KBMX 011110
CF6BHM
PRELIMINARY LOCAL CLIMATOLOGICAL DATA (WS FORM: F-6)
STATION: BIRMINGHAM
MONTH: MAY
YEAR: 2020
LATITUDE: 33 34 N
LONGITUDE: 86 45 W
TEMPERATURE IN F: :PCPN: SNOW: WIND :SUNSHINE: SKY :PK WND
================================================================================
1 2 3 4 5 6A 6B 7 8 9 10 11 12 13 14 15 16 17 18
12Z AVG MX 2MIN
DY MAX MIN AVG DEP HDD CDD WTR SNW DPTH SPD SPD DIR MIN PSBL S-S WX SPD DR
================================================================================
1 78 46 62 -5 3 0 0.00 0.0 0 2.3 16 270 M M 1 20 300
2 83 52 68 1 0 3 0.00 0.0 0 4.5 16 190 M M 1 21 190
3 85 62 74 7 0 9 0.00 0.0 0 7.6 17 220 M M 3 24 170
4 87 63 75 8 0 10 0.00 0.0 0 6.0 14 250 M M 5 8 20 190
5 80 62 71 3 0 6 0.00 0.0 0 9.6 20 260 M M 6 24 280
6 73 46 60 -8 5 0 0.00 0.0 0 10.4 25 330 M M 2 32 300
7 71 41 56 -12 9 0 0.00 0.0 0 3.9 14 330 M M 1 19 340
8 64 48 56 -12 9 0 0.09 0.0 0 6.4 20 350 M M 7 18 26 220
9 66 41 54 -15 11 0 0.00 0.0 0 6.1 20 30 M M 5 27 40
10 74 40 57 -12 8 0 0.00 0.0 0 3.4 14 340 M M 1 17 320
11 71 47 59 -10 6 0 0.00 0.0 0 6.3 18 10 M M 1 24 10
12 78 47 63 -7 2 0 0.00 0.0 0 4.9 12 120 M M 5 18 70
13 84 58 71 1 0 6 0.00 0.0 0 4.9 14 170 M M 7 19 200
14 86 64 75 5 0 10 0.00 0.0 0 8.4 17 140 M M 5 26 140
15 86 68 77 7 0 12 0.00 0.0 0 7.7 16 200 M M 7 21 200
16 87 65 76 5 0 11 0.00 0.0 0 6.2 14 130 M M 5 18 140
17 80 66 73 2 0 8 1.09 0.0 0 6.9 18 200 M M 7 138 24 220
18 84 64 74 3 0 9 0.02 0.0 0 6.9 20 310 M M 7 1 26 320
19 75 57 66 -5 0 1 0.00 0.0 0 5.5 15 320 M M 7 18 330
20 78 55 67 -5 0 2 0.00 0.0 0 3.5 12 40 M M 4 17 50
21 81 57 69 -3 0 4 0.00 0.0 0 4.9 13 200 M M 7 17 70
22 87 67 77 5 0 12 0.70 0.0 0 6.5 30 200 M M 8 138 40 210
23 88 66 77 5 0 12 3.12 0.0 0 9.3 31 180 M M 7 138 46 170
24 90 65 78 5 0 13 0.00 0.0 0 3.0 12 140 M M 3 15 120
25 89 70 80 7 0 15 0.00 0.0 0 8.9 17 140 M M 4 22 130
26 75 69 72 -1 0 7 0.68 0.0 0 8.6 17 120 M M 9 1 25 100
27 82 64 73 0 0 8 0.54 0.0 0 5.4 32 240 M M 9 13 41 240
28 85 65 75 1 0 10 0.15 0.0 0 5.8 16 190 M M 7 13 20 210
29 86 65 76 2 0 11 0.00 0.0 0 3.4 13 310 M M 5 18 250
30 85 63 74 0 0 9 0.00 0.0 0 4.7 15 320 M M 2 21 310
31 85 59 72 -2 0 7 0.00 0.0 0 7.2 18 340 M M 1 23 350
================================================================================
SM 2503 1802 53 195 6.39 0.0 189.1 M 149
================================================================================
AV 80.7 58.1 6.1 FASTST M M 5 MAX(MPH)
MISC ----> # 32 240 # 46 170
================================================================================
NOTES:
# LAST OF SEVERAL OCCURRENCES
COLUMN 17 PEAK WIND IN M.P.H.
PRELIMINARY LOCAL CLIMATOLOGICAL DATA (WS FORM: F-6) , PAGE 2
STATION: BIRMINGHAM
MONTH: MAY
YEAR: 2020
LATITUDE: 33 34 N
LONGITUDE: 86 45 W
[TEMPERATURE DATA] [PRECIPITATION DATA] SYMBOLS USED IN COLUMN 16
AVERAGE MONTHLY: 69.4 TOTAL FOR MONTH: 6.39 1 = FOG OR MIST
DPTR FM NORMAL: -1.2 DPTR FM NORMAL: 1.40 2 = FOG REDUCING VISIBILITY
HIGHEST: 90 ON 24 GRTST 24HR 3.12 ON 23-23 TO 1/4 MILE OR LESS
LOWEST: 40 ON 10 3 = THUNDER
SNOW, ICE PELLETS, HAIL 4 = ICE PELLETS
TOTAL MONTH: 0.0 INCH 5 = HAIL
GRTST 24HR 0.0 6 = FREEZING RAIN OR DRIZZLE
GRTST DEPTH: 0 7 = DUSTSTORM OR SANDSTORM:
VSBY 1/2 MILE OR LESS
8 = SMOKE OR HAZE
[NO. OF DAYS WITH] [WEATHER - DAYS WITH] 9 = BLOWING SNOW
X = TORNADO
MAX 32 OR BELOW: 0 0.01 INCH OR MORE: 8
MAX 90 OR ABOVE: 1 0.10 INCH OR MORE: 6
MIN 32 OR BELOW: 0 0.50 INCH OR MORE: 5
MIN 0 OR BELOW: 0 1.00 INCH OR MORE: 2
[HDD (BASE 65) ]
TOTAL THIS MO. 53 CLEAR (SCALE 0-3) 10
DPTR FM NORMAL 28 PTCLDY (SCALE 4-7) 18
TOTAL FM JUL 1 2122 CLOUDY (SCALE 8-10) 3
DPTR FM NORMAL -554
[CDD (BASE 65) ]
TOTAL THIS MO. 195
DPTR FM NORMAL -3 [PRESSURE DATA]
TOTAL FM JAN 1 309 HIGHEST SLP 30.30 ON 12
DPTR FM NORMAL 27 LOWEST SLP 29.70 ON 18
[REMARKS]
#FINAL-05-20#