000
CXUS55 KBYZ 011000
CF6BIL
PRELIMINARY LOCAL CLIMATOLOGICAL DATA (WS FORM: F-6)
STATION: BILLINGS MT
MONTH: JUNE
YEAR: 2023
LATITUDE: 45 47 N
LONGITUDE: 108 32 W
TEMPERATURE IN F: :PCPN: SNOW: WIND :SUNSHINE: SKY :PK WND
================================================================================
1 2 3 4 5 6A 6B 7 8 9 10 11 12 13 14 15 16 17 18
12Z AVG MX 2MIN
DY MAX MIN AVG DEP HDD CDD WTR SNW DPTH SPD SPD DIR MIN PSBL S-S WX SPD DR
================================================================================
1 81 52 67 6 0 2 0.49 0.0 0 10.0 30 320 M M 5 13 39 320
2 60 55 58 -3 7 0 2.19 0.0 0 11.0 18 310 M M 10 13 23 320
3 71 55 63 2 2 0 1.00 0.0 0 7.1 18 300 M M 9 1 23 300
4 70 57 64 3 1 0 0.32 0.0 0 4.5 10 330 M M 8 1 13 320
5 81 57 69 7 0 4 0.00 0.0 0 4.8 13 110 M M 5 12 17 100
6 81 59 70 8 0 5 T 0.0 0 8.9 32 290 M M 4 3 38 290
7 80 56 68 6 0 3 0.20 0.0 0 6.0 17 60 M M 5 3 20 60
8 80 61 71 9 0 6 0.09 0.0 0 6.5 30 80 M M 8 3 35 70
9 75 60 68 5 0 3 T 0.0 0 7.2 16 50 M M 7 1 19 50
10 65 58 62 -1 3 0 0.12 0.0 0 5.1 14 40 M M 8 1 16 30
11 75 53 64 1 1 0 0.00 0.0 0 8.3 20 110 M M 5 26 100
12 77 54 66 2 0 1 T 0.0 0 6.9 16 70 M M 5 19 40
13 79 55 67 3 0 2 0.00 0.0 0 7.6 16 130 M M 4 23 170
14 78 57 68 4 0 3 0.12 0.0 0 8.0 37 330 M M 7 3 42 330
15 69 55 62 -2 3 0 0.00 0.0 0 7.6 17 60 M M 8 20 60
16 73 53 63 -2 2 0 0.00 0.0 0 5.9 17 140 M M 6 23 130
17 74 58 66 1 0 1 0.04 0.0 0 12.1 24 240 M M 7 3 29 240
18 73 52 63 -2 2 0 T 0.0 0 6.3 38 320 M M 7 45 320
19 70 48 59 -7 6 0 0.09 0.0 0 5.8 14 290 M M 7 3 16 100
20 59 49 54 -12 11 0 0.12 0.0 0 6.4 13 100 M M 8 15 90
21 60 45 53 -13 12 0 0.15 0.0 0 6.4 25 330 M M 7 13 32 330
22 68 42 55 -11 10 0 0.00 0.0 0 7.1 16 90 M M 5 1 20 100
23 67 54 61 -6 4 0 0.91 0.0 0 10.1 30 320 M M 9 13 36 310
24 67 53 60 -7 5 0 0.52 0.0 0 10.9 25 310 M M 8 1 34 310
25 79 49 64 -4 1 0 0.00 0.0 0 8.8 20 320 M M 4 13 24 320
26 78 55 67 -1 0 2 0.00 0.0 0 6.8 28 200 M M 6 38 190
27 79 52 66 -2 0 1 T 0.0 0 6.6 16 220 M M 5 19 220
28 79 57 68 0 0 3 T 0.0 0 10.0 31 280 M M 7 3 39 290
29 82 53 68 -1 0 3 0.00 0.0 0 6.8 15 240 M M 3 17 230
30 87 57 72 3 0 7 0.00 0.0 0 8.8 18 230 M M 2 23 240
================================================================================
SM 2217 1621 70 46 6.36 0.0 228.3 M 189
================================================================================
AV 73.9 54.0 7.6 FASTST M M 6 MAX(MPH)
MISC ----> 38 320 45 320
================================================================================
NOTES:
# LAST OF SEVERAL OCCURRENCES
COLUMN 17 PEAK WIND IN M.P.H.
PRELIMINARY LOCAL CLIMATOLOGICAL DATA (WS FORM: F-6) , PAGE 2
STATION: BILLINGS MT
MONTH: JUNE
YEAR: 2023
LATITUDE: 45 47 N
LONGITUDE: 108 32 W
[TEMPERATURE DATA] [PRECIPITATION DATA] SYMBOLS USED IN COLUMN 16
AVERAGE MONTHLY: 64.0 TOTAL FOR MONTH: 6.36 1 = FOG OR MIST
DPTR FM NORMAL: -0.7 DPTR FM NORMAL: 4.14 2 = FOG REDUCING VISIBILITY
HIGHEST: 87 ON 30 GRTST 24HR 2.60 ON 2- 3 TO 1/4 MILE OR LESS
LOWEST: 42 ON 22 3 = THUNDER
SNOW, ICE PELLETS, HAIL 4 = ICE PELLETS
TOTAL MONTH: 0.0 INCH 5 = HAIL
GRTST 24HR 0.0 6 = FREEZING RAIN OR DRIZZLE
GRTST DEPTH: 0 7 = DUSTSTORM OR SANDSTORM:
VSBY 1/2 MILE OR LESS
8 = SMOKE OR HAZE
[NO. OF DAYS WITH] [WEATHER - DAYS WITH] 9 = BLOWING SNOW
X = TORNADO
MAX 32 OR BELOW: 0 0.01 INCH OR MORE: 14
MAX 90 OR ABOVE: 0 0.10 INCH OR MORE: 11
MIN 32 OR BELOW: 0 0.50 INCH OR MORE: 4
MIN 0 OR BELOW: 0 1.00 INCH OR MORE: 2
[HDD (BASE 65) ]
TOTAL THIS MO. 70 CLEAR (SCALE 0-3) 2
DPTR FM NORMAL -20 PTCLDY (SCALE 4-7) 24
TOTAL FM JUL 1 7026 CLOUDY (SCALE 8-10) 4
DPTR FM NORMAL 271
[CDD (BASE 65) ]
TOTAL THIS MO. 46
DPTR FM NORMAL -35 [PRESSURE DATA]
TOTAL FM JAN 1 74 HIGHEST SLP 30.22 ON 22
DPTR FM NORMAL -22 LOWEST SLP 29.41 ON 18
[REMARKS]
#FINAL-06-23#