000
CXUS53 KGRR 010910
CF6BIV
PRELIMINARY LOCAL CLIMATOLOGICAL DATA (WS FORM: F-6)
STATION: HOLLAND
MONTH: MAY
YEAR: 2021
LATITUDE: 42 49 N
LONGITUDE: 86 10 W
TEMPERATURE IN F: :PCPN: SNOW: WIND :SUNSHINE: SKY :PK WND
================================================================================
1 2 3 4 5 6A 6B 7 8 9 10 11 12 13 14 15 16 17 18
12Z AVG MX 2MIN
DY MAX MIN AVG DEP HDD CDD WTR SNW DPTH SPD SPD DIR MIN PSBL S-S WX SPD DR
================================================================================
1 75 32 54 1 11 0 T M M 16.8 35 220 M M 2 51 210
2 80 64 72 19 0 7 0.00 M M 20.4 32 240 M M 1 43 230
3 67 57 62 8 3 0 0.32 M M 7.2 22 210 M M 8 33 210
4 57 40 49 -5 16 0 T M M 9.1 18 310 M M 7 27 300
5 53 40 47 -7 18 0 0.00 M M 7.8 18 280 M M 3 26 300
6 49 34 42 -13 23 0 0.35 M M 2.3 8 290 M M 8 1 12 20
7 51 32 42 -13 23 0 T M M 8.1 22 310 M M 4 12 32 330
8 50 33 42 -13 23 0 0.00 M M 6.2 15 290 M M 2 26 310
9 62 37 50 -6 15 0 0.00 M M 5.3 14 320 M M 2 23 330
10 50 40 45 -11 20 0 T M M 7.9 15 320 M M 5 27 290
11 53 35 44 -12 21 0 0.00 M M 8.4 20 310 M M 1 28 310
12 59 32 46 -11 19 0 0.00 M M 4.9 14 320 M M 0 8 22 280
13 64 31 48 -9 17 0 0.00 M M 4.3 14 250 M M 0 8 19 260
14 69 35 52 -6 13 0 0.00 M M 4.1 14 280 M M 0 21 290
15 71 42 57 -1 8 0 0.22 M M 6.1 21 260 M M 6 1 28 260
16 70 51 61 3 4 0 T M M 4.1 13 270 M M 6 1 19 250
17 72 50 61 2 4 0 0.00 M M 4.4 12 270 M M 0 17 270
18 81 50 66 7 0 1 0.00 M M 6.9 17 190 M M 3 25 120
19 79 64 72 13 0 7 T M M 9.0 21 250 M M 6 27 210
20 85 62 74 14 0 9 0.00 M M 6.5 16 190 M M 2 24 220
21 85 63 74 14 0 9 0.00 M M 8.3 22 240 M M 0 29 240
22 83 64 74 14 0 9 T M M 6.4 15 250 M M 5 19 250
23 73 56 65 4 0 0 T M M 6.4 12 90 M M 7 18 18 70
24 84 55 70 9 0 5 0.00 M M 7.2 16 250 M M 5 22 230
25 86 71 79 17 0 14 T M M 13.6 22 240 M M 4 8 32 250
26 73 57 65 3 0 0 0.94 M M 9.8 25 240 M M 4 13 38 240
27 61 46 54 -8 11 0 0.08 M M 10.6 23 80 M M 5 35 90
28 54 42 48 -14 17 0 0.06 M M 13.3 23 80 M M 9 18 38 60
29 67 37 52 -11 13 0 0.00 M M 5.9 18 80 M M 0 28 100
30 67 36 52 -11 13 0 0.00 M M 3.7 14 290 M M 0 24 280
31 71 46 59 -5 6 0 0.00 M M 7.9 18 220 M M 0 25 220
================================================================================
SM 2101 1434 298 61 1.97 M 242.9 M 105
================================================================================
AV 67.8 46.3 7.8 FASTST M M 3 MAX(MPH)
MISC ----> 35 220 51 210
================================================================================
NOTES:
# LAST OF SEVERAL OCCURRENCES
COLUMN 17 PEAK WIND IN M.P.H.
PRELIMINARY LOCAL CLIMATOLOGICAL DATA (WS FORM: F-6) , PAGE 2
STATION: HOLLAND
MONTH: MAY
YEAR: 2021
LATITUDE: 42 49 N
LONGITUDE: 86 10 W
[TEMPERATURE DATA] [PRECIPITATION DATA] SYMBOLS USED IN COLUMN 16
AVERAGE MONTHLY: 57.0 TOTAL FOR MONTH: 1.97 1 = FOG OR MIST
DPTR FM NORMAL: -1.3 DPTR FM NORMAL: -1.79 2 = FOG REDUCING VISIBILITY
HIGHEST: 86 ON 25 GRTST 24HR 0.94 ON 25-26 TO 1/4 MILE OR LESS
LOWEST: 31 ON 13 3 = THUNDER
SNOW, ICE PELLETS, HAIL 4 = ICE PELLETS
TOTAL MONTH: M 5 = HAIL
GRTST 24HR M ON M 6 = FREEZING RAIN OR DRIZZLE
GRTST DEPTH: M ON M 7 = DUSTSTORM OR SANDSTORM:
VSBY 1/2 MILE OR LESS
8 = SMOKE OR HAZE
[NO. OF DAYS WITH] [WEATHER - DAYS WITH] 9 = BLOWING SNOW
X = TORNADO
MAX 32 OR BELOW: 0 0.01 INCH OR MORE: 6
MAX 90 OR ABOVE: 0 0.10 INCH OR MORE: 4
MIN 32 OR BELOW: 4 0.50 INCH OR MORE: 1
MIN 0 OR BELOW: 0 1.00 INCH OR MORE: 0
[HDD (BASE 65) ]
TOTAL THIS MO. 298 CLEAR (SCALE 0-3) 15
DPTR FM NORMAL 52 PTCLDY (SCALE 4-7) 15
TOTAL FM JUL 1 5969 CLOUDY (SCALE 8-10) 1
DPTR FM NORMAL -316
[CDD (BASE 65) ]
TOTAL THIS MO. 61
DPTR FM NORMAL 24 [PRESSURE DATA]
TOTAL FM JAN 1 64 HIGHEST SLP 30.51 ON 12
DPTR FM NORMAL 23 LOWEST SLP 29.57 ON 2
[REMARKS]
#FINAL-05-21#