000
CXUS55 KPSR 011005
CF6BLH
PRELIMINARY LOCAL CLIMATOLOGICAL DATA (WS FORM: F-6)
STATION: BLYTHE CA
MONTH: NOVEMBER
YEAR: 2021
LATITUDE: 33 37 N
LONGITUDE: 114 43 W
TEMPERATURE IN F: :PCPN: SNOW: WIND :SUNSHINE: SKY :PK WND
================================================================================
1 2 3 4 5 6A 6B 7 8 9 10 11 12 13 14 15 16 17 18
12Z AVG MX 2MIN
DY MAX MIN AVG DEP HDD CDD WTR SNW DPTH SPD SPD DIR MIN PSBL S-S WX SPD DR
================================================================================
1 M M M M M M 0.00 M M M M M M M M M M
2 86 56 71 2 0 6 0.00 M M 4.3 10 10 M M 0 14 340
3 90 57 74 6 0 9 0.00 M M 3.5 12 360 M M 0 16 340
4 89 55 72 4 0 7 0.00 M M 3.6 10 350 M M 0 12 340
5 89 54 72 4 0 7 0.00 M M 3.4 10 350 M M 0 12 350
6 90 54 72 5 0 7 0.00 M M 5.0 13 170 M M 0 17 160
7 87 57 72 5 0 7 0.00 M M 5.6 14 180 M M 0 20 150
8 85 53 69 3 0 4 0.00 M M 5.6 13 150 M M 0 16 150
9 83 55 69 3 0 4 0.00 M M 3.5 12 70 M M 0 14 50
10 86 62 74 9 0 9 0.00 M M 7.4 17 340 M M 0 22 290
11 88 62 75 10 0 10 0.00 M M 12.5 25 360 M M 0 33 360
12 88 64 76 12 0 11 0.00 M M 6.7 21 350 M M 0 26 360
13 89 56 73 9 0 8 0.00 M M 4.3 12 10 M M 0 14 360
14 87 53 70 6 0 5 0.00 M M 3.4 10 350 M M 0 12 350
15 86 50 68 5 0 3 0.00 M M 2.6 10 340 M M 0 12 340
16 82 49 66 3 0 1 0.00 M M 2.7 9 340 M M 0 10 340
17 83 52 68 6 0 3 0.00 M M 4.4 14 340 M M 0 18 330
18 82 52 67 5 0 2 0.00 M M 2.9 10 320 M M 0 8 12 320
19 80 48 64 3 1 0 0.00 M M 2.3 9 340 M M 0 10 350
20 79 48 64 3 1 0 0.00 M M 4.4 10 330 M M 0 14 330
21 81 58 70 10 0 5 0.00 M M 13.6 24 360 M M 0 31 360
22 80 51 66 6 0 1 0.00 M M 5.7 16 360 M M 0 21 340
23 75 56 66 6 0 1 T M M 4.6 12 250 M M 1 16 250
24 77 52 65 6 0 0 0.00 M M 14.4 28 330 M M 0 42 320
25 73 54 64 5 1 0 0.00 M M 16.0 28 350 M M 0 40 330
26 76 48 62 4 3 0 0.00 M M 6.7 22 350 M M 0 28 350
27 77 45 61 3 4 0 0.00 M M 3.0 10 350 M M 0 11 340
28 80 42 61 3 4 0 0.00 M M 3.1 14 350 M M 0 15 350
29 79 45 62 5 3 0 0.00 M M 3.3 9 240 M M 0 8 10 270
30 81 45 63 6 2 0 0.00 M M 2.8 8 240 M M 0 11 120
================================================================================
SM 2408 1533 19 110 T M 161.3 M 1
================================================================================
AV 83.0 52.9 5.6 FASTST M M 0 MAX(MPH)
MISC ----> # 28 330 42 320
================================================================================
NOTES:
# LAST OF SEVERAL OCCURRENCES
COLUMN 17 PEAK WIND IN M.P.H.
PRELIMINARY LOCAL CLIMATOLOGICAL DATA (WS FORM: F-6) , PAGE 2
STATION: BLYTHE CA
MONTH: NOVEMBER
YEAR: 2021
LATITUDE: 33 37 N
LONGITUDE: 114 43 W
[TEMPERATURE DATA] [PRECIPITATION DATA] SYMBOLS USED IN COLUMN 16
AVERAGE MONTHLY: 67.9 TOTAL FOR MONTH: T 1 = FOG OR MIST
DPTR FM NORMAL: 5.0 DPTR FM NORMAL: -0.21 2 = FOG REDUCING VISIBILITY
HIGHEST: 90 ON 6, 3 GRTST 24HR T ON 23-23 TO 1/4 MILE OR LESS
LOWEST: 42 ON 28 3 = THUNDER
SNOW, ICE PELLETS, HAIL 4 = ICE PELLETS
TOTAL MONTH: M 5 = HAIL
GRTST 24HR M ON M 6 = FREEZING RAIN OR DRIZZLE
GRTST DEPTH: M ON M 7 = DUSTSTORM OR SANDSTORM:
VSBY 1/2 MILE OR LESS
8 = SMOKE OR HAZE
[NO. OF DAYS WITH] [WEATHER - DAYS WITH] 9 = BLOWING SNOW
X = TORNADO
MAX 32 OR BELOW: 0 0.01 INCH OR MORE: 0
MAX 90 OR ABOVE: 2 0.10 INCH OR MORE: 0
MIN 32 OR BELOW: 0 0.50 INCH OR MORE: 0
MIN 0 OR BELOW: 0 1.00 INCH OR MORE: 0
[HDD (BASE 65) ]
TOTAL THIS MO. 19 CLEAR (SCALE 0-3) 29
DPTR FM NORMAL -97 PTCLDY (SCALE 4-7) 0
TOTAL FM JUL 1 22 CLOUDY (SCALE 8-10) 1
DPTR FM NORMAL -101
[CDD (BASE 65) ]
TOTAL THIS MO. 110
DPTR FM NORMAL 56 [PRESSURE DATA]
TOTAL FM JAN 1 4766 HIGHEST SLP M ON M
DPTR FM NORMAL 305 LOWEST SLP 29.81 ON 23
[REMARKS]
#FINAL-11-21#