000
CXUS55 KSEW 010930
CF6BLI
PRELIMINARY LOCAL CLIMATOLOGICAL DATA (WS FORM: F-6)
STATION: BELLINGHAM WA AIRPORT
MONTH: JULY
YEAR: 2022
LATITUDE: 48 47 N
LONGITUDE: 122 32 W
TEMPERATURE IN F: :PCPN: SNOW: WIND :SUNSHINE: SKY :PK WND
================================================================================
1 2 3 4 5 6A 6B 7 8 9 10 11 12 13 14 15 16 17 18
12Z AVG MX 2MIN
DY MAX MIN AVG DEP HDD CDD WTR SNW DPTH SPD SPD DIR MIN PSBL S-S WX SPD DR
================================================================================
1 69 56 63 1 2 0 0.00 M M 8.2 16 170 M M 1 26 200
2 66 53 60 -2 5 0 0.00 M M 9.0 18 170 M M 0 26 170
3 60 55 58 -4 7 0 0.28 M M 9.5 16 170 M M 9 1 25 170
4 68 55 62 0 3 0 0.00 M M 3.7 13 190 M M 9 1 19 200
5 74 54 64 2 1 0 T M M 2.9 9 280 M M 5 1 17 290
6 75 59 67 4 0 2 T M M 4.3 9 240 M M 7 15 220
7 72 59 66 3 0 1 0.02 M M 6.3 13 170 M M 6 1 19 190
8 71 58 65 2 0 0 0.00 M M 5.6 12 190 M M 5 17 200
9 72 56 64 1 1 0 0.00 M M 5.4 12 170 M M 3 16 200
10 73 56 65 2 0 0 0.00 M M 5.5 14 160 M M 3 21 160
11 84 52 68 5 0 3 0.00 M M 3.5 9 300 M M 0 1 16 290
12 72 58 65 1 0 0 0.00 M M 9.1 17 190 M M 0 31 200
13 74 55 65 1 0 0 0.00 M M 6.1 12 180 M M 1 19 180
14 72 54 63 -1 2 0 0.00 M M 7.5 13 180 M M 0 20 200
15 70 59 65 1 0 0 T M M 5.1 14 180 M M 6 21 180
16 69 60 65 1 0 0 0.00 M M 7.1 15 180 M M 9 20 180
17 66 57 62 -2 3 0 T M M 5.2 10 180 M M 9 17 200
18 67 54 61 -3 4 0 0.01 M M 5.9 14 180 M M 7 1 23 180
19 77 50 64 0 1 0 0.00 M M 2.4 9 300 M M 1 12 15 300
20 80 55 68 4 0 3 0.00 M M 3.3 8 290 M M 0 15 260
21 73 59 66 1 0 1 0.00 M M 6.4 13 190 M M 0 20 180
22 70 58 64 -1 1 0 0.00 M M 10.7 20 180 M M 3 30 180
23 71 52 62 -3 3 0 0.00 M M 6.6 12 170 M M 1 17 160
24 78 53 66 1 0 1 0.00 M M 3.1 12 320 M M 0 1 16 330
25 83 57 70 5 0 5 0.00 M M 2.4 10 290 M M 0 1 16 270
26 90 60 75 10 0 10 0.00 M M 2.0 9 290 M M 0 13 290
27 81 62 72 7 0 7 0.00 M M 6.1 13 170 M M 0 20 170
28 86 60 73 8 0 8 0.00 M M 4.3 9 180 M M 0 16 170
29 91 61 76 11 0 11 0.00 M M 2.5 8 310 M M 0 12 280
30 86 62 74 9 0 9 0.00 M M 2.9 8 290 M M 0 14 260
31 89 61 75 10 0 10 0.00 M M 3.6 9 200 M M 0 1 16 200
================================================================================
SM 2329 1760 33 71 0.31 M 166.2 M 85
================================================================================
AV 75.1 56.8 5.4 FASTST M M 3 MAX(MPH)
MISC ----> 20 180 31 200
================================================================================
NOTES:
# LAST OF SEVERAL OCCURRENCES
COLUMN 17 PEAK WIND IN M.P.H.
PRELIMINARY LOCAL CLIMATOLOGICAL DATA (WS FORM: F-6) , PAGE 2
STATION: BELLINGHAM WA AIRPORT
MONTH: JULY
YEAR: 2022
LATITUDE: 48 47 N
LONGITUDE: 122 32 W
[TEMPERATURE DATA] [PRECIPITATION DATA] SYMBOLS USED IN COLUMN 16
AVERAGE MONTHLY: 66.0 TOTAL FOR MONTH: 0.31 1 = FOG OR MIST
DPTR FM NORMAL: 2.1 DPTR FM NORMAL: -0.57 2 = FOG REDUCING VISIBILITY
HIGHEST: 91 ON 29 GRTST 24HR 0.28 ON 3- 3 TO 1/4 MILE OR LESS
LOWEST: 50 ON 19 3 = THUNDER
SNOW, ICE PELLETS, HAIL 4 = ICE PELLETS
TOTAL MONTH: M 5 = HAIL
GRTST 24HR M ON M 6 = FREEZING RAIN OR DRIZZLE
GRTST DEPTH: M ON M 7 = DUSTSTORM OR SANDSTORM:
VSBY 1/2 MILE OR LESS
8 = SMOKE OR HAZE
[NO. OF DAYS WITH] [WEATHER - DAYS WITH] 9 = BLOWING SNOW
X = TORNADO
MAX 32 OR BELOW: 0 0.01 INCH OR MORE: 3
MAX 90 OR ABOVE: 2 0.10 INCH OR MORE: 1
MIN 32 OR BELOW: 0 0.50 INCH OR MORE: 0
MIN 0 OR BELOW: 0 1.00 INCH OR MORE: 0
[HDD (BASE 65) ]
TOTAL THIS MO. 33 CLEAR (SCALE 0-3) 19
DPTR FM NORMAL -34 PTCLDY (SCALE 4-7) 8
TOTAL FM JUL 1 33 CLOUDY (SCALE 8-10) 4
DPTR FM NORMAL -37
[CDD (BASE 65) ]
TOTAL THIS MO. 71
DPTR FM NORMAL 40 [PRESSURE DATA]
TOTAL FM JAN 1 83 HIGHEST SLP M ON M
DPTR FM NORMAL 43 LOWEST SLP 29.83 ON 29
[REMARKS]
#FINAL-07-22#