000
CXUS56 KSEW 011150
CLMBLI
CLIMATE REPORT
NATIONAL WEATHER SERVICE SEATTLE
350 AM PST FRI DEC 01 2023
...................................
...THE BELLINGHAM WA AIRPORT CLIMATE SUMMARY FOR THE MONTH OF NOVEMBER 2023...
CLIMATE NORMAL PERIOD 1991 TO 2020
CLIMATE RECORD PERIOD 1949 TO 2023
WEATHER OBSERVED NORMAL DEPART LAST YEAR`S
VALUE DATE(S) VALUE FROM VALUE DATE(S)
NORMAL
................................................................
TEMPERATURE (F)
RECORD
HIGH 73 11/08/2016
LOW 3 11/15/1955
HIGHEST 62 11/04 MM MM 57 11/04
LOWEST 23 11/29 MM MM 24 11/18
11/19
11/29
AVG. MAXIMUM 50.7 51.0 -0.3 47.3
AVG. MINIMUM 34.2 37.9 -3.7 31.2
MEAN 42.5 44.5 -2.0 39.2
DAYS MAX >= 90 0 0.0 0.0 0
DAYS MAX <= 32 0 0.4 -0.4 0
DAYS MIN <= 32 17 8.6 8.4 20
DAYS MIN <= 0 0 0.0 0.0 0
PRECIPITATION (INCHES)
RECORD
MAXIMUM 14.57 2021
MINIMUM 1.37 1952
TOTALS 4.36 5.20 -0.84 4.51
DAILY AVG. 0.15 0.17 -0.03 0.16
DAYS >= .01 18 19.6 -1.6 10
DAYS >= .10 12 12.2 -0.2 7
DAYS >= .50 1 3.6 -2.6 3
DAYS >= 1.00 1 0.6 0.4 1
GREATEST
24 HR. TOTAL 1.58 11/01 TO 11/02
DEGREE DAYS
HEATING TOTAL 669 616 53 765
SINCE 7/1 1336 1369 -33 MM
COOLING TOTAL 0 0 0 0
SINCE 1/1 111 75 36 MM
................................................................
WIND (MPH)
AVERAGE WIND SPEED 4.6
HIGHEST WIND SPEED/DIRECTION 41/160 DATE 11/11
HIGHEST GUST SPEED/DIRECTION 64/160 DATE 11/11
SKY COVER
POSSIBLE SUNSHINE (PERCENT) MM
AVERAGE SKY COVER 0.52
NUMBER OF DAYS FAIR 9
NUMBER OF DAYS PC 15
NUMBER OF DAYS CLOUDY 6
AVERAGE RH (PERCENT) 81
WEATHER CONDITIONS. NUMBER OF DAYS WITH
THUNDERSTORM 0 MIXED PRECIP 0
HEAVY RAIN 1 RAIN 7
LIGHT RAIN 19 FREEZING RAIN 0
LT FREEZING RAIN 0 HAIL 0
HEAVY SNOW 0 SNOW 0
LIGHT SNOW 1 SLEET 0
FOG 28 FOG W/VIS <= 1/4 MILE 10
HAZE 0
- INDICATES NEGATIVE NUMBERS.
R INDICATES RECORD WAS SET OR TIED.
MM INDICATES DATA IS MISSING.
T INDICATES TRACE AMOUNT.
$$