000
CXUS53 KIND 011508
CLMBMG
CLIMATE REPORT
NATIONAL WEATHER SERVICE INDIANAPOLIS IN
1108 AM EDT SAT APR 01 2023
...................................
...THE BLOOMINGTON IN CLIMATE SUMMARY FOR THE MONTH OF MARCH 2023...
CLIMATE NORMAL PERIOD 1991 TO 2020
CLIMATE RECORD PERIOD 9999 TO 9999
WEATHER OBSERVED NORMAL DEPART LAST YEAR`S
VALUE DATE(S) VALUE FROM VALUE DATE(S)
NORMAL
................................................................
TEMPERATURE (F)
HIGHEST 78 03/01 78 03/30
LOWEST 15 03/19 14 03/12
AVG. MAXIMUM 54.2 53.6 0.6 57.1
AVG. MINIMUM 33.2 32.9 0.3 34.6
MEAN 43.7 43.3 0.4 45.8
DAYS MAX >= 90 0 0.0 0.0 0
DAYS MAX <= 32 1 0.8 0.2 1
DAYS MIN <= 32 13 15.8 -2.8 11
DAYS MIN <= 0 0 0.0 0.0 0
PRECIPITATION (INCHES)
TOTALS 6.25 3.82 2.43 5.79
DAILY AVG. 0.21 0.12 0.09 0.19
DAYS >= .01 12 11.4 0.6 10
DAYS >= .10 8 7.0 1.0 7
DAYS >= .50 3 3.0 0.0 5
DAYS >= 1.00 3 0.8 2.2 2
GREATEST
24 HR. TOTAL 2.29 03/23 TO 03/24
DEGREE DAYS
HEATING TOTAL 653 678 -25 585
SINCE 7/1 4017 4611 -594 MM
COOLING TOTAL 0 3 -3 0
SINCE 1/1 0 3 -3 MM
................................................................
WIND (MPH)
AVERAGE WIND SPEED 8.7
HIGHEST WIND SPEED/DIRECTION 40/200 DATE 03/31
HIGHEST GUST SPEED/DIRECTION 58/240 DATE 03/31
SKY COVER
AVERAGE SKY COVER 0.51
AVERAGE RH (PERCENT) 68
WEATHER CONDITIONS. NUMBER OF DAYS WITH
THUNDERSTORM 4 MIXED PRECIP 0
HEAVY RAIN 4 RAIN 9
LIGHT RAIN 15 FREEZING RAIN 0
LT FREEZING RAIN 0 HAIL 0
HEAVY SNOW 0 SNOW 0
LIGHT SNOW 4 SLEET 0
FOG 16 FOG W/VIS <= 1/4 MILE 1
HAZE 1
- INDICATES NEGATIVE NUMBERS.
R INDICATES RECORD WAS SET OR TIED.
MM INDICATES DATA IS MISSING.
T INDICATES TRACE AMOUNT.
$$