000
CXUS55 KOHX 011210
CF6BNA
PRELIMINARY LOCAL CLIMATOLOGICAL DATA (WS FORM: F-6)
STATION: NASHVILLE
MONTH: DECEMBER
YEAR: 2022
LATITUDE: 36 7 N
LONGITUDE: 86 41 W
TEMPERATURE IN F: :PCPN: SNOW: WIND :SUNSHINE: SKY :PK WND
================================================================================
1 2 3 4 5 6A 6B 7 8 9 10 11 12 13 14 15 16 17 18
12Z AVG MX 2MIN
DY MAX MIN AVG DEP HDD CDD WTR SNW DPTH SPD SPD DIR MIN PSBL S-S WX SPD DR
================================================================================
1 48 27 38 -8 27 0 0.00 0.0 0 4.6 14 70 M M 4 18 80
2 62 33 48 3 17 0 T 0.0 0 14.3 28 190 M M 8 3 39 200
3 63 35 49 4 16 0 0.30 0.0 0 9.2 26 190 M M 7 1 41 190
4 45 32 39 -6 26 0 0.00 0.0 0 2.9 9 90 M M 7 18 14 350
5 56 32 44 -1 21 0 0.18 0.0 0 4.4 12 170 M M 9 1 16 180
6 73 56 65 21 0 0 0.42 0.0 0 7.9 15 200 M M 9 1 22 210
7 68 56 62 18 3 0 0.51 0.0 0 5.4 13 10 M M 10 1 19 340
8 59 55 57 13 8 0 0.90 0.0 0 6.2 14 350 M M 10 1 20 310
9 61 51 56 12 9 0 0.00 0.0 0 3.0 7 290 M M 9 12 16 300
10 57 48 53 9 12 0 0.03 0.0 0 3.3 12 130 M M 9 1 23 170
11 53 47 50 6 15 0 0.00 0.0 0 8.4 13 10 M M 10 18 21 350
12 57 41 49 6 16 0 0.00 0.0 0 6.3 13 10 M M 6 18 16 10
13 61 35 48 5 17 0 T 0.0 0 8.2 18 150 M M 7 25 140
14 56 51 54 11 11 0 1.25 0.0 0 12.1 25 150 M M 10 13 36 160
15 51 42 47 4 18 0 0.00 0.0 0 7.6 17 210 M M 4 26 190
16 49 31 40 -3 25 0 0.00 0.0 0 7.6 18 270 M M 2 28 240
17 47 31 39 -3 26 0 0.00 0.0 0 8.5 17 230 M M 3 27 230
18 43 26 35 -7 30 0 0.00 0.0 0 4.4 15 310 M M 2 26 130
19 44 25 35 -7 30 0 0.00 0.0 0 2.8 14 100 M M 7 18 110
20 55 31 43 1 22 0 T 0.0 0 2.5 8 360 M M 6 14 330
21 53 27 40 -2 25 0 0.00 0.0 0 3.0 13 170 M M 5 17 170
22 51 10 31 -11 34 0 0.11 0.6 1 11.8 35 320 M M 10 19 46 320
23 11 -1 5 -37 60 0 T 0.1 1 12.4 24 290 M M 5 189 36 310
24 25 5 15 -26 50 0 0.00 0.0 0 8.3 16 270 M M 1 22 280
25 31 14 23 -18 42 0 0.00 0.0 0 5.4 12 280 M M 0 17 300
26 34 18 26 -15 39 0 0.05 0.5 T 6.8 16 190 M M 10 1 21 180
27 46 27 37 -4 28 0 0.00 0.0 0 2.8 12 200 M M 6 21 220
28 61 24 43 2 22 0 0.00 0.0 0 11.6 24 170 M M 1 32 180
29 64 51 58 17 7 0 0.04 0.0 0 12.5 25 180 M M 7 1 34 190
30 68 52 60 20 5 0 0.30 0.0 0 10.1 22 170 M M 8 1 33 180
31 63 47 55 15 10 0 0.40 0.0 0 4.5 10 270 M M 7 1 15 260
================================================================================
SM 1615 1059 671 0 4.49 1.2 218.8 M 199
================================================================================
AV 52.1 34.2 7.1 FASTST M M 6 MAX(MPH)
MISC ----> 35 320 46 320
================================================================================
NOTES:
# LAST OF SEVERAL OCCURRENCES
COLUMN 17 PEAK WIND IN M.P.H.
PRELIMINARY LOCAL CLIMATOLOGICAL DATA (WS FORM: F-6) , PAGE 2
STATION: NASHVILLE
MONTH: DECEMBER
YEAR: 2022
LATITUDE: 36 7 N
LONGITUDE: 86 41 W
[TEMPERATURE DATA] [PRECIPITATION DATA] SYMBOLS USED IN COLUMN 16
AVERAGE MONTHLY: 43.1 TOTAL FOR MONTH: 4.49 1 = FOG OR MIST
DPTR FM NORMAL: 0.4 DPTR FM NORMAL: 0.06 2 = FOG REDUCING VISIBILITY
HIGHEST: 73 ON 6 GRTST 24HR 1.25 ON 14-14 TO 1/4 MILE OR LESS
LOWEST: -1 ON 23 3 = THUNDER
SNOW, ICE PELLETS, HAIL 4 = ICE PELLETS
TOTAL MONTH: 1.2 INCHES 5 = HAIL
GRTST 24HR 0.6 ON 22-22 6 = FREEZING RAIN OR DRIZZLE
GRTST DEPTH: 1 ON 23,22 7 = DUSTSTORM OR SANDSTORM:
VSBY 1/2 MILE OR LESS
8 = SMOKE OR HAZE
[NO. OF DAYS WITH] [WEATHER - DAYS WITH] 9 = BLOWING SNOW
X = TORNADO
MAX 32 OR BELOW: 3 0.01 INCH OR MORE: 12
MAX 90 OR ABOVE: 0 0.10 INCH OR MORE: 9
MIN 32 OR BELOW: 16 0.50 INCH OR MORE: 3
MIN 0 OR BELOW: 1 1.00 INCH OR MORE: 1
[HDD (BASE 65) ]
TOTAL THIS MO. 671 CLEAR (SCALE 0-3) 5
DPTR FM NORMAL -20 PTCLDY (SCALE 4-7) 15
TOTAL FM JUL 1 1243 CLOUDY (SCALE 8-10) 11
DPTR FM NORMAL -74
[CDD (BASE 65) ]
TOTAL THIS MO. 0
DPTR FM NORMAL -1 [PRESSURE DATA]
TOTAL FM JAN 1 2166 HIGHEST SLP 30.58 ON 1
DPTR FM NORMAL 293 LOWEST SLP 29.57 ON 14
[REMARKS]
#FINAL-12-22#