000
CXUS55 KOHX 011548
CF6BNA
PRELIMINARY LOCAL CLIMATOLOGICAL DATA (WS FORM: F-6)
STATION: NASHVILLE
MONTH: OCTOBER
YEAR: 2022
LATITUDE: 36 7 N
LONGITUDE: 86 41 W
TEMPERATURE IN F: :PCPN: SNOW: WIND :SUNSHINE: SKY :PK WND
================================================================================
1 2 3 4 5 6A 6B 7 8 9 10 11 12 13 14 15 16 17 18
12Z AVG MX 2MIN
DY MAX MIN AVG DEP HDD CDD WTR SNW DPTH SPD SPD DIR MIN PSBL S-S WX SPD DR
================================================================================
1 80 50 65 -3 0 0 0.00 0.0 0 8.6 16 350 M M 0 30 40
2 79 54 67 0 0 2 0.00 0.0 0 9.9 M M M M 0 M M
3 78 54 66 -1 0 1 0.00 0.0 0 8.5 16 20 M M 1 24 80
4 78 49 64 -2 1 0 0.00 0.0 0 4.7 14 20 M M 0 17 20
5 81 45 63 -3 2 0 0.00 0.0 0 2.3 10 330 M M 2 14 20
6 85 47 66 0 0 1 0.00 0.0 0 3.4 13 190 M M 2 17 280
7 78 54 66 1 0 1 0.00 0.0 0 8.0 16 20 M M 3 24 350
8 66 43 55 -10 10 0 0.00 0.0 0 6.6 18 30 M M 0 25 40
9 71 38 55 -9 10 0 0.00 0.0 0 3.1 9 320 M M 1 14 330
10 76 40 58 -6 7 0 0.00 0.0 0 2.1 12 100 M M 1 16 110
11 81 44 63 -1 2 0 0.00 0.0 0 5.5 14 180 M M 3 21 160
12 83 60 72 9 0 7 0.29 0.0 0 10.9 28 190 M M 7 13 38 180
13 70 54 62 -1 3 0 0.00 0.0 0 7.4 18 310 M M 4 27 310
14 76 45 61 -1 4 0 0.00 0.0 0 8.3 20 190 M M 1 32 200
15 80 60 70 8 0 5 0.01 0.0 0 7.4 16 200 M M 5 26 200
16 68 59 64 2 1 0 0.10 0.0 0 5.3 13 190 M M 10 1 19 310
17 61 39 50 -11 15 0 0.00 0.0 0 9.4 20 340 M M 1 28 350
18 54 35 45 -16 20 0 0.00 0.0 0 8.9 17 320 M M 3 26 290
19 60 36 48 -12 17 0 0.00 0.0 0 7.0 15 300 M M 1 19 300
20 64 33 49 -11 16 0 0.00 0.0 0 5.8 14 290 M M 3 21 290
21 76 38 57 -3 8 0 0.00 0.0 0 7.5 17 180 M M 2 24 180
22 77 56 67 8 0 2 0.00 0.0 0 9.5 20 180 M M 6 25 180
23 79 55 67 8 0 2 0.00 0.0 0 8.2 18 180 M M 4 27 150
24 82 52 67 9 0 2 0.00 0.0 0 7.7 21 180 M M 6 29 140
25 79 57 68 10 0 3 0.51 0.0 0 12.4 25 170 M M 8 13 38 150
26 59 44 52 -6 13 0 T 0.0 0 6.5 16 270 M M 7 29 260
27 68 40 54 -3 11 0 0.00 0.0 0 7.1 15 60 M M 1 1 20 70
28 75 43 59 2 6 0 0.00 0.0 0 3.6 10 140 M M 6 16 90
29 76 46 61 5 4 0 0.05 0.0 0 5.7 13 130 M M 7 1 22 110
30 66 59 63 7 2 0 0.39 0.0 0 8.9 17 170 M M 10 1 23 170
31 67 58 63 7 2 0 0.03 0.0 0 5.2 13 210 M M 10 1 18 200
================================================================================
SM 2273 1487 154 26 1.38 0.0 215.4 M 115
================================================================================
AV 73.3 48.0 6.9 FASTST M M 4 MAX(MPH)
MISC ----> 28 190 # 38 180
================================================================================
NOTES:
# LAST OF SEVERAL OCCURRENCES
COLUMN 17 PEAK WIND IN M.P.H.
PRELIMINARY LOCAL CLIMATOLOGICAL DATA (WS FORM: F-6) , PAGE 2
STATION: NASHVILLE
MONTH: OCTOBER
YEAR: 2022
LATITUDE: 36 7 N
LONGITUDE: 86 41 W
[TEMPERATURE DATA] [PRECIPITATION DATA] SYMBOLS USED IN COLUMN 16
AVERAGE MONTHLY: 60.6 TOTAL FOR MONTH: 1.38 1 = FOG OR MIST
DPTR FM NORMAL: -1.1 DPTR FM NORMAL: -1.98 2 = FOG REDUCING VISIBILITY
HIGHEST: 85 ON 6 GRTST 24HR 0.51 ON 25-25 TO 1/4 MILE OR LESS
LOWEST: 33 ON 20 3 = THUNDER
SNOW, ICE PELLETS, HAIL 4 = ICE PELLETS
TOTAL MONTH: 0.0 INCH 5 = HAIL
GRTST 24HR 0.0 6 = FREEZING RAIN OR DRIZZLE
GRTST DEPTH: 0 7 = DUSTSTORM OR SANDSTORM:
VSBY 1/2 MILE OR LESS
8 = SMOKE OR HAZE
[NO. OF DAYS WITH] [WEATHER - DAYS WITH] 9 = BLOWING SNOW
X = TORNADO
MAX 32 OR BELOW: 0 0.01 INCH OR MORE: 7
MAX 90 OR ABOVE: 0 0.10 INCH OR MORE: 4
MIN 32 OR BELOW: 0 0.50 INCH OR MORE: 1
MIN 0 OR BELOW: 0 1.00 INCH OR MORE: 0
[HDD (BASE 65) ]
TOTAL THIS MO. 154 CLEAR (SCALE 0-3) 17
DPTR FM NORMAL -11 PTCLDY (SCALE 4-7) 11
TOTAL FM JUL 1 166 CLOUDY (SCALE 8-10) 3
DPTR FM NORMAL -12
[CDD (BASE 65) ]
TOTAL THIS MO. 26
DPTR FM NORMAL -36 [PRESSURE DATA]
TOTAL FM JAN 1 2150 HIGHEST SLP 30.42 ON 8
DPTR FM NORMAL 284 LOWEST SLP 29.61 ON 25
[REMARKS]
#FINAL-10-22#