000
CXUS55 KOHX 011232
CF6BNA
PRELIMINARY LOCAL CLIMATOLOGICAL DATA (WS FORM: F-6)
STATION: NASHVILLE
MONTH: JANUARY
YEAR: 2022
LATITUDE: 36 7 N
LONGITUDE: 86 41 W
TEMPERATURE IN F: :PCPN: SNOW: WIND :SUNSHINE: SKY :PK WND
================================================================================
1 2 3 4 5 6A 6B 7 8 9 10 11 12 13 14 15 16 17 18
12Z AVG MX 2MIN
DY MAX MIN AVG DEP HDD CDD WTR SNW DPTH SPD SPD DIR MIN PSBL S-S WX SPD DR
================================================================================
1 78 57 68 28 0 3 1.78 0.0 0 11.2 29 200 M M 9 13 48 250
2 58 33 46 6 19 0 0.32 1.2 1 10.6 23 310 M M 10 148 28 310
3 37 28 33 -7 32 0 0.03 0.4 2 7.8 21 330 M M 6 12 30 350
4 46 25 36 -4 29 0 0.00 0.0 0 10.6 23 180 M M 3 18 34 220
5 57 37 47 7 18 0 0.00 0.0 0 9.5 22 200 M M 5 30 210
6 37 19 28 -12 37 0 0.57 6.3 M 9.4 17 330 M M 8 12 32 310
7 27 13 20 -20 45 0 0.00 0.0 4 6.1 12 310 M M 5 19 320
8 50 17 34 -6 31 0 0.00 0.0 4 8.5 22 170 M M 5 1 30 170
9 54 31 43 3 22 0 1.39 0.0 0 13.5 30 190 M M 9 1 43 180
10 43 24 34 -5 31 0 0.00 0.0 0 5.8 15 350 M M 0 20 310
11 46 26 36 -3 29 0 0.00 0.0 0 3.6 9 350 M M 0 15 350
12 57 28 43 4 22 0 0.00 0.0 0 8.0 16 200 M M 4 22 220
13 55 38 47 8 18 0 T 0.0 0 6.7 15 330 M M 5 22 340
14 53 30 42 3 23 0 0.00 0.0 0 3.7 10 50 M M 5 18 12 40
15 45 37 41 2 24 0 0.18 0.0 0 9.0 16 50 M M 10 18 21 60
16 39 31 35 -4 30 0 1.14 1.4 0 11.9 21 30 M M 8 1 27 40
17 36 30 33 -6 32 0 T T 1 7.5 17 290 M M 9 18 26 300
18 49 25 37 -2 28 0 0.00 0.0 1 6.9 14 180 M M 3 18 22 160
19 58 32 45 6 20 0 1.09 0.0 0 10.4 23 350 M M 10 14 40 340
20 33 23 28 -11 37 0 0.03 T 0 13.7 21 350 M M 10 14 29 350
21 33 19 26 -13 39 0 0.00 0.0 0 10.6 16 30 M M 4 26 20
22 38 14 26 -13 39 0 0.00 0.0 0 2.7 8 300 M M 2 1 11 280
23 52 21 37 -2 28 0 0.00 0.0 0 6.9 16 260 M M 4 23 250
24 61 27 44 4 21 0 0.00 0.0 0 6.2 17 190 M M 7 23 210
25 49 24 37 -3 28 0 0.00 0.0 0 11.2 17 10 M M 4 30 10
26 36 19 28 -12 37 0 0.00 0.0 0 7.6 16 10 M M 1 24 10
27 51 19 35 -5 30 0 0.00 0.0 0 2.5 9 10 M M 6 19 300
28 44 24 34 -6 31 0 T 0.2 0 12.0 23 340 M M 9 18 33 350
29 35 16 26 -14 39 0 0.00 0.0 0 6.7 20 350 M M 2 27 330
30 57 25 41 1 24 0 0.00 0.0 0 8.0 15 10 M M 3 24 280
31 52 30 41 1 24 0 0.00 0.0 0 3.8 39 170 M M 6 39 170
================================================================================
SM 1466 822 867 3 6.53 9.5 252.6 M 172
================================================================================
AV 47.3 26.5 8.1 FASTST M M 6 MAX(MPH)
MISC ----> 39 170 48 250
================================================================================
NOTES:
# LAST OF SEVERAL OCCURRENCES
COLUMN 17 PEAK WIND IN M.P.H.
PRELIMINARY LOCAL CLIMATOLOGICAL DATA (WS FORM: F-6) , PAGE 2
STATION: NASHVILLE
MONTH: JANUARY
YEAR: 2022
LATITUDE: 36 7 N
LONGITUDE: 86 41 W
[TEMPERATURE DATA] [PRECIPITATION DATA] SYMBOLS USED IN COLUMN 16
AVERAGE MONTHLY: 36.9 TOTAL FOR MONTH: 6.53 1 = FOG OR MIST
DPTR FM NORMAL: -2.7 DPTR FM NORMAL: 2.51 2 = FOG REDUCING VISIBILITY
HIGHEST: 78 ON 1 GRTST 24HR 1.89 ON 1- 2 TO 1/4 MILE OR LESS
LOWEST: 13 ON 7 3 = THUNDER
SNOW, ICE PELLETS, HAIL 4 = ICE PELLETS
TOTAL MONTH: 9.5 INCHES 5 = HAIL
GRTST 24HR 6.3 ON 6- 6 6 = FREEZING RAIN OR DRIZZLE
GRTST DEPTH: 4 ON 8, 7 7 = DUSTSTORM OR SANDSTORM:
VSBY 1/2 MILE OR LESS
8 = SMOKE OR HAZE
[NO. OF DAYS WITH] [WEATHER - DAYS WITH] 9 = BLOWING SNOW
X = TORNADO
MAX 32 OR BELOW: 1 0.01 INCH OR MORE: 9
MAX 90 OR ABOVE: 0 0.10 INCH OR MORE: 7
MIN 32 OR BELOW: 26 0.50 INCH OR MORE: 5
MIN 0 OR BELOW: 0 1.00 INCH OR MORE: 4
[HDD (BASE 65) ]
TOTAL THIS MO. 867 CLEAR (SCALE 0-3) 6
DPTR FM NORMAL 79 PTCLDY (SCALE 4-7) 17
TOTAL FM JUL 1 1824 CLOUDY (SCALE 8-10) 8
DPTR FM NORMAL -284
[CDD (BASE 65) ]
TOTAL THIS MO. 3
DPTR FM NORMAL 3 [PRESSURE DATA]
TOTAL FM JAN 1 3 HIGHEST SLP 30.63 ON 11
DPTR FM NORMAL 3 LOWEST SLP 29.58 ON 1
[REMARKS]
#FINAL-01-22#