000
CXUS55 KOHX 011522
CF6BNA
PRELIMINARY LOCAL CLIMATOLOGICAL DATA (WS FORM: F-6)
STATION: NASHVILLE
MONTH: JUNE
YEAR: 2021
LATITUDE: 36 7 N
LONGITUDE: 86 41 W
TEMPERATURE IN F: :PCPN: SNOW: WIND :SUNSHINE: SKY :PK WND
================================================================================
1 2 3 4 5 6A 6B 7 8 9 10 11 12 13 14 15 16 17 18
12Z AVG MX 2MIN
DY MAX MIN AVG DEP HDD CDD WTR SNW DPTH SPD SPD DIR MIN PSBL S-S WX SPD DR
================================================================================
1 79 62 71 -3 0 6 0.03 0.0 0 5.1 13 170 M M 9 18 280
2 74 65 70 -4 0 5 1.16 0.0 0 9.8 18 180 M M 9 13 25 170
3 83 64 74 0 0 9 0.07 0.0 0 6.4 15 320 M M 7 13 25 290
4 85 60 73 -1 0 8 0.00 0.0 0 2.9 10 110 M M 5 12 14 110
5 90 64 77 2 0 12 0.02 0.0 0 2.5 13 180 M M 5 17 200
6 81 71 76 1 0 11 T 0.0 0 7.0 22 180 M M 9 28 180
7 85 70 78 3 0 13 T 0.0 0 7.1 18 180 M M 8 24 170
8 85 71 78 3 0 13 0.02 0.0 0 9.8 24 190 M M 7 3 30 180
9 81 71 76 0 0 11 0.33 0.0 0 5.6 15 190 M M 9 18 22 180
10 86 71 79 3 0 14 0.22 0.0 0 5.6 18 300 M M 9 138 25 300
11 88 73 81 5 0 16 0.20 0.0 0 4.8 10 260 M M 8 13 16 290
12 95 71 83 7 0 18 T 0.0 0 5.1 14 320 M M 4 18 19 340
13 96 72 84 7 0 19 0.00 0.0 0 4.7 13 340 M M 5 1 17 20
14 95 76 86 9 0 21 0.00 0.0 0 5.9 14 10 M M 2 19 310
15 86 65 76 -1 0 11 0.00 0.0 0 9.8 24 10 M M 2 34 20
16 89 61 75 -2 0 10 0.00 0.0 0 7.5 M M M M 2 M M
17 92 64 78 0 0 13 0.00 0.0 0 3.0 10 90 M M 4 14 70
18 92 70 81 3 0 16 0.00 0.0 0 7.2 18 190 M M 4 26 190
19 87 69 78 0 0 13 0.00 0.0 0 7.2 20 170 M M 7 26 190
20 93 67 80 2 0 15 0.00 0.0 0 5.4 13 250 M M 4 21 250
21 89 69 79 1 0 14 0.07 0.0 0 8.9 28 310 M M 7 18 43 300
22 81 63 72 -7 0 7 0.00 0.0 0 7.3 16 10 M M 3 26 20
23 84 56 70 -9 0 5 0.00 0.0 0 2.9 10 150 M M 2 15 90
24 92 62 77 -2 0 12 0.00 0.0 0 8.1 18 160 M M 4 24 180
25 87 74 81 2 0 16 0.00 0.0 0 12.4 22 160 M M 7 31 160
26 91 71 81 2 0 16 0.00 0.0 0 10.8 22 180 M M 5 29 180
27 94 70 82 3 0 17 0.00 0.0 0 7.4 16 190 M M 3 22 220
28 93 73 83 3 0 18 0.09 0.0 0 5.2 17 100 M M 4 23 100
29 96 73 85 5 0 20 0.00 0.0 0 3.7 22 180 M M 6 3 26 200
30 93 70 82 2 0 17 T 0.0 0 5.6 13 210 M M 6 24 210
================================================================================
SM 2642 2038 0 396 2.21 0.0 194.7 M 166
================================================================================
AV 88.1 67.9 6.5 FASTST M M 6 MAX(MPH)
MISC ----> 28 310 43 300
================================================================================
NOTES:
# LAST OF SEVERAL OCCURRENCES
COLUMN 17 PEAK WIND IN M.P.H.
PRELIMINARY LOCAL CLIMATOLOGICAL DATA (WS FORM: F-6) , PAGE 2
STATION: NASHVILLE
MONTH: JUNE
YEAR: 2021
LATITUDE: 36 7 N
LONGITUDE: 86 41 W
[TEMPERATURE DATA] [PRECIPITATION DATA] SYMBOLS USED IN COLUMN 16
AVERAGE MONTHLY: 78.0 TOTAL FOR MONTH: 2.21 1 = FOG OR MIST
DPTR FM NORMAL: 0.9 DPTR FM NORMAL: -2.15 2 = FOG REDUCING VISIBILITY
HIGHEST: 96 ON 29,13 GRTST 24HR 1.19 ON 1- 2 TO 1/4 MILE OR LESS
LOWEST: 56 ON 23 3 = THUNDER
SNOW, ICE PELLETS, HAIL 4 = ICE PELLETS
TOTAL MONTH: 0.0 INCH 5 = HAIL
GRTST 24HR 0.0 6 = FREEZING RAIN OR DRIZZLE
GRTST DEPTH: 0 7 = DUSTSTORM OR SANDSTORM:
VSBY 1/2 MILE OR LESS
8 = SMOKE OR HAZE
[NO. OF DAYS WITH] [WEATHER - DAYS WITH] 9 = BLOWING SNOW
X = TORNADO
MAX 32 OR BELOW: 0 0.01 INCH OR MORE: 10
MAX 90 OR ABOVE: 13 0.10 INCH OR MORE: 4
MIN 32 OR BELOW: 0 0.50 INCH OR MORE: 1
MIN 0 OR BELOW: 0 1.00 INCH OR MORE: 1
[HDD (BASE 65) ]
TOTAL THIS MO. 0 CLEAR (SCALE 0-3) 5
DPTR FM NORMAL -1 PTCLDY (SCALE 4-7) 20
TOTAL FM JUL 1 3193 CLOUDY (SCALE 8-10) 5
DPTR FM NORMAL -171
[CDD (BASE 65) ]
TOTAL THIS MO. 396
DPTR FM NORMAL 33 [PRESSURE DATA]
TOTAL FM JAN 1 561 HIGHEST SLP 30.21 ON 29
DPTR FM NORMAL -43 LOWEST SLP 29.75 ON 21
[REMARKS]
#FINAL-06-21#