000
CXUS55 KOHX 011110
CF6BNA
PRELIMINARY LOCAL CLIMATOLOGICAL DATA (WS FORM: F-6)
STATION: NASHVILLE
MONTH: MAY
YEAR: 2021
LATITUDE: 36 7 N
LONGITUDE: 86 41 W
TEMPERATURE IN F: :PCPN: SNOW: WIND :SUNSHINE: SKY :PK WND
================================================================================
1 2 3 4 5 6A 6B 7 8 9 10 11 12 13 14 15 16 17 18
12Z AVG MX 2MIN
DY MAX MIN AVG DEP HDD CDD WTR SNW DPTH SPD SPD DIR MIN PSBL S-S WX SPD DR
================================================================================
1 80 48 64 -1 1 0 0.00 0.0 0 4.6 13 20 M M 3 16 10
2 74 56 65 -1 0 0 0.17 0.0 0 5.6 15 160 M M 9 1 21 180
3 82 65 74 8 0 9 1.86 0.0 0 7.5 15 220 M M 6 13 26 230
4 80 63 72 6 0 7 0.84 0.0 0 10.5 21 190 M M 9 13 39 290
5 68 48 58 -8 7 0 0.20 0.0 0 7.6 17 360 M M 7 18 23 350
6 72 45 59 -8 6 0 0.28 0.0 0 3.9 31 310 M M 4 13 48 310
7 71 47 59 -8 6 0 0.00 0.0 0 7.7 17 300 M M 2 26 300
8 68 55 62 -5 3 0 0.00 0.0 0 4.8 14 170 M M 7 20 250
9 73 54 64 -4 1 0 0.43 0.0 0 10.8 25 180 M M 9 13 38 180
10 60 48 54 -14 11 0 0.00 0.0 0 6.2 13 20 M M 9 18 16 20
11 72 45 59 -9 6 0 T 0.0 0 8.4 17 30 M M 6 1 23 60
12 69 51 60 -8 5 0 0.01 0.0 0 12.1 21 30 M M 5 32 360
13 72 44 58 -11 7 0 0.00 0.0 0 5.5 16 360 M M 2 21 10
14 75 42 59 -10 6 0 0.00 0.0 0 2.6 13 60 M M 2 23 100
15 79 46 63 -6 2 0 0.00 0.0 0 3.5 12 250 M M 5 21 250
16 80 59 70 1 0 5 0.02 0.0 0 4.1 13 200 M M 8 18 210
17 80 57 69 -1 0 4 0.00 0.0 0 7.3 18 180 M M 8 24 190
18 76 64 70 0 0 5 0.00 0.0 0 8.9 21 150 M M 9 28 130
19 84 67 76 6 0 11 T 0.0 0 10.4 23 150 M M 8 31 140
20 86 63 75 5 0 10 0.00 0.0 0 8.6 23 170 M M 3 31 150
21 86 60 73 2 0 8 0.00 0.0 0 6.8 18 160 M M 4 27 150
22 87 61 74 3 0 9 0.00 0.0 0 2.8 9 180 M M 7 12 120
23 91 61 76 5 0 11 0.00 0.0 0 2.8 9 340 M M 4 1 14 280
24 91 62 77 5 0 12 0.00 0.0 0 1.9 9 20 M M 6 8 15 10
25 93 63 78 6 0 13 0.00 0.0 0 4.7 16 200 M M 3 18 27 220
26 83 66 75 3 0 10 0.26 0.0 0 5.3 14 260 M M 7 1 23 220
27 87 64 76 4 0 11 T 0.0 0 3.6 13 310 M M 7 12 20 200
28 81 57 69 -3 0 4 0.97 0.0 0 8.4 21 310 M M 9 18 33 310
29 62 53 58 -15 7 0 0.01 0.0 0 10.0 18 10 M M 10 18 23 360
30 74 52 63 -10 2 0 0.00 0.0 0 7.1 16 10 M M 4 22 40
31 81 50 66 -7 0 1 0.00 0.0 0 2.0 15 230 M M 4 29 200
================================================================================
SM 2417 1716 70 130 5.05 0.0 196.0 M 186
================================================================================
AV 78.0 55.4 6.3 FASTST M M 6 MAX(MPH)
MISC ----> 31 310 48 310
================================================================================
NOTES:
# LAST OF SEVERAL OCCURRENCES
COLUMN 17 PEAK WIND IN M.P.H.
PRELIMINARY LOCAL CLIMATOLOGICAL DATA (WS FORM: F-6) , PAGE 2
STATION: NASHVILLE
MONTH: MAY
YEAR: 2021
LATITUDE: 36 7 N
LONGITUDE: 86 41 W
[TEMPERATURE DATA] [PRECIPITATION DATA] SYMBOLS USED IN COLUMN 16
AVERAGE MONTHLY: 66.7 TOTAL FOR MONTH: 5.05 1 = FOG OR MIST
DPTR FM NORMAL: -2.6 DPTR FM NORMAL: 0.03 2 = FOG REDUCING VISIBILITY
HIGHEST: 93 ON 25 GRTST 24HR 2.03 ON 2- 3 TO 1/4 MILE OR LESS
LOWEST: 42 ON 14 3 = THUNDER
SNOW, ICE PELLETS, HAIL 4 = ICE PELLETS
TOTAL MONTH: 0.0 INCH 5 = HAIL
GRTST 24HR 0.0 6 = FREEZING RAIN OR DRIZZLE
GRTST DEPTH: 0 7 = DUSTSTORM OR SANDSTORM:
VSBY 1/2 MILE OR LESS
8 = SMOKE OR HAZE
[NO. OF DAYS WITH] [WEATHER - DAYS WITH] 9 = BLOWING SNOW
X = TORNADO
MAX 32 OR BELOW: 0 0.01 INCH OR MORE: 11
MAX 90 OR ABOVE: 3 0.10 INCH OR MORE: 8
MIN 32 OR BELOW: 0 0.50 INCH OR MORE: 3
MIN 0 OR BELOW: 0 1.00 INCH OR MORE: 1
[HDD (BASE 65) ]
TOTAL THIS MO. 70 CLEAR (SCALE 0-3) 4
DPTR FM NORMAL 28 PTCLDY (SCALE 4-7) 19
TOTAL FM JUL 1 3193 CLOUDY (SCALE 8-10) 8
DPTR FM NORMAL -170
[CDD (BASE 65) ]
TOTAL THIS MO. 130
DPTR FM NORMAL -47 [PRESSURE DATA]
TOTAL FM JAN 1 165 HIGHEST SLP 30.43 ON 22
DPTR FM NORMAL -76 LOWEST SLP 29.65 ON 3
[REMARKS]
#FINAL-05-21#