000
CXUS55 KOHX 011010
CF6BNA
PRELIMINARY LOCAL CLIMATOLOGICAL DATA (WS FORM: F-6)
STATION: NASHVILLE
MONTH: AUGUST
YEAR: 2020
LATITUDE: 36 7 N
LONGITUDE: 86 41 W
TEMPERATURE IN F: :PCPN: SNOW: WIND :SUNSHINE: SKY :PK WND
================================================================================
1 2 3 4 5 6A 6B 7 8 9 10 11 12 13 14 15 16 17 18
12Z AVG MX 2MIN
DY MAX MIN AVG DEP HDD CDD WTR SNW DPTH SPD SPD DIR MIN PSBL S-S WX SPD DR
================================================================================
1 82 70 76 -4 0 11 0.33 0.0 0 8.8 22 190 M M 8 18 30 200
2 86 66 76 -4 0 11 0.00 0.0 0 2.7 9 260 M M 5 14 300
3 89 67 78 -1 0 13 0.00 0.0 0 2.3 12 360 M M 4 3 15 70
4 84 70 77 -2 0 12 0.00 0.0 0 6.5 16 10 M M 5 22 360
5 87 67 77 -2 0 12 0.00 0.0 0 6.2 15 340 M M 5 20 330
6 89 68 79 0 0 14 0.00 0.0 0 6.2 14 360 M M 3 22 350
7 90 68 79 0 0 14 0.00 0.0 0 5.3 13 30 M M 3 17 10
8 94 67 81 2 0 16 0.00 0.0 0 3.4 9 20 M M 1 1 13 30
9 95 71 83 4 0 18 0.04 0.0 0 3.7 18 20 M M 5 3 24 90
10 97 74 86 7 0 21 0.00 0.0 0 5.5 16 110 M M 6 3 21 120
11 92 72 82 3 0 17 0.00 0.0 0 4.6 13 310 M M 6 19 10
12 90 75 83 4 0 18 0.09 0.0 0 3.4 23 50 M M 6 138 31 30
13 94 72 83 4 0 18 0.51 0.0 0 3.0 31 10 M M 7 123 44 10
14 88 74 81 2 0 16 0.03 0.0 0 4.2 14 80 M M 9 3 16 90
15 90 72 81 2 0 16 0.00 0.0 0 6.9 16 350 M M 5 12 23 310
16 91 70 81 2 0 16 T 0.0 0 5.5 17 360 M M 5 18 25 350
17 91 66 79 0 0 14 0.00 0.0 0 4.3 13 40 M M 3 20 320
18 91 68 80 1 0 15 0.00 0.0 0 5.8 15 360 M M 6 8 20 360
19 85 68 77 -2 0 12 0.00 0.0 0 8.6 17 20 M M 6 23 50
20 89 68 79 0 0 14 0.00 0.0 0 6.0 12 140 M M 7 17 130
21 79 68 74 -5 0 9 1.54 0.0 0 4.4 21 40 M M 10 13 28 30
22 85 69 77 -1 0 12 0.25 0.0 0 2.4 10 250 M M 8 1 16 260
23 88 67 78 0 0 13 0.03 0.0 0 2.7 13 320 M M 5 16 320
24 92 69 81 3 0 16 0.41 0.0 0 2.2 13 190 M M 3 18 19 170
25 93 73 83 5 0 18 0.00 0.0 0 4.7 21 190 M M 4 28 190
26 89 73 81 3 0 16 0.00 0.0 0 2.8 14 200 M M 6 19 200
27 90 73 82 4 0 17 0.65 0.0 0 6.5 38 160 M M 7 138 55 160
28 84 73 79 1 0 14 0.71 0.0 0 10.2 26 240 M M 8 1238 43 250
29 92 74 83 6 0 18 0.01 0.0 0 6.1 21 340 M M 8 13 29 360
30 88 73 81 4 0 16 0.86 0.0 0 3.5 10 250 M M 8 13 17 260
31 86 72 79 2 0 14 0.41 0.0 0 4.6 14 240 M M 8 13 23 240
================================================================================
SM 2760 2177 0 461 5.87 0.0 153.0 M 180
================================================================================
AV 89.0 70.2 4.9 FASTST M M 6 MAX(MPH)
MISC ----> # 38 160 # 55 160
================================================================================
NOTES:
# LAST OF SEVERAL OCCURRENCES
COLUMN 17 PEAK WIND IN M.P.H.
PRELIMINARY LOCAL CLIMATOLOGICAL DATA (WS FORM: F-6) , PAGE 2
STATION: NASHVILLE
MONTH: AUGUST
YEAR: 2020
LATITUDE: 36 7 N
LONGITUDE: 86 41 W
[TEMPERATURE DATA] [PRECIPITATION DATA] SYMBOLS USED IN COLUMN 16
AVERAGE MONTHLY: 79.6 TOTAL FOR MONTH: 5.87 1 = FOG OR MIST
DPTR FM NORMAL: 0.9 DPTR FM NORMAL: 2.70 2 = FOG REDUCING VISIBILITY
HIGHEST: 97 ON 10 GRTST 24HR 1.54 ON 21-21 TO 1/4 MILE OR LESS
LOWEST: 66 ON 17, 2 3 = THUNDER
SNOW, ICE PELLETS, HAIL 4 = ICE PELLETS
TOTAL MONTH: 0.0 INCH 5 = HAIL
GRTST 24HR 0.0 6 = FREEZING RAIN OR DRIZZLE
GRTST DEPTH: 0 7 = DUSTSTORM OR SANDSTORM:
VSBY 1/2 MILE OR LESS
8 = SMOKE OR HAZE
[NO. OF DAYS WITH] [WEATHER - DAYS WITH] 9 = BLOWING SNOW
X = TORNADO
MAX 32 OR BELOW: 0 0.01 INCH OR MORE: 14
MAX 90 OR ABOVE: 15 0.10 INCH OR MORE: 9
MIN 32 OR BELOW: 0 0.50 INCH OR MORE: 5
MIN 0 OR BELOW: 0 1.00 INCH OR MORE: 1
[HDD (BASE 65) ]
TOTAL THIS MO. 0 CLEAR (SCALE 0-3) 3
DPTR FM NORMAL 0 PTCLDY (SCALE 4-7) 24
TOTAL FM JUL 1 0 CLOUDY (SCALE 8-10) 4
DPTR FM NORMAL 0
[CDD (BASE 65) ]
TOTAL THIS MO. 461
DPTR FM NORMAL 36 [PRESSURE DATA]
TOTAL FM JAN 1 1611 HIGHEST SLP 30.18 ON 8
DPTR FM NORMAL 237 LOWEST SLP 29.73 ON 29
[REMARKS]
#FINAL-08-20#