000
CXUS56 KBOI 251002
CF6BNO
PRELIMINARY LOCAL CLIMATOLOGICAL DATA (WS FORM: F-6)
STATION: BURNS OR
MONTH: APRIL
YEAR: 2024
LATITUDE: 43 34 N
LONGITUDE: 118 57 W
TEMPERATURE IN F: :PCPN: SNOW: WIND :SUNSHINE: SKY :PK WND
================================================================================
1 2 3 4 5 6A 6B 7 8 9 10 11 12 13 14 15 16 17 18
12Z AVG MX 2MIN
DY MAX MIN AVG DEP HDD CDD WTR SNW DPTH SPD SPD DIR MIN PSBL S-S WX SPD DR
================================================================================
1 66 23 45 4 20 0 0.00 M M 6.8 18 300 M M 0 8 28 350
2 71 28 50 8 15 0 T M M 4.6 12 320 M M 1 15 150
3 61 34 48 6 17 0 0.20 M M 7.5 29 310 M M 7 1 38 320
4 45 33 39 -3 26 0 0.04 M M 9.2 18 320 M M 6 24 320
5 43 30 37 -5 28 0 0.00 M M 11.9 22 340 M M 5 31 340
6 48 27 38 -4 27 0 0.00 M M 10.8 20 290 M M 10 30 240
7 53 24 39 -3 26 0 0.00 M M 5.3 17 320 M M 6 12 26 290
8 57 26 42 0 23 0 0.00 M M 5.9 16 240 M M 3 20 250
9 65 26 46 4 19 0 0.00 M M 8.1 20 310 M M 3 27 310
10 63 26 45 3 20 0 0.00 M M 4.6 12 310 M M 0 15 220
11 73 29 51 8 14 0 0.00 M M 4.2 14 180 M M 1 24 200
12 68 35 52 9 13 0 0.04 M M 6.5 28 220 M M 4 13 46 220
13 73 36 55 12 10 0 T M M 12.0 23 70 M M 3 13 32 60
14 69 47 58 15 7 0 0.02 M M 10.4 36 140 M M 4 50 140
15 63 36 50 7 15 0 0.00 M M 11.0 23 310 M M 1 33 320
16 60 32 46 2 19 0 0.00 M M 9.1 21 320 M M 2 29 280
17 53 19 36 -8 29 0 0.00 M M 6.1 15 360 M M 1 8 23 200
18 56 17 37 -7 28 0 0.00 M M 8.3 16 60 M M 0 26 80
19 62 20 41 -3 24 0 0.00 M M 9.6 20 60 M M 0 29 60
20 71 27 49 4 16 0 0.00 M M 5.8 17 290 M M 1 24 290
21 61 32 47 2 18 0 0.00 M M 9.0 16 320 M M 0 22 320
22 65 23 44 -1 21 0 0.00 M M 5.2 12 190 M M 0 17 200
23 75 31 53 7 12 0 0.00 M M 5.4 12 30 M M 2 16 70
24 71 46 59 13 6 0 0.01 M M 7.2 18 330 M M 7 24 330
================================================================================
SM 1492 707 453 0 0.31 M 184.5 M 67
================================================================================
AV 62.2 29.5 7.7 FASTST M M 3 MAX(MPH)
MISC ----> 36 140 50 140
================================================================================
NOTES:
# LAST OF SEVERAL OCCURRENCES
COLUMN 17 PEAK WIND IN M.P.H.
PRELIMINARY LOCAL CLIMATOLOGICAL DATA (WS FORM: F-6) , PAGE 2
STATION: BURNS OR
MONTH: APRIL
YEAR: 2024
LATITUDE: 43 34 N
LONGITUDE: 118 57 W
[TEMPERATURE DATA] [PRECIPITATION DATA] SYMBOLS USED IN COLUMN 16
AVERAGE MONTHLY: 45.8 TOTAL FOR MONTH: 0.31 1 = FOG OR MIST
DPTR FM NORMAL: 2.6 DPTR FM NORMAL: -0.46 2 = FOG REDUCING VISIBILITY
HIGHEST: 75 ON 23 GRTST 24HR 0.24 ON 3- 4 TO 1/4 MILE OR LESS
LOWEST: 17 ON 18 3 = THUNDER
SNOW, ICE PELLETS, HAIL 4 = ICE PELLETS
TOTAL MONTH: M 5 = HAIL
GRTST 24HR M ON M 6 = FREEZING RAIN OR DRIZZLE
GRTST DEPTH: M ON M 7 = DUSTSTORM OR SANDSTORM:
VSBY 1/2 MILE OR LESS
8 = SMOKE OR HAZE
[NO. OF DAYS WITH] [WEATHER - DAYS WITH] 9 = BLOWING SNOW
X = TORNADO
MAX 32 OR BELOW: 0 0.01 INCH OR MORE: 5
MAX 90 OR ABOVE: 0 0.10 INCH OR MORE: 1
MIN 32 OR BELOW: 17 0.50 INCH OR MORE: 0
MIN 0 OR BELOW: 0 1.00 INCH OR MORE: 0
[HDD (BASE 65) ]
TOTAL THIS MO. 453 CLEAR (SCALE 0-3) 15
DPTR FM NORMAL -71 PTCLDY (SCALE 4-7) 8
TOTAL FM JUL 1 5784 CLOUDY (SCALE 8-10) 1
DPTR FM NORMAL -748
[CDD (BASE 65) ]
TOTAL THIS MO. 0
DPTR FM NORMAL 0 [PRESSURE DATA]
TOTAL FM JAN 1 0 HIGHEST SLP M ON M
DPTR FM NORMAL 0 LOWEST SLP 29.55 ON 4
[REMARKS]