000
CXUS56 KBOI 011002
CF6BNO
PRELIMINARY LOCAL CLIMATOLOGICAL DATA (WS FORM: F-6)
STATION: BURNS OR
MONTH: MARCH
YEAR: 2022
LATITUDE: 43 34 N
LONGITUDE: 118 57 W
TEMPERATURE IN F: :PCPN: SNOW: WIND :SUNSHINE: SKY :PK WND
================================================================================
1 2 3 4 5 6A 6B 7 8 9 10 11 12 13 14 15 16 17 18
12Z AVG MX 2MIN
DY MAX MIN AVG DEP HDD CDD WTR SNW DPTH SPD SPD DIR MIN PSBL S-S WX SPD DR
================================================================================
1 62 35 49 14 16 0 T M M 3.2 9 270 M M 6 14 310
2 58 32 45 10 20 0 0.00 M M 4.4 10 120 M M 1 13 70
3 49 33 41 5 24 0 T M M 5.5 17 310 M M 8 22 310
4 46 24 35 -1 30 0 0.00 M M 7.7 20 360 M M 1 1 27 350
5 45 28 37 1 28 0 0.00 M M 15.0 29 350 M M 0 39 350
6 44 22 33 -3 32 0 0.00 M M 12.6 24 350 M M 2 34 340
7 55 21 38 1 27 0 0.00 M M 7.8 21 310 M M 1 27 310
8 44 31 38 1 27 0 0.00 M M 12.4 23 290 M M 7 33 290
9 37 16 27 -10 38 0 T M M 10.2 21 10 M M 7 27 360
10 46 8 27 -11 38 0 0.00 M M 7.0 14 260 M M 1 21 230
11 59 16 38 0 27 0 0.00 M M 2.5 16 290 M M 3 22 270
12 66 20 43 5 22 0 0.00 M M 12.5 31 220 M M 2 8 43 240
13 45 29 37 -1 28 0 T M M 10.8 26 260 M M 9 40 230
14 62 26 44 5 21 0 T M M 5.9 28 250 M M 7 35 260
15 58 30 44 5 21 0 T M M 12.3 31 270 M M 7 40 270
16 53 21 37 -2 28 0 0.00 M M 6.8 16 270 M M 1 25 330
17 58 18 38 -1 27 0 0.00 M M 4.6 20 270 M M 3 30 280
18 62 20 41 1 24 0 0.00 M M 4.9 16 210 M M 0 22 210
19 46 26 36 -4 29 0 0.08 M M 7.2 24 330 M M 5 1 31 340
20 45 18 32 -8 33 0 0.00 M M 6.7 17 280 M M 2 25 280
21 50 31 41 1 24 0 0.04 M M 3.4 9 340 M M 10 1 12 300
22 66 30 48 8 17 0 0.00 M M 5.0 12 310 M M 4 1 15 270
23 75 27 51 11 14 0 0.00 M M 7.6 25 280 M M 1 8 40 240
24 70 23 47 7 18 0 0.00 M M 5.2 15 250 M M 0 19 240
25 72 31 52 11 13 0 0.00 M M 6.3 17 240 M M 0 24 230
26 70 29 50 9 15 0 0.00 M M 4.1 12 60 M M 0 17 190
27 68 33 51 10 14 0 T M M 5.0 28 190 M M 2 35 190
28 60 37 49 8 16 0 T M M 9.6 22 340 M M 8 29 340
29 65 35 50 9 15 0 0.00 M M 9.1 23 340 M M 2 30 350
30 53 27 40 -1 25 0 0.00 M M 8.5 17 330 M M 2 25 330
31 52 20 36 -5 29 0 0.00 M M 7.0 16 330 M M 1 22 330
================================================================================
SM 1741 797 740 0 0.12 M 230.8 M 103
================================================================================
AV 56.2 25.7 7.4 FASTST M M 3 MAX(MPH)
MISC ----> # 31 270 43 240
================================================================================
NOTES:
# LAST OF SEVERAL OCCURRENCES
COLUMN 17 PEAK WIND IN M.P.H.
PRELIMINARY LOCAL CLIMATOLOGICAL DATA (WS FORM: F-6) , PAGE 2
STATION: BURNS OR
MONTH: MARCH
YEAR: 2022
LATITUDE: 43 34 N
LONGITUDE: 118 57 W
[TEMPERATURE DATA] [PRECIPITATION DATA] SYMBOLS USED IN COLUMN 16
AVERAGE MONTHLY: 40.9 TOTAL FOR MONTH: 0.12 1 = FOG OR MIST
DPTR FM NORMAL: 2.2 DPTR FM NORMAL: -0.84 2 = FOG REDUCING VISIBILITY
HIGHEST: 75 ON 23 GRTST 24HR 0.08 ON 19-19 TO 1/4 MILE OR LESS
LOWEST: 8 ON 10 3 = THUNDER
SNOW, ICE PELLETS, HAIL 4 = ICE PELLETS
TOTAL MONTH: M 5 = HAIL
GRTST 24HR M ON M 6 = FREEZING RAIN OR DRIZZLE
GRTST DEPTH: M ON M 7 = DUSTSTORM OR SANDSTORM:
VSBY 1/2 MILE OR LESS
8 = SMOKE OR HAZE
[NO. OF DAYS WITH] [WEATHER - DAYS WITH] 9 = BLOWING SNOW
X = TORNADO
MAX 32 OR BELOW: 0 0.01 INCH OR MORE: 2
MAX 90 OR ABOVE: 0 0.10 INCH OR MORE: 0
MIN 32 OR BELOW: 26 0.50 INCH OR MORE: 0
MIN 0 OR BELOW: 0 1.00 INCH OR MORE: 0
[HDD (BASE 65) ]
TOTAL THIS MO. 740 CLEAR (SCALE 0-3) 20
DPTR FM NORMAL -75 PTCLDY (SCALE 4-7) 8
TOTAL FM JUL 1 5645 CLOUDY (SCALE 8-10) 3
DPTR FM NORMAL -364
[CDD (BASE 65) ]
TOTAL THIS MO. 0
DPTR FM NORMAL 0 [PRESSURE DATA]
TOTAL FM JAN 1 0 HIGHEST SLP 30.50 ON 7
DPTR FM NORMAL 0 LOWEST SLP 29.59 ON 28
[REMARKS]
#FINAL-03-22#