000
CXUS54 KLCH 010930
CF6BPT
PRELIMINARY LOCAL CLIMATOLOGICAL DATA (WS FORM: F-6)
STATION: BEAUMONT PORT ARTHUR
MONTH: FEBRUARY
YEAR: 2024
LATITUDE: 29 57 N
LONGITUDE: 94 1 W
TEMPERATURE IN F: :PCPN: SNOW: WIND :SUNSHINE: SKY :PK WND
================================================================================
1 2 3 4 5 6A 6B 7 8 9 10 11 12 13 14 15 16 17 18
12Z AVG MX 2MIN
DY MAX MIN AVG DEP HDD CDD WTR SNW DPTH SPD SPD DIR MIN PSBL S-S WX SPD DR
================================================================================
1 73 50 62 7 3 0 0.00 0.0 M 5.4 14 150 M M 0 1 18 190
2 76 52 64 9 1 0 T 0.0 M 11.6 21 130 M M 4 26 130
3 67 54 61 6 4 0 1.95 0.0 M 7.9 29 130 M M 7 13 38 120
4 71 48 60 4 5 0 0.00 0.0 M 9.8 22 330 M M 1 12 31 330
5 67 49 58 2 7 0 0.00 0.0 M 12.7 23 330 M M 4 35 330
6 72 44 58 2 7 0 0.00 0.0 M 5.3 14 30 M M 0 17 30
7 70 44 57 1 8 0 0.00 0.0 M 10.4 21 130 M M 2 12 28 150
8 75 62 69 13 0 4 0.00 0.0 M 8.6 18 130 M M 5 25 120
9 80 65 73 17 0 8 0.10 0.0 M 10.5 23 150 M M 8 1 30 160
10 75 67 71 14 0 6 0.01 0.0 M 11.2 26 180 M M 9 1 35 190
11 77 56 67 10 0 2 0.18 0.0 M 11.6 25 310 M M 9 13 35 310
12 60 43 52 -5 13 0 0.00 0.0 M 13.8 26 310 M M 3 37 280
13 65 36 51 -6 14 0 0.00 0.0 M 3.7 12 190 M M 0 1 16 200
14 66 41 54 -3 11 0 0.00 0.0 M 5.1 15 160 M M 0 12 20 120
15 73 53 63 5 2 0 0.00 0.0 M 4.6 10 130 M M 6 1 14 120
16 67 60 64 6 1 0 0.04 0.0 M 5.8 24 170 M M 7 1 31 170
17 62 40 51 -7 14 0 0.00 0.0 M 16.3 26 350 M M 4 35 10
18 59 35 47 -11 18 0 0.00 0.0 M 8.4 18 10 M M 1 8 24 350
19 63 34 49 -9 16 0 0.00 0.0 M 5.8 16 170 M M 0 1 21 200
20 77 43 60 1 5 0 0.00 0.0 M 5.8 14 180 M M 3 12 20 200
21 77 52 65 6 0 0 0.00 0.0 M 11.6 22 190 M M 6 12 30 170
22 76 63 70 11 0 5 0.00 0.0 M 10.5 22 210 M M 9 1 32 190
23 79 54 67 8 0 2 0.00 0.0 M 10.9 22 350 M M 0 1 31 360
24 80 43 62 3 3 0 0.00 0.0 M 6.3 15 340 M M 0 28 330
25 78 44 61 1 4 0 0.00 0.0 M 9.6 23 190 M M 0 12 33 160
26 73 60 67 7 0 2 0.00 0.0 M 10.4 18 210 M M 9 26 200
27 80 67 74 14 0 9 0.00 0.0 M 12.6 24 190 M M 10 1 35 190
28 77 53 65 5 0 0 0.00 0.0 M 13.9 26 360 M M 6 1 35 360
29 59 52 56 -4 9 0 0.00 0.0 M 11.6 18 90 M M 9 28 60
================================================================================
SM 2074 1464 145 38 2.28 0.0 271.7 M 122
================================================================================
AV 71.5 50.5 9.4 FASTST M M 4 MAX(MPH)
MISC ----> 29 130 38 120
================================================================================
NOTES:
# LAST OF SEVERAL OCCURRENCES
COLUMN 17 PEAK WIND IN M.P.H.
PRELIMINARY LOCAL CLIMATOLOGICAL DATA (WS FORM: F-6) , PAGE 2
STATION: BEAUMONT PORT ARTHUR
MONTH: FEBRUARY
YEAR: 2024
LATITUDE: 29 57 N
LONGITUDE: 94 1 W
[TEMPERATURE DATA] [PRECIPITATION DATA] SYMBOLS USED IN COLUMN 16
AVERAGE MONTHLY: 61.0 TOTAL FOR MONTH: 2.28 1 = FOG OR MIST
DPTR FM NORMAL: 3.5 DPTR FM NORMAL: -0.81 2 = FOG REDUCING VISIBILITY
HIGHEST: 80 ON 27,24 GRTST 24HR 1.95 ON 2- 3 TO 1/4 MILE OR LESS
LOWEST: 34 ON 19 3 = THUNDER
SNOW, ICE PELLETS, HAIL 4 = ICE PELLETS
TOTAL MONTH: 0.0 INCH 5 = HAIL
GRTST 24HR 0.0 6 = FREEZING RAIN OR DRIZZLE
GRTST DEPTH: M ON M 7 = DUSTSTORM OR SANDSTORM:
VSBY 1/2 MILE OR LESS
8 = SMOKE OR HAZE
[NO. OF DAYS WITH] [WEATHER - DAYS WITH] 9 = BLOWING SNOW
X = TORNADO
MAX 32 OR BELOW: 0 0.01 INCH OR MORE: 5
MAX 90 OR ABOVE: 0 0.10 INCH OR MORE: 3
MIN 32 OR BELOW: 0 0.50 INCH OR MORE: 1
MIN 0 OR BELOW: 0 1.00 INCH OR MORE: 1
[HDD (BASE 65) ]
TOTAL THIS MO. 145 CLEAR (SCALE 0-3) 13
DPTR FM NORMAL -90 PTCLDY (SCALE 4-7) 10
TOTAL FM JUL 1 983 CLOUDY (SCALE 8-10) 6
DPTR FM NORMAL -130
[CDD (BASE 65) ]
TOTAL THIS MO. 38
DPTR FM NORMAL 12 [PRESSURE DATA]
TOTAL FM JAN 1 38 HIGHEST SLP 30.31 ON 29
DPTR FM NORMAL -3 LOWEST SLP 29.50 ON 3
[REMARKS]
#FINAL-02-24#