000
CXUS55 KDVN 011100
CF6BRL
PRELIMINARY LOCAL CLIMATOLOGICAL DATA (WS FORM: F-6)
STATION: BURLINGTON IA
MONTH: NOVEMBER
YEAR: 2021
LATITUDE: 40 46 N
LONGITUDE: 91 7 W
TEMPERATURE IN F: :PCPN: SNOW: WIND :SUNSHINE: SKY :PK WND
================================================================================
1 2 3 4 5 6A 6B 7 8 9 10 11 12 13 14 15 16 17 18
12Z AVG MX 2MIN
DY MAX MIN AVG DEP HDD CDD WTR SNW DPTH SPD SPD DIR MIN PSBL S-S WX SPD DR
================================================================================
1 48 31 40 -7 25 0 0.00 M M 5.1 14 260 M M 5 20 280
2 48 29 39 -8 26 0 0.00 M M 4.2 14 280 M M 2 22 280
3 49 24 37 -9 28 0 0.00 M M 2.2 9 40 M M 0 8 16 40
4 52 30 41 -5 24 0 0.00 M M 7.1 17 240 M M 5 24 240
5 53 32 43 -3 22 0 0.00 M M 10.4 21 170 M M 0 29 170
6 62 35 49 4 16 0 0.00 M M 9.2 17 210 M M 1 22 200
7 66 40 53 8 12 0 0.00 M M 11.2 21 190 M M 0 28 190
8 67 47 57 13 8 0 0.00 M M 6.8 15 190 M M 0 20 190
9 62 48 55 11 10 0 0.00 M M 7.6 15 20 M M 3 1 18 30
10 59 44 52 9 13 0 0.00 M M 10.0 18 170 M M 6 18 27 170
11 58 39 49 6 16 0 0.16 M M 14.4 25 240 M M 6 18 41 230
12 43 33 38 -4 27 0 0.01 M M 15.1 26 270 M M 9 18 40 270
13 37 33 35 -7 30 0 T M M 10.6 17 300 M M 10 30 320
14 44 28 36 -6 29 0 0.00 M M 12.6 26 310 M M 8 46 320
15 50 29 40 -1 25 0 0.00 M M 6.6 15 130 M M 5 21 110
16 60 32 46 5 19 0 0.00 M M 9.6 16 140 M M 0 8 23 180
17 61 38 50 10 15 0 T M M 10.1 16 320 M M 8 1 26 330
18 38 24 31 -9 34 0 0.00 M M 10.0 23 290 M M 1 37 310
19 42 20 31 -9 34 0 0.00 M M 8.5 17 140 M M 2 25 140
20 54 37 46 7 19 0 0.00 M M 7.2 18 210 M M 2 24 180
21 56 27 42 3 23 0 0.00 M M 10.9 26 330 M M 3 39 330
22 36 21 29 -9 36 0 0.00 M M 4.4 13 310 M M 0 8 19 310
23 52 23 38 0 27 0 0.00 M M 10.3 20 180 M M 0 30 150
24 58 40 49 12 16 0 0.00 M M 13.0 25 200 M M 3 8 32 210
25 43 19 31 -6 34 0 0.00 M M 13.6 23 310 M M 5 37 310
26 38 14 26 -11 39 0 0.00 M M 6.6 15 180 M M 3 20 180
27 60 27 44 8 21 0 T M M 7.9 17 290 M M 2 27 320
28 43 26 35 -1 30 0 0.00 M M 7.7 17 340 M M 0 27 320
29 56 29 43 8 22 0 0.00 M M 10.0 22 200 M M 4 28 190
30 57 34 46 11 19 0 0.00 M M 4.6 13 350 M M 1 8 18 350
================================================================================
SM 1552 933 699 0 0.17 M 267.5 M 94
================================================================================
AV 51.7 31.1 8.9 FASTST M M 3 MAX(MPH)
MISC ----> # 26 270 46 320
================================================================================
NOTES:
# LAST OF SEVERAL OCCURRENCES
COLUMN 17 PEAK WIND IN M.P.H.
PRELIMINARY LOCAL CLIMATOLOGICAL DATA (WS FORM: F-6) , PAGE 2
STATION: BURLINGTON IA
MONTH: NOVEMBER
YEAR: 2021
LATITUDE: 40 46 N
LONGITUDE: 91 7 W
[TEMPERATURE DATA] [PRECIPITATION DATA] SYMBOLS USED IN COLUMN 16
AVERAGE MONTHLY: 41.4 TOTAL FOR MONTH: 0.17 1 = FOG OR MIST
DPTR FM NORMAL: 0.4 DPTR FM NORMAL: -2.12 2 = FOG REDUCING VISIBILITY
HIGHEST: 67 ON 8 GRTST 24HR 0.16 ON 11-11 TO 1/4 MILE OR LESS
LOWEST: 14 ON 26 3 = THUNDER
SNOW, ICE PELLETS, HAIL 4 = ICE PELLETS
TOTAL MONTH: M 5 = HAIL
GRTST 24HR M ON M 6 = FREEZING RAIN OR DRIZZLE
GRTST DEPTH: M ON M 7 = DUSTSTORM OR SANDSTORM:
VSBY 1/2 MILE OR LESS
8 = SMOKE OR HAZE
[NO. OF DAYS WITH] [WEATHER - DAYS WITH] 9 = BLOWING SNOW
X = TORNADO
MAX 32 OR BELOW: 0 0.01 INCH OR MORE: 2
MAX 90 OR ABOVE: 0 0.10 INCH OR MORE: 1
MIN 32 OR BELOW: 18 0.50 INCH OR MORE: 0
MIN 0 OR BELOW: 0 1.00 INCH OR MORE: 0
[HDD (BASE 65) ]
TOTAL THIS MO. 699 CLEAR (SCALE 0-3) 17
DPTR FM NORMAL -20 PTCLDY (SCALE 4-7) 10
TOTAL FM JUL 1 957 CLOUDY (SCALE 8-10) 3
DPTR FM NORMAL -198
[CDD (BASE 65) ]
TOTAL THIS MO. 0
DPTR FM NORMAL -1 [PRESSURE DATA]
TOTAL FM JAN 1 1211 HIGHEST SLP 30.53 ON 19
DPTR FM NORMAL 128 LOWEST SLP 29.53 ON 11
[REMARKS]
#FINAL-11-21#