000
CXUS55 KDVN 011000
CF6BRL
PRELIMINARY LOCAL CLIMATOLOGICAL DATA (WS FORM: F-6)
STATION: BURLINGTON IA
MONTH: AUGUST
YEAR: 2023
LATITUDE: 40 46 N
LONGITUDE: 91 7 W
TEMPERATURE IN F: :PCPN: SNOW: WIND :SUNSHINE: SKY :PK WND
================================================================================
1 2 3 4 5 6A 6B 7 8 9 10 11 12 13 14 15 16 17 18
12Z AVG MX 2MIN
DY MAX MIN AVG DEP HDD CDD WTR SNW DPTH SPD SPD DIR MIN PSBL S-S WX SPD DR
================================================================================
1 85 65 75 0 0 10 0.02 M M 7.5 15 180 M M 2 8 22 170
2 75 70 73 -2 0 8 0.01 M M 5.8 16 150 M M 7 1 22 150
3 82 69 76 1 0 11 0.00 M M 3.9 8 130 M M 7 1 13 150
4 87 66 77 2 0 12 T M M 5.5 14 80 M M 4 1 21 70
5 80 64 72 -3 0 7 6.14 M M 9.6 29 70 M M 6 13 42 80
6 74 63 69 -6 0 4 0.24 M M 4.4 12 120 M M 6 123 16 100
7 79 63 71 -4 0 6 0.39 M M 7.6 18 30 M M 4 1 26 20
8 81 61 71 -4 0 6 0.05 M M 4.0 15 250 M M 2 13 23 240
9 71 60 66 -9 0 1 0.03 M M 3.4 10 210 M M 5 12 15 210
10 82 64 73 -1 0 8 0.00 M M 4.3 12 210 M M 4 12 15 210
11 88 66 77 3 0 12 0.61 M M 7.5 17 260 M M 2 13 26 240
12 84 64 74 0 0 9 0.00 M M 4.3 14 350 M M 1 18 350
13 74 63 69 -5 0 4 0.07 M M 3.2 10 130 M M 4 1 14 140
14 77 63 70 -4 0 5 0.00 M M 6.3 15 290 M M 6 1 26 330
15 77 58 68 -6 0 3 0.00 M M 6.8 15 360 M M 3 1 23 360
16 79 55 67 -7 0 2 0.00 M M 6.7 16 180 M M 0 23 200
17 78 59 69 -5 0 4 0.00 M M 9.3 18 340 M M 2 38 29 310
18 78 53 66 -8 0 1 0.00 M M 5.8 13 150 M M 0 1 20 150
19 87 64 76 2 0 11 0.00 M M 9.2 18 190 M M 0 28 170
20 92 72 82 8 0 17 0.00 M M 5.4 13 40 M M 3 17 50
21 89 74 82 9 0 17 0.00 M M 6.6 13 60 M M 5 18 80
22 91 71 81 8 0 16 0.00 M M 4.2 9 130 M M 2 18 13 130
23 94 77 86 13 0 21 0.00 M M 7.2 15 220 M M 0 18 24 230
24 96 78 87 14 0 22 0.00 M M 8.1 16 230 M M 0 18 24 220
25 94 74 84 11 0 19 0.00 M M 4.7 16 20 M M 2 1 21 10
26 85 64 75 2 0 10 0.00 M M 10.2 21 30 M M 2 18 27 20
27 78 60 69 -3 0 4 0.00 M M 7.8 15 20 M M 2 8 22 20
28 81 57 69 -3 0 4 0.00 M M 2.2 8 170 M M 1 18 12 130
29 86 61 74 2 0 9 0.00 M M 6.9 14 340 M M 1 18 21 340
30 77 58 68 -4 0 3 0.00 M M 6.2 15 40 M M 1 1 22 50
31 77 51 64 -8 1 0 0.00 M M 4.8 10 140 M M 0 15 130
================================================================================
SM 2558 1987 1 266 7.56 M 189.4 M 84
================================================================================
AV 82.5 64.1 6.1 FASTST M M 3 MAX(MPH)
MISC ----> 29 70 42 80
================================================================================
NOTES:
# LAST OF SEVERAL OCCURRENCES
COLUMN 17 PEAK WIND IN M.P.H.
PRELIMINARY LOCAL CLIMATOLOGICAL DATA (WS FORM: F-6) , PAGE 2
STATION: BURLINGTON IA
MONTH: AUGUST
YEAR: 2023
LATITUDE: 40 46 N
LONGITUDE: 91 7 W
[TEMPERATURE DATA] [PRECIPITATION DATA] SYMBOLS USED IN COLUMN 16
AVERAGE MONTHLY: 73.3 TOTAL FOR MONTH: 7.56 1 = FOG OR MIST
DPTR FM NORMAL: -0.5 DPTR FM NORMAL: 3.79 2 = FOG REDUCING VISIBILITY
HIGHEST: 96 ON 24 GRTST 24HR 6.14 ON 5- 5 TO 1/4 MILE OR LESS
LOWEST: 51 ON 31 3 = THUNDER
SNOW, ICE PELLETS, HAIL 4 = ICE PELLETS
TOTAL MONTH: M 5 = HAIL
GRTST 24HR M ON M 6 = FREEZING RAIN OR DRIZZLE
GRTST DEPTH: M ON M 7 = DUSTSTORM OR SANDSTORM:
VSBY 1/2 MILE OR LESS
8 = SMOKE OR HAZE
[NO. OF DAYS WITH] [WEATHER - DAYS WITH] 9 = BLOWING SNOW
X = TORNADO
MAX 32 OR BELOW: 0 0.01 INCH OR MORE: 9
MAX 90 OR ABOVE: 5 0.10 INCH OR MORE: 4
MIN 32 OR BELOW: 0 0.50 INCH OR MORE: 2
MIN 0 OR BELOW: 0 1.00 INCH OR MORE: 1
[HDD (BASE 65) ]
TOTAL THIS MO. 1 CLEAR (SCALE 0-3) 20
DPTR FM NORMAL -3 PTCLDY (SCALE 4-7) 11
TOTAL FM JUL 1 1 CLOUDY (SCALE 8-10) 0
DPTR FM NORMAL -1
[CDD (BASE 65) ]
TOTAL THIS MO. 266
DPTR FM NORMAL -9 [PRESSURE DATA]
TOTAL FM JAN 1 871 HIGHEST SLP M ON M
DPTR FM NORMAL -65 LOWEST SLP 29.71 ON 11
[REMARKS]
#FINAL-08-23#